CREATE TABLE `compra_local` (
  `id_compra_local` bigint(20) UNSIGNED NOT NULL,
  `id_articulo` int(11) NOT NULL,
  `creado_por` int(11) NOT NULL,
  `cantidad_compra` int(11) NOT NULL,
  `precio_compra` double NOT NULL,
  `precio_venta` double NOT NULL,
  `created_at` timestamp NOT NULL DEFAULT CURRENT_TIMESTAMP,
  `updated_at` timestamp NOT NULL DEFAULT CURRENT_TIMESTAMP,
  `deleted_at` timestamp NULL DEFAULT NULL
) ENGINE=InnoDB DEFAULT CHARSET=utf8mb4 COLLATE=utf8mb4_unicode_ci;

-- --------------------------------------------------------

--
-- Estructura de tabla para la tabla `cotizaciones`
--

CREATE TABLE `cotizaciones` (
  `id_cotizacion` int(11) NOT NULL,
  `id_cliente` int(11) DEFAULT NULL,
  `id_vehiculo` int(11) DEFAULT NULL,
  `id_marca` int(11) NOT NULL,
  `id_modelo` int(11) NOT NULL,
  `anio` int(4) NOT NULL,
  `nombre_cliente` varchar(50) NOT NULL,
  `telefono_cliente` varchar(20) DEFAULT NULL,
  `fecha` datetime NOT NULL,
  `observaciones` varchar(255) DEFAULT NULL,
  `cerrada` int(1) NOT NULL DEFAULT '0',
  `sub_total` double NOT NULL,
  `abonos_totales` double NOT NULL DEFAULT '0',
  `saldo` double NOT NULL,
  `iva` double NOT NULL,
  `total_cotizacion` double NOT NULL,
  `created_at` timestamp NOT NULL DEFAULT CURRENT_TIMESTAMP,
  `updated_at` timestamp NOT NULL DEFAULT CURRENT_TIMESTAMP,
  `deleted_at` timestamp NULL DEFAULT NULL
) ENGINE=InnoDB DEFAULT CHARSET=utf8mb4;

--
-- Volcado de datos para la tabla `cotizaciones`
--

INSERT INTO `cotizaciones` (`id_cotizacion`, `id_cliente`, `id_vehiculo`, `id_marca`, `id_modelo`, `anio`, `nombre_cliente`, `telefono_cliente`, `fecha`, `observaciones`, `cerrada`, `sub_total`, `abonos_totales`, `saldo`, `iva`, `total_cotizacion`, `created_at`, `updated_at`, `deleted_at`) VALUES
(1, 1, 1, 1, 1, 2017, 'CLARISA MARIA CRUZ MORICE', '88910158', '2022-03-31 00:00:00', NULL, 1, 950, 0, 1073.5, 123.5, 1073.5, '2022-03-31 20:26:13', '2022-03-31 20:33:44', NULL),
(2, 1, 1, 1, 1, 2017, 'CLARISA MARIA CRUZ MORICE', '88910158', '2022-04-11 00:00:00', NULL, 1, 2200, 0, 2486, 286, 2486, '2022-04-11 21:11:50', '2022-06-09 20:51:44', NULL),
(3, 1, 1, 1, 18, 2017, 'CLARISA MARIA CRUZ MORICE', '88910158', '2022-05-12 00:00:00', NULL, 1, 1950, 0, 2203.5, 253.5, 2203.5, '2022-05-12 21:26:19', '2022-05-24 00:39:32', NULL),
(4, 2, 2, 1, 23, 2013, 'Niels Alberto Cruz Arana', '87189595', '2022-05-20 00:00:00', NULL, 1, 7700, 0, 8701, 1001, 8701, '2022-05-21 01:06:39', '2022-06-09 20:51:44', NULL),
(5, 1, 5, 1, 5, 1988, 'CLARISA MARIA CRUZ MORICE', '88910158', '2022-05-20 00:00:00', NULL, 1, 11050, 0, 12486.5, 1436.5, 12486.5, '2022-05-21 01:16:41', '2022-05-24 00:39:32', NULL),
(6, 1, 1, 1, 18, 2017, 'CLARISA MARIA CRUZ MORICE', '88910158', '2022-05-20 00:00:00', 'Bumper y suspension disponibles para entrega inmediata', 1, 10000, 0, 11300, 1300, 11300, '2022-05-21 02:08:13', '2022-05-21 02:16:02', NULL),
(7, 1, 1, 1, 18, 2017, 'CLARISA MARIA CRUZ MORICE', '88910158', '2022-05-21 00:00:00', NULL, 1, 8250, 0, 9322.5, 1072.5, 9322.5, '2022-05-21 21:48:44', '2022-06-09 20:51:44', NULL),
(8, 1, 1, 1, 18, 2017, 'CLARISA MARIA CRUZ MORICE', '88910158', '2022-05-23 00:00:00', NULL, 1, 1650, 0, 1864.5, 214.5, 1864.5, '2022-05-23 20:40:33', '2022-05-31 00:39:35', NULL),
(9, 1, 1, 1, 18, 2017, 'CLARISA MARIA CRUZ MORICE', '88910158', '2022-05-23 00:00:00', NULL, 1, 5150, 0, 5819.5, 669.5, 5819.5, '2022-05-24 00:35:01', '2022-06-09 20:53:27', NULL),
(10, 3, 7, 5, 110, 2018, 'Miriam Mendoza', '61720729', '2022-05-23 00:00:00', NULL, 1, 10100, 0, 11413, 1313, 11413, '2022-05-24 01:15:36', '2022-06-09 20:54:30', NULL),
(11, 3, 8, 4, 95, 2019, 'Miriam Mendoza', '61720729', '2022-05-23 00:00:00', NULL, 1, 4400, 0, 4972, 572, 4972, '2022-05-24 01:18:03', '2022-06-09 20:51:44', NULL),
(12, 4, 9, 1, 7, 2014, 'Rodolfo Gamboa', '88569942', '2022-05-25 00:00:00', NULL, 1, 2400, 0, 2712, 312, 2712, '2022-05-25 21:27:08', '2022-06-09 20:51:44', NULL),
(13, 4, 9, 1, 7, 2014, 'Rodolfo Gamboa', '88569942', '2022-05-25 00:00:00', NULL, 1, 2300, 0, 2599, 299, 2599, '2022-05-25 21:39:14', '2022-06-09 20:51:44', NULL),
(14, 5, 10, 1, 19, 2022, 'Reynaldo Esteban', '88446655', '2022-05-25 00:00:00', NULL, 1, 2790, 0, 3152.7, 362.7, 3152.7, '2022-05-25 21:47:07', '2022-06-09 20:51:43', NULL),
(15, 2, 4, 1, 22, 1990, 'Niels Alberto Cruz Arana', '87189595', '2022-05-25 00:00:00', NULL, 1, 0, 0, 0, 0, 0, '2022-05-25 22:13:17', '2022-05-31 00:39:35', NULL),
(16, 7, 11, 3, 80, 2006, 'Jose David Shedden', '66557722', '2022-05-25 00:00:00', NULL, 1, 3700, 0, 4181, 481, 4181, '2022-05-25 22:15:15', '2022-06-09 20:51:43', NULL),
(17, 8, 22, 1, 18, 2022, 'Purdy Motor SA', '25209827', '2022-05-25 00:00:00', NULL, 1, 2730, 0, 3084.9, 354.9, 3084.9, '2022-05-25 22:20:31', '2022-06-09 20:51:43', NULL),
(18, 1, 1, 1, 18, 2017, 'CLARISA MARIA CRUZ MORICE', '88910158', '2022-05-30 00:00:00', NULL, 1, 4850, 0, 5480.5, 630.5, 5480.5, '2022-05-31 00:35:26', '2022-05-31 00:39:35', NULL),
(19, 20, 24, 3, 87, 1990, 'Gonzalo Calvo Guier', '83844261', '2022-05-30 00:00:00', NULL, 1, 1650, 0, 1864.5, 214.5, 1864.5, '2022-05-31 00:50:49', '2022-06-09 20:51:43', NULL),
(20, 20, 24, 3, 87, 1990, 'Gonzalo Calvo Guier', '83844261', '2022-05-30 00:00:00', NULL, 1, 1650, 0, 1864.5, 214.5, 1864.5, '2022-05-31 00:54:43', '2022-05-31 00:56:30', NULL),
(21, 21, 25, 3, 88, 2017, 'Juan Diego Herrera', '88649658', '2022-06-15 00:00:00', NULL, 0, 1700, 0, 1921, 221, 1921, '2022-06-15 21:39:28', '2022-06-15 21:39:28', NULL),
(22, 22, 26, 3, 81, 1990, 'Ricardo Mora', '88665544', '2022-06-15 00:00:00', NULL, 0, 2500, 0, 2825, 325, 2825, '2022-06-15 21:43:11', '2022-06-15 21:43:11', NULL),
(23, 23, 27, 1, 2, 2002, 'Danilo Arguedas', '66954855', '2022-06-15 00:00:00', NULL, 0, 1650, 0, 1864.5, 214.5, 1864.5, '2022-06-15 21:46:28', '2022-06-15 21:46:28', NULL),
(24, 24, 28, 1, 7, 2018, 'Juan Geronimo Sanchez', '55996684', '2022-06-15 00:00:00', NULL, 0, 2400, 0, 2712, 312, 2712, '2022-06-15 21:49:41', '2022-06-15 21:49:41', NULL),
(25, 24, 28, 1, 188, 2018, 'Juan Geronimo Sanchez', '55996684', '2022-06-15 00:00:00', NULL, 1, 2400, 0, 2712, 312, 2712, '2022-06-15 21:51:31', '2022-06-25 18:04:29', NULL),
(26, 25, 29, 1, 71, 2008, 'Felipe Rossi', '88542458', '2022-06-15 00:00:00', NULL, 1, 1650, 0, 1864.5, 214.5, 1864.5, '2022-06-16 00:25:08', '2022-06-25 18:04:29', NULL),
(27, 26, 30, 1, 188, 2019, 'William Campos Aguilar', '88556248', '2022-06-15 00:00:00', NULL, 1, 2000, 0, 2260, 260, 2260, '2022-06-16 01:14:11', '2022-06-25 18:04:29', NULL),
(28, 27, 31, 4, 95, 2008, 'Donald Papageorge', '45869575', '2022-06-24 00:00:00', NULL, 1, 1650, 0, 1864.5, 214.5, 1864.5, '2022-06-25 01:19:09', '2022-06-25 18:04:29', NULL),
(29, 28, 32, 3, 93, 2008, 'Francisco Cruz', '55668542', '2022-06-24 00:00:00', NULL, 1, 2250, 0, 2542.5, 292.5, 2542.5, '2022-06-25 01:25:53', '2022-06-25 18:04:29', NULL),
(30, 2, 2, 1, 23, 2013, 'Niels Alberto Cruz Arana', '87189595', '2022-06-24 00:00:00', NULL, 1, 2300, 0, 2599, 299, 2599, '2022-06-25 01:29:14', '2022-06-25 18:04:29', NULL),
(31, 29, 33, 1, 19, 2022, 'Toyo de Occidente', '22438695', '2022-06-24 00:00:00', NULL, 1, 3250, 0, 3672.5, 422.5, 3672.5, '2022-06-25 01:37:13', '2022-06-25 18:04:29', NULL),
(32, 29, 34, 1, 37, 2020, 'Toyo de Occidente', '22438695', '2022-06-24 00:00:00', NULL, 1, 850, 0, 960.5, 110.5, 960.5, '2022-06-25 01:38:19', '2022-06-25 18:04:29', NULL),
(33, 30, 35, 1, 18, 2012, 'Eiter Mata', '88569542', '2022-06-24 00:00:00', NULL, 1, 750, 0, 847.5, 97.5, 847.5, '2022-06-25 01:39:42', '2022-06-25 18:04:29', NULL),
(34, 31, 36, 1, 18, 2018, 'Kenneth Rodriguez', '56985642', '2022-06-24 00:00:00', NULL, 1, 1650, 0, 1864.5, 214.5, 1864.5, '2022-06-25 01:41:31', '2022-06-25 18:04:29', NULL),
(35, 32, 37, 1, 38, 2016, 'Doris', '1405965845', '2022-06-24 00:00:00', NULL, 1, 1650, 0, 1864.5, 214.5, 1864.5, '2022-06-25 01:43:32', '2022-06-25 18:04:29', NULL),
(36, 33, 38, 4, 94, 2020, 'Valeria Campos', '85645215', '2022-06-24 00:00:00', NULL, 1, 1650, 0, 1864.5, 214.5, 1864.5, '2022-06-25 01:44:58', '2022-06-25 18:04:29', NULL),
(37, 34, 39, 1, 2, 2000, 'Raul Mora', '85654295', '2022-06-24 00:00:00', NULL, 1, 1650, 0, 1864.5, 214.5, 1864.5, '2022-06-25 02:37:34', '2022-06-25 18:04:29', NULL),
(38, 8, 40, 1, 37, 2020, 'Purdy Motor SA', '25209827', '2022-06-24 00:00:00', NULL, 1, 405, 0, 457.65, 52.65, 457.65, '2022-06-25 02:54:47', '2022-06-25 18:04:29', NULL),
(39, 35, 41, 1, 28, 2002, 'RANDALL ALFONSO MORA FERNANDEZ', '60506698', '2022-06-27 00:00:00', NULL, 0, 1650, 0, 1864.5, 214.5, 1864.5, '2022-06-28 00:39:58', '2022-06-28 00:39:58', NULL),
(40, 8, NULL, 1, 6, 2022, 'Purdy Motor SA', '25209827', '2022-06-29 00:00:00', NULL, 0, 20350, 0, 22995.5, 2645.5, 22995.5, '2022-06-29 19:47:20', '2022-06-29 19:47:20', NULL),
(41, 36, 43, 1, 4, 1997, 'ARNOLDO GUZMAN WA CHONG', '88808974', '2022-06-29 00:00:00', NULL, 0, 1650, 0, 1864.5, 214.5, 1864.5, '2022-06-29 20:01:33', '2022-06-29 20:01:33', NULL);

-- --------------------------------------------------------

--
-- Estructura de tabla para la tabla `cotizaciones_abonos`
--

CREATE TABLE `cotizaciones_abonos` (
  `id_cotizacion_abono` int(11) NOT NULL,
  `id_cotizacion` int(11) NOT NULL,
  `id_usuario` int(11) NOT NULL,
  `id_medio_pago` int(11) NOT NULL,
  `monto_abono` double NOT NULL,
  `saldo_abono` double NOT NULL,
  `observacion` varchar(255) DEFAULT NULL,
  `id_usuario_anula` int(11) DEFAULT NULL,
  `created_at` timestamp NULL DEFAULT CURRENT_TIMESTAMP,
  `updated_at` timestamp NULL DEFAULT CURRENT_TIMESTAMP,
  `deleted_at` timestamp NULL DEFAULT NULL
) ENGINE=InnoDB DEFAULT CHARSET=utf8mb4;

-- --------------------------------------------------------

--
-- Estructura de tabla para la tabla `cotizaciones_combos`
--

CREATE TABLE `cotizaciones_combos` (
  `id_cotizacion_combo` int(11) NOT NULL,
  `id_cotizacion` int(11) NOT NULL,
  `id_combo` int(11) NOT NULL,
  `cantidad` double NOT NULL DEFAULT '1',
  `precio` double NOT NULL,
  `total` double NOT NULL,
  `created_at` timestamp NOT NULL DEFAULT CURRENT_TIMESTAMP,
  `updated_at` timestamp NOT NULL DEFAULT CURRENT_TIMESTAMP,
  `deleted_at` timestamp NULL DEFAULT NULL
) ENGINE=InnoDB DEFAULT CHARSET=utf8mb4;

--
-- Volcado de datos para la tabla `cotizaciones_combos`
--

INSERT INTO `cotizaciones_combos` (`id_cotizacion_combo`, `id_cotizacion`, `id_combo`, `cantidad`, `precio`, `total`, `created_at`, `updated_at`, `deleted_at`) VALUES
(10, 3, 171, 1, 1650, 1650, '2022-05-12 21:26:19', '2022-05-12 21:26:19', NULL),
(11, 4, 236, 1, 4000, 4000, '2022-05-21 01:06:39', '2022-05-21 01:06:39', NULL),
(12, 5, 81, 1, 2550, 2550, '2022-05-21 01:16:41', '2022-05-21 01:16:41', NULL),
(13, 5, 87, 1, 2300, 2300, '2022-05-21 01:16:41', '2022-05-21 01:16:41', NULL),
(14, 6, 171, 1, 1650, 1650, '2022-05-21 02:08:13', '2022-05-21 02:08:13', NULL),
(15, 6, 176, 1, 1200, 1200, '2022-05-21 02:08:13', '2022-05-21 02:08:13', NULL),
(16, 6, 172, 1, 1900, 1900, '2022-05-21 02:08:13', '2022-05-21 02:08:13', NULL),
(17, 7, 171, 1, 1650, 1650, '2022-05-21 21:48:44', '2022-05-21 21:48:44', NULL),
(18, 7, 174, 1, 2000, 2000, '2022-05-21 21:48:44', '2022-05-21 21:48:44', NULL),
(19, 8, 171, 1, 1650, 1650, '2022-05-23 20:40:33', '2022-05-23 20:40:33', NULL),
(20, 9, 171, 1, 1650, 1650, '2022-05-24 00:35:01', '2022-05-24 00:35:01', NULL),
(21, 10, 497, 1, 4400, 4400, '2022-05-24 01:15:36', '2022-05-24 01:15:36', NULL),
(22, 11, 441, 1, 1650, 1650, '2022-05-24 01:18:03', '2022-05-24 01:18:03', NULL),
(23, 12, 99, 1, 2400, 2400, '2022-05-25 21:27:08', '2022-05-25 21:27:08', NULL),
(24, 13, 99, 1, 2300, 2300, '2022-05-25 21:39:14', '2022-05-25 21:39:14', NULL),
(25, 14, 179, 1, 2790, 2790, '2022-05-25 21:47:07', '2022-05-25 21:47:07', NULL),
(26, 16, 352, 1, 3700, 3700, '2022-05-25 22:15:15', '2022-05-25 22:15:15', NULL),
(27, 18, 169, 1, 2300, 2300, '2022-05-31 00:35:26', '2022-05-31 00:35:26', NULL),
(28, 18, 171, 1, 1650, 1650, '2022-05-31 00:35:26', '2022-05-31 00:35:26', NULL),
(29, 19, 407, 1, 1650, 1650, '2022-05-31 00:50:49', '2022-05-31 00:50:49', NULL),
(30, 20, 407, 1, 1650, 1650, '2022-05-31 00:54:43', '2022-05-31 00:54:43', NULL),
(31, 21, 410, 1, 1700, 1700, '2022-06-15 21:39:28', '2022-06-15 21:39:28', NULL),
(32, 22, 376, 1, 2500, 2500, '2022-06-15 21:43:11', '2022-06-15 21:43:11', NULL),
(33, 23, 47, 1, 1650, 1650, '2022-06-15 21:46:28', '2022-06-15 21:46:28', NULL),
(34, 24, 99, 1, 2400, 2400, '2022-06-15 21:49:41', '2022-06-15 21:49:41', NULL),
(35, 25, 112, 1, 2400, 2400, '2022-06-15 21:51:31', '2022-06-15 21:51:31', NULL),
(36, 26, 297, 1, 1650, 1650, '2022-06-16 00:25:08', '2022-06-16 00:25:08', NULL),
(37, 27, 118, 1, 2000, 2000, '2022-06-16 01:14:11', '2022-06-16 01:14:11', NULL),
(38, 28, 441, 1, 1650, 1650, '2022-06-25 01:19:09', '2022-06-25 01:19:09', NULL),
(39, 31, 186, 1, 2400, 2400, '2022-06-25 01:37:13', '2022-06-25 01:37:13', NULL),
(40, 34, 171, 1, 1650, 1650, '2022-06-25 01:41:31', '2022-06-25 01:41:31', NULL),
(41, 35, 281, 1, 1650, 1650, '2022-06-25 01:43:32', '2022-06-25 01:43:32', NULL),
(42, 36, 429, 1, 1650, 1650, '2022-06-25 01:44:58', '2022-06-25 01:44:58', NULL),
(43, 37, 47, 1, 1650, 1650, '2022-06-25 02:37:34', '2022-06-25 02:37:34', NULL),
(44, 38, 250, 1, 405, 405, '2022-06-25 02:54:47', '2022-06-25 02:54:47', NULL),
(45, 39, 238, 1, 1650, 1650, '2022-06-28 00:39:58', '2022-06-28 00:39:58', NULL),
(46, 40, 92, 1, 2400, 2400, '2022-06-29 19:47:20', '2022-06-29 19:47:20', NULL),
(47, 40, 93, 1, 4400, 4400, '2022-06-29 19:47:20', '2022-06-29 19:47:20', NULL),
(48, 40, 97, 1, 1400, 1400, '2022-06-29 19:47:20', '2022-06-29 19:47:20', NULL),
(49, 40, 95, 1, 1300, 1300, '2022-06-29 19:47:20', '2022-06-29 19:47:20', NULL),
(50, 41, 69, 1, 1650, 1650, '2022-06-29 20:01:33', '2022-06-29 20:01:33', NULL);

-- --------------------------------------------------------

--
-- Estructura de tabla para la tabla `cotizaciones_combos_partes`
--

CREATE TABLE `cotizaciones_combos_partes` (
  `id_cotizacion_combo_parte` int(11) NOT NULL,
  `id_cotizacion_combo` int(11) NOT NULL,
  `id_parte` int(11) NOT NULL,
  `id_orden_compra_detalle` int(11) DEFAULT NULL,
  `cantidad` double NOT NULL,
  `detalle_cerrado` int(1) NOT NULL DEFAULT '0',
  `created_at` timestamp NOT NULL DEFAULT CURRENT_TIMESTAMP,
  `updated_at` timestamp NOT NULL DEFAULT CURRENT_TIMESTAMP,
  `deleted_at` timestamp NULL DEFAULT NULL
) ENGINE=InnoDB DEFAULT CHARSET=utf8mb4;

--
-- Volcado de datos para la tabla `cotizaciones_combos_partes`
--

INSERT INTO `cotizaciones_combos_partes` (`id_cotizacion_combo_parte`, `id_cotizacion_combo`, `id_parte`, `id_orden_compra_detalle`, `cantidad`, `detalle_cerrado`, `created_at`, `updated_at`, `deleted_at`) VALUES
(24, 10, 826, 5, 1, 1, '2022-05-12 21:26:19', '2022-05-12 21:32:18', NULL),
(25, 10, 827, 6, 1, 1, '2022-05-12 21:26:19', '2022-05-12 21:32:18', NULL),
(26, 10, 830, 48, 2, 1, '2022-05-12 21:26:19', '2022-05-24 00:39:32', NULL),
(27, 10, 832, 49, 2, 1, '2022-05-12 21:26:19', '2022-05-24 00:39:32', NULL),
(28, 10, 833, 7, 1, 1, '2022-05-12 21:26:19', '2022-05-12 21:32:18', NULL),
(29, 11, 1175, 113, 1, 1, '2022-05-21 01:06:39', '2022-06-09 20:51:44', NULL),
(30, 11, 1176, 114, 1, 1, '2022-05-21 01:06:39', '2022-06-09 20:51:44', NULL),
(31, 11, 1177, 115, 1, 1, '2022-05-21 01:06:39', '2022-06-09 20:51:44', NULL),
(32, 11, 1178, 116, 1, 1, '2022-05-21 01:06:39', '2022-06-09 20:51:44', NULL),
(33, 11, 1179, 117, 2, 1, '2022-05-21 01:06:39', '2022-06-09 20:51:44', NULL),
(34, 11, 1180, 118, 1, 1, '2022-05-21 01:06:39', '2022-06-09 20:51:44', NULL),
(35, 12, 294, 12, 2, 1, '2022-05-21 01:16:41', '2022-05-21 01:20:40', NULL),
(36, 12, 297, 13, 2, 1, '2022-05-21 01:16:41', '2022-05-21 01:20:40', NULL),
(37, 12, 299, 14, 4, 1, '2022-05-21 01:16:41', '2022-05-21 01:20:40', NULL),
(38, 12, 300, 15, 4, 1, '2022-05-21 01:16:41', '2022-05-21 01:20:40', NULL),
(39, 12, 301, 16, 1, 1, '2022-05-21 01:16:41', '2022-05-21 01:20:40', NULL),
(40, 12, 302, 17, 2, 1, '2022-05-21 01:16:41', '2022-05-21 01:20:40', NULL),
(41, 12, 303, 18, 1, 1, '2022-05-21 01:16:41', '2022-05-21 01:20:40', NULL),
(42, 12, 304, 19, 1, 1, '2022-05-21 01:16:41', '2022-05-21 01:20:40', NULL),
(43, 12, 305, 20, 1, 1, '2022-05-21 01:16:41', '2022-05-21 01:20:40', NULL),
(44, 12, 307, 21, 2, 1, '2022-05-21 01:16:41', '2022-05-21 01:20:40', NULL),
(45, 12, 308, 22, 4, 1, '2022-05-21 01:16:41', '2022-05-21 01:20:40', NULL),
(46, 12, 309, 23, 1, 1, '2022-05-21 01:16:41', '2022-05-21 01:20:40', NULL),
(47, 13, 328, 47, 1, 1, '2022-05-21 01:16:41', '2022-05-24 00:39:32', NULL),
(48, 14, 828, 29, 1, 1, '2022-05-21 02:08:13', '2022-05-21 02:16:02', NULL),
(49, 14, 830, 30, 2, 1, '2022-05-21 02:08:13', '2022-05-21 02:16:02', NULL),
(50, 14, 831, 31, 1, 1, '2022-05-21 02:08:13', '2022-05-21 02:16:02', NULL),
(51, 14, 832, 32, 2, 1, '2022-05-21 02:08:13', '2022-05-21 02:16:02', NULL),
(52, 15, 845, 33, 1, 1, '2022-05-21 02:08:13', '2022-05-21 02:16:02', NULL),
(53, 16, 836, 34, 1, 1, '2022-05-21 02:08:13', '2022-05-21 02:16:02', NULL),
(54, 17, 828, 37, 1, 1, '2022-05-21 21:48:44', '2022-05-21 21:50:37', NULL),
(55, 17, 830, 38, 2, 1, '2022-05-21 21:48:44', '2022-05-21 21:50:37', NULL),
(56, 17, 831, 39, 1, 1, '2022-05-21 21:48:44', '2022-05-21 21:50:37', NULL),
(57, 17, 832, 40, 2, 1, '2022-05-21 21:48:44', '2022-05-21 21:50:37', NULL),
(58, 18, 841, 41, 1, 1, '2022-05-21 21:48:44', '2022-05-21 21:50:38', NULL),
(59, 19, 826, 60, 1, 1, '2022-05-23 20:40:33', '2022-05-31 00:39:35', NULL),
(60, 19, 829, 61, 1, 1, '2022-05-23 20:40:33', '2022-05-31 00:39:35', NULL),
(61, 19, 830, 62, 2, 1, '2022-05-23 20:40:33', '2022-05-31 00:39:35', NULL),
(62, 19, 831, 63, 1, 1, '2022-05-23 20:40:33', '2022-05-31 00:39:35', NULL),
(63, 19, 832, 64, 2, 1, '2022-05-23 20:40:33', '2022-05-31 00:39:35', NULL),
(64, 19, 833, 65, 1, 1, '2022-05-23 20:40:33', '2022-05-31 00:39:35', NULL),
(65, 20, 828, 43, 1, 1, '2022-05-24 00:35:01', '2022-05-24 00:39:32', NULL),
(66, 20, 830, 44, 2, 1, '2022-05-24 00:35:01', '2022-05-24 00:39:32', NULL),
(67, 20, 831, 45, 1, 1, '2022-05-24 00:35:01', '2022-05-24 00:39:32', NULL),
(68, 20, 832, 46, 2, 1, '2022-05-24 00:35:01', '2022-05-24 00:39:32', NULL),
(69, 21, 2686, 125, 1, 1, '2022-05-24 01:15:36', '2022-06-09 20:54:30', NULL),
(70, 21, 2687, 126, 1, 1, '2022-05-24 01:15:36', '2022-06-09 20:54:30', NULL),
(71, 21, 2688, 127, 1, 1, '2022-05-24 01:15:36', '2022-06-09 20:54:30', NULL),
(72, 21, 2689, 128, 2, 1, '2022-05-24 01:15:36', '2022-06-09 20:54:30', NULL),
(73, 21, 2690, 129, 1, 1, '2022-05-24 01:15:36', '2022-06-09 20:54:30', NULL),
(74, 21, 2691, 130, 2, 1, '2022-05-24 01:15:36', '2022-06-09 20:54:30', NULL),
(75, 21, 2692, 131, 4, 1, '2022-05-24 01:15:36', '2022-06-09 20:54:30', NULL),
(76, 21, 2693, 132, 1, 1, '2022-05-24 01:15:36', '2022-06-09 20:54:30', NULL),
(77, 21, 2694, 133, 1, 1, '2022-05-24 01:15:36', '2022-06-09 20:54:30', NULL),
(78, 21, 2697, 134, 1, 1, '2022-05-24 01:15:36', '2022-06-09 20:54:30', NULL),
(79, 22, 2380, 105, 1, 1, '2022-05-24 01:18:03', '2022-06-09 20:51:44', NULL),
(80, 22, 2385, 106, 2, 1, '2022-05-24 01:18:03', '2022-06-09 20:51:44', NULL),
(81, 22, 2386, 107, 1, 1, '2022-05-24 01:18:03', '2022-06-09 20:51:44', NULL),
(82, 22, 2387, 108, 2, 1, '2022-05-24 01:18:03', '2022-06-09 20:51:44', NULL),
(83, 23, 407, 94, 1, 1, '2022-05-25 21:27:08', '2022-06-09 20:51:44', NULL),
(84, 23, 409, 95, 2, 1, '2022-05-25 21:27:08', '2022-06-09 20:51:44', NULL),
(85, 23, 410, 96, 2, 1, '2022-05-25 21:27:08', '2022-06-09 20:51:44', NULL),
(86, 23, 412, 97, 2, 1, '2022-05-25 21:27:08', '2022-06-09 20:51:44', NULL),
(87, 23, 413, 98, 1, 1, '2022-05-25 21:27:08', '2022-06-09 20:51:44', NULL),
(88, 23, 414, 99, 1, 1, '2022-05-25 21:27:08', '2022-06-09 20:51:44', NULL),
(89, 23, 415, 100, 2, 1, '2022-05-25 21:27:08', '2022-06-09 20:51:44', NULL),
(90, 23, 416, 101, 4, 1, '2022-05-25 21:27:08', '2022-06-09 20:51:44', NULL),
(91, 23, 418, 102, 1, 1, '2022-05-25 21:27:08', '2022-06-09 20:51:44', NULL),
(92, 24, 407, 85, 1, 1, '2022-05-25 21:39:14', '2022-06-09 20:51:43', NULL),
(93, 24, 409, 86, 2, 1, '2022-05-25 21:39:14', '2022-06-09 20:51:43', NULL),
(94, 24, 410, 87, 2, 1, '2022-05-25 21:39:14', '2022-06-09 20:51:43', NULL),
(95, 24, 412, 88, 2, 1, '2022-05-25 21:39:14', '2022-06-09 20:51:43', NULL),
(96, 24, 413, 89, 1, 1, '2022-05-25 21:39:14', '2022-06-09 20:51:43', NULL),
(97, 24, 414, 90, 1, 1, '2022-05-25 21:39:14', '2022-06-09 20:51:43', NULL),
(98, 24, 415, 91, 2, 1, '2022-05-25 21:39:14', '2022-06-09 20:51:43', NULL),
(99, 24, 416, 92, 4, 1, '2022-05-25 21:39:14', '2022-06-09 20:51:44', NULL),
(100, 24, 418, 93, 1, 1, '2022-05-25 21:39:14', '2022-06-09 20:51:44', NULL),
(101, 25, 860, 83, 1, 1, '2022-05-25 21:47:07', '2022-06-09 20:51:43', NULL),
(102, 25, 861, 84, 1, 1, '2022-05-25 21:47:07', '2022-06-09 20:51:43', NULL),
(103, 26, 1855, 76, 1, 1, '2022-05-25 22:15:15', '2022-06-09 20:51:43', NULL),
(104, 26, 1857, 77, 2, 1, '2022-05-25 22:15:15', '2022-06-09 20:51:43', NULL),
(105, 26, 1858, 78, 1, 1, '2022-05-25 22:15:15', '2022-06-09 20:51:43', NULL),
(106, 26, 1859, 79, 1, 1, '2022-05-25 22:15:15', '2022-06-09 20:51:43', NULL),
(107, 26, 1860, 80, 1, 1, '2022-05-25 22:15:15', '2022-06-09 20:51:43', NULL),
(108, 26, 1861, 81, 2, 1, '2022-05-25 22:15:15', '2022-06-09 20:51:43', NULL),
(109, 26, 1862, 82, 1, 1, '2022-05-25 22:15:15', '2022-06-09 20:51:43', NULL),
(110, 27, 820, 50, 1, 1, '2022-05-31 00:35:26', '2022-05-31 00:38:10', NULL),
(111, 27, 821, 51, 1, 1, '2022-05-31 00:35:26', '2022-05-31 00:38:10', NULL),
(112, 28, 826, 52, 1, 1, '2022-05-31 00:35:26', '2022-05-31 00:38:10', NULL),
(113, 28, 828, 53, 1, 1, '2022-05-31 00:35:26', '2022-05-31 00:38:10', NULL),
(114, 28, 830, 54, 2, 1, '2022-05-31 00:35:26', '2022-05-31 00:38:10', NULL),
(115, 28, 831, 55, 1, 1, '2022-05-31 00:35:26', '2022-05-31 00:38:10', NULL),
(116, 28, 832, 56, 2, 1, '2022-05-31 00:35:26', '2022-05-31 00:38:10', NULL),
(117, 28, 833, 57, 1, 1, '2022-05-31 00:35:26', '2022-05-31 00:38:10', NULL),
(118, 29, 2158, 71, 2, 1, '2022-05-31 00:50:49', '2022-06-09 20:51:43', NULL),
(119, 29, 2159, 72, 1, 1, '2022-05-31 00:50:49', '2022-06-09 20:51:43', NULL),
(120, 29, 2160, 73, 1, 1, '2022-05-31 00:50:49', '2022-06-09 20:51:43', NULL),
(121, 29, 2161, 74, 2, 1, '2022-05-31 00:50:49', '2022-06-09 20:51:43', NULL),
(122, 30, 2158, 66, 2, 1, '2022-05-31 00:54:43', '2022-05-31 00:56:30', NULL),
(123, 30, 2159, 67, 1, 1, '2022-05-31 00:54:43', '2022-05-31 00:56:30', NULL),
(124, 30, 2160, 68, 1, 1, '2022-05-31 00:54:43', '2022-05-31 00:56:30', NULL),
(125, 30, 2161, 69, 2, 1, '2022-05-31 00:54:43', '2022-05-31 00:56:30', NULL),
(126, 30, 2162, 70, 2, 1, '2022-05-31 00:54:43', '2022-05-31 00:56:30', NULL),
(127, 31, 2187, NULL, 1, 0, '2022-06-15 21:39:28', '2022-06-15 21:39:28', NULL),
(128, 31, 2190, NULL, 2, 0, '2022-06-15 21:39:28', '2022-06-15 21:39:28', NULL),
(129, 31, 2191, NULL, 1, 0, '2022-06-15 21:39:28', '2022-06-15 21:39:28', NULL),
(130, 31, 2192, NULL, 2, 0, '2022-06-15 21:39:28', '2022-06-15 21:39:28', NULL),
(131, 31, 2193, NULL, 1, 0, '2022-06-15 21:39:28', '2022-06-15 21:39:28', NULL),
(132, 32, 2014, NULL, 2, 0, '2022-06-15 21:43:11', '2022-06-15 21:43:11', NULL),
(133, 32, 2016, NULL, 2, 0, '2022-06-15 21:43:11', '2022-06-15 21:43:11', NULL),
(134, 32, 2017, NULL, 2, 0, '2022-06-15 21:43:11', '2022-06-15 21:43:11', NULL),
(135, 32, 2018, NULL, 1, 0, '2022-06-15 21:43:11', '2022-06-15 21:43:11', NULL),
(136, 32, 2019, NULL, 1, 0, '2022-06-15 21:43:11', '2022-06-15 21:43:11', NULL),
(137, 32, 2020, NULL, 1, 0, '2022-06-15 21:43:11', '2022-06-15 21:43:11', NULL),
(138, 32, 2021, NULL, 1, 0, '2022-06-15 21:43:11', '2022-06-15 21:43:11', NULL),
(139, 32, 2022, NULL, 1, 0, '2022-06-15 21:43:11', '2022-06-15 21:43:11', NULL),
(140, 32, 2023, NULL, 2, 0, '2022-06-15 21:43:11', '2022-06-15 21:43:11', NULL),
(141, 32, 2024, NULL, 2, 0, '2022-06-15 21:43:11', '2022-06-15 21:43:11', NULL),
(142, 32, 2025, NULL, 1, 0, '2022-06-15 21:43:11', '2022-06-15 21:43:11', NULL),
(143, 32, 2026, NULL, 1, 0, '2022-06-15 21:43:11', '2022-06-15 21:43:11', NULL),
(144, 32, 2027, NULL, 4, 0, '2022-06-15 21:43:11', '2022-06-15 21:43:11', NULL),
(145, 33, 169, NULL, 1, 0, '2022-06-15 21:46:28', '2022-06-15 21:46:28', NULL),
(146, 33, 170, NULL, 1, 0, '2022-06-15 21:46:28', '2022-06-15 21:46:28', NULL),
(147, 33, 172, NULL, 2, 0, '2022-06-15 21:46:28', '2022-06-15 21:46:28', NULL),
(148, 33, 174, NULL, 2, 0, '2022-06-15 21:46:28', '2022-06-15 21:46:28', NULL),
(149, 34, 407, NULL, 1, 0, '2022-06-15 21:49:41', '2022-06-15 21:49:41', NULL),
(150, 34, 409, NULL, 2, 0, '2022-06-15 21:49:41', '2022-06-15 21:49:41', NULL),
(151, 34, 410, NULL, 2, 0, '2022-06-15 21:49:41', '2022-06-15 21:49:41', NULL),
(152, 34, 412, NULL, 2, 0, '2022-06-15 21:49:41', '2022-06-15 21:49:41', NULL),
(153, 34, 413, NULL, 1, 0, '2022-06-15 21:49:41', '2022-06-15 21:49:41', NULL),
(154, 34, 414, NULL, 1, 0, '2022-06-15 21:49:41', '2022-06-15 21:49:41', NULL),
(155, 34, 415, NULL, 2, 0, '2022-06-15 21:49:41', '2022-06-15 21:49:41', NULL),
(156, 34, 416, NULL, 4, 0, '2022-06-15 21:49:41', '2022-06-15 21:49:41', NULL),
(157, 34, 418, NULL, 1, 0, '2022-06-15 21:49:41', '2022-06-15 21:49:41', NULL),
(158, 35, 472, 135, 1, 1, '2022-06-15 21:51:31', '2022-06-25 18:04:29', NULL),
(159, 35, 474, 136, 2, 1, '2022-06-15 21:51:31', '2022-06-25 18:04:29', NULL),
(160, 35, 475, 137, 2, 1, '2022-06-15 21:51:31', '2022-06-25 18:04:29', NULL),
(161, 35, 477, 138, 2, 1, '2022-06-15 21:51:31', '2022-06-25 18:04:29', NULL),
(162, 35, 478, 139, 1, 1, '2022-06-15 21:51:31', '2022-06-25 18:04:29', NULL),
(163, 35, 479, 140, 1, 1, '2022-06-15 21:51:31', '2022-06-25 18:04:29', NULL),
(164, 35, 480, 141, 2, 1, '2022-06-15 21:51:31', '2022-06-25 18:04:29', NULL),
(165, 35, 481, 142, 4, 1, '2022-06-15 21:51:31', '2022-06-25 18:04:29', NULL),
(166, 35, 483, 143, 1, 1, '2022-06-15 21:51:31', '2022-06-25 18:04:29', NULL),
(167, 36, 1545, 144, 1, 1, '2022-06-16 00:25:08', '2022-06-25 18:04:29', NULL),
(168, 36, 1547, 145, 2, 1, '2022-06-16 00:25:08', '2022-06-25 18:04:29', NULL),
(169, 36, 1548, 146, 1, 1, '2022-06-16 00:25:08', '2022-06-25 18:04:29', NULL),
(170, 36, 1549, 147, 2, 1, '2022-06-16 00:25:08', '2022-06-25 18:04:29', NULL),
(171, 37, 516, 148, 1, 1, '2022-06-16 01:14:11', '2022-06-25 18:04:29', NULL),
(172, 37, 517, 149, 1, 1, '2022-06-16 01:14:11', '2022-06-25 18:04:29', NULL),
(173, 38, 2379, 150, 1, 1, '2022-06-25 01:19:09', '2022-06-25 18:04:29', NULL),
(174, 38, 2385, 151, 2, 1, '2022-06-25 01:19:09', '2022-06-25 18:04:29', NULL),
(175, 38, 2386, 152, 1, 1, '2022-06-25 01:19:09', '2022-06-25 18:04:29', NULL),
(176, 38, 2387, 153, 2, 1, '2022-06-25 01:19:09', '2022-06-25 18:04:29', NULL),
(177, 39, 884, 158, 1, 1, '2022-06-25 01:37:13', '2022-06-25 18:04:29', NULL),
(178, 39, 887, 159, 2, 1, '2022-06-25 01:37:13', '2022-06-25 18:04:29', NULL),
(179, 39, 889, 160, 2, 1, '2022-06-25 01:37:13', '2022-06-25 18:04:29', NULL),
(180, 39, 890, 161, 2, 1, '2022-06-25 01:37:13', '2022-06-25 18:04:29', NULL),
(181, 39, 891, 162, 2, 1, '2022-06-25 01:37:13', '2022-06-25 18:04:29', NULL),
(182, 39, 892, 163, 4, 1, '2022-06-25 01:37:13', '2022-06-25 18:04:29', NULL),
(183, 39, 893, 164, 1, 1, '2022-06-25 01:37:13', '2022-06-25 18:04:29', NULL),
(184, 39, 894, 165, 1, 1, '2022-06-25 01:37:13', '2022-06-25 18:04:29', NULL),
(185, 40, 827, 168, 1, 1, '2022-06-25 01:41:31', '2022-06-25 18:04:29', NULL),
(186, 40, 830, 169, 2, 1, '2022-06-25 01:41:31', '2022-06-25 18:04:29', NULL),
(187, 40, 831, 170, 1, 1, '2022-06-25 01:41:31', '2022-06-25 18:04:29', NULL),
(188, 40, 832, 171, 2, 1, '2022-06-25 01:41:31', '2022-06-25 18:04:29', NULL),
(189, 41, 1468, 172, 1, 1, '2022-06-25 01:43:32', '2022-06-25 18:04:29', NULL),
(190, 41, 1471, 173, 2, 1, '2022-06-25 01:43:32', '2022-06-25 18:04:29', NULL),
(191, 41, 1472, 174, 1, 1, '2022-06-25 01:43:32', '2022-06-25 18:04:29', NULL),
(192, 41, 1473, 175, 2, 1, '2022-06-25 01:43:32', '2022-06-25 18:04:29', NULL),
(193, 42, 2313, 176, 1, 1, '2022-06-25 01:44:58', '2022-06-25 18:04:29', NULL),
(194, 42, 2315, 177, 2, 1, '2022-06-25 01:44:58', '2022-06-25 18:04:29', NULL),
(195, 42, 2316, 178, 1, 1, '2022-06-25 01:44:58', '2022-06-25 18:04:29', NULL),
(196, 42, 2317, 179, 2, 1, '2022-06-25 01:44:58', '2022-06-25 18:04:29', NULL),
(197, 43, 168, 180, 1, 1, '2022-06-25 02:37:34', '2022-06-25 18:04:29', NULL),
(198, 43, 170, 181, 1, 1, '2022-06-25 02:37:34', '2022-06-25 18:04:29', NULL),
(199, 43, 173, 182, 2, 1, '2022-06-25 02:37:34', '2022-06-25 18:04:29', NULL),
(200, 43, 174, 183, 2, 1, '2022-06-25 02:37:34', '2022-06-25 18:04:29', NULL),
(201, 44, 1287, 184, 2, 1, '2022-06-25 02:54:47', '2022-06-25 18:04:29', NULL),
(202, 44, 1290, 185, 2, 1, '2022-06-25 02:54:47', '2022-06-25 18:04:29', NULL),
(203, 45, 1192, NULL, 1, 0, '2022-06-28 00:39:58', '2022-06-28 00:39:58', NULL),
(204, 45, 1194, NULL, 2, 0, '2022-06-28 00:39:58', '2022-06-28 00:39:58', NULL),
(205, 45, 1195, NULL, 1, 0, '2022-06-28 00:39:58', '2022-06-28 00:39:58', NULL),
(206, 45, 1196, NULL, 2, 0, '2022-06-28 00:39:58', '2022-06-28 00:39:58', NULL),
(207, 46, 350, NULL, 1, 0, '2022-06-29 19:47:20', '2022-06-29 19:47:20', NULL),
(208, 46, 352, NULL, 2, 0, '2022-06-29 19:47:20', '2022-06-29 19:47:20', NULL),
(209, 46, 353, NULL, 2, 0, '2022-06-29 19:47:20', '2022-06-29 19:47:20', NULL),
(210, 46, 355, NULL, 2, 0, '2022-06-29 19:47:20', '2022-06-29 19:47:20', NULL),
(211, 46, 357, NULL, 1, 0, '2022-06-29 19:47:20', '2022-06-29 19:47:20', NULL),
(212, 46, 358, NULL, 1, 0, '2022-06-29 19:47:20', '2022-06-29 19:47:20', NULL),
(213, 46, 359, NULL, 2, 0, '2022-06-29 19:47:20', '2022-06-29 19:47:20', NULL),
(214, 46, 360, NULL, 4, 0, '2022-06-29 19:47:20', '2022-06-29 19:47:20', NULL),
(215, 46, 362, NULL, 1, 0, '2022-06-29 19:47:20', '2022-06-29 19:47:20', NULL),
(216, 47, 364, NULL, 1, 0, '2022-06-29 19:47:20', '2022-06-29 19:47:20', NULL),
(217, 47, 366, NULL, 2, 0, '2022-06-29 19:47:20', '2022-06-29 19:47:20', NULL),
(218, 47, 367, NULL, 1, 0, '2022-06-29 19:47:20', '2022-06-29 19:47:20', NULL),
(219, 47, 368, NULL, 2, 0, '2022-06-29 19:47:20', '2022-06-29 19:47:20', NULL),
(220, 47, 369, NULL, 2, 0, '2022-06-29 19:47:20', '2022-06-29 19:47:20', NULL),
(221, 47, 370, NULL, 1, 0, '2022-06-29 19:47:20', '2022-06-29 19:47:20', NULL),
(222, 47, 372, NULL, 1, 0, '2022-06-29 19:47:20', '2022-06-29 19:47:20', NULL),
(223, 47, 373, NULL, 1, 0, '2022-06-29 19:47:20', '2022-06-29 19:47:20', NULL),
(224, 47, 374, NULL, 2, 0, '2022-06-29 19:47:20', '2022-06-29 19:47:20', NULL),
(225, 47, 375, NULL, 4, 0, '2022-06-29 19:47:20', '2022-06-29 19:47:20', NULL),
(226, 47, 377, NULL, 1, 0, '2022-06-29 19:47:20', '2022-06-29 19:47:20', NULL),
(227, 48, 397, NULL, 1, 0, '2022-06-29 19:47:20', '2022-06-29 19:47:20', NULL),
(228, 49, 392, NULL, 1, 0, '2022-06-29 19:47:20', '2022-06-29 19:47:20', NULL),
(229, 49, 393, NULL, 1, 0, '2022-06-29 19:47:20', '2022-06-29 19:47:20', NULL),
(230, 50, 244, NULL, 1, 0, '2022-06-29 20:01:33', '2022-06-29 20:01:33', NULL),
(231, 50, 246, NULL, 1, 0, '2022-06-29 20:01:33', '2022-06-29 20:01:33', NULL),
(232, 50, 247, NULL, 1, 0, '2022-06-29 20:01:33', '2022-06-29 20:01:33', NULL),
(233, 50, 248, NULL, 2, 0, '2022-06-29 20:01:33', '2022-06-29 20:01:33', NULL),
(234, 50, 250, NULL, 2, 0, '2022-06-29 20:01:33', '2022-06-29 20:01:33', NULL);

-- --------------------------------------------------------

--
-- Estructura de tabla para la tabla `cotizaciones_detalles`
--

CREATE TABLE `cotizaciones_detalles` (
  `id_cotizacion_detalle` int(11) NOT NULL,
  `id_cotizacion` int(11) NOT NULL,
  `id_parte` int(11) NOT NULL,
  `id_orden_compra_detalle` int(11) DEFAULT NULL,
  `cantidad` double NOT NULL DEFAULT '1',
  `precio` double NOT NULL,
  `total` double NOT NULL,
  `detalle_cerrado` int(1) NOT NULL DEFAULT '0',
  `created_at` timestamp NOT NULL DEFAULT CURRENT_TIMESTAMP,
  `updated_at` timestamp NOT NULL DEFAULT CURRENT_TIMESTAMP,
  `deleted_at` timestamp NULL DEFAULT NULL
) ENGINE=InnoDB DEFAULT CHARSET=utf8mb4;

--
-- Volcado de datos para la tabla `cotizaciones_detalles`
--

INSERT INTO `cotizaciones_detalles` (`id_cotizacion_detalle`, `id_cotizacion`, `id_parte`, `id_orden_compra_detalle`, `cantidad`, `precio`, `total`, `detalle_cerrado`, `created_at`, `updated_at`, `deleted_at`) VALUES
(1, 1, 46, 2, 1, 950, 950, 1, '2022-03-31 20:26:13', '2022-03-31 20:33:44', NULL),
(2, 2, 78, 119, 1, 2200, 2200, 1, '2022-04-11 21:11:50', '2022-06-09 20:51:44', NULL),
(3, 3, 828, 4, 1, 300, 300, 1, '2022-05-12 21:26:19', '2022-05-12 21:32:18', NULL),
(4, 4, 1158, 110, 1, 2100, 2100, 1, '2022-05-21 01:06:39', '2022-06-09 20:51:44', NULL),
(5, 4, 1214, 111, 1, 850, 850, 1, '2022-05-21 01:06:39', '2022-06-09 20:51:44', NULL),
(6, 4, 1220, 112, 1, 750, 750, 1, '2022-05-21 01:06:39', '2022-06-09 20:51:44', NULL),
(7, 5, 290, 8, 1, 1600, 1600, 1, '2022-05-21 01:16:41', '2022-05-21 01:20:40', NULL),
(8, 5, 291, 9, 1, 2800, 2800, 1, '2022-05-21 01:16:41', '2022-05-21 01:20:40', NULL),
(9, 5, 310, 10, 1, 700, 700, 1, '2022-05-21 01:16:41', '2022-05-21 01:20:40', NULL),
(10, 5, 311, 11, 1, 1100, 1100, 1, '2022-05-21 01:16:41', '2022-05-21 01:20:40', NULL),
(11, 6, 819, 24, 1, 2600, 2600, 1, '2022-05-21 02:08:13', '2022-05-21 02:16:02', NULL),
(12, 6, 834, 25, 1, 900, 900, 1, '2022-05-21 02:08:13', '2022-05-21 02:16:02', NULL),
(13, 6, 839, 26, 1, 1100, 1100, 1, '2022-05-21 02:08:13', '2022-05-21 02:16:02', NULL),
(14, 6, 848, 27, 1, 400, 400, 1, '2022-05-21 02:08:13', '2022-05-21 02:16:02', NULL),
(15, 6, 824, 28, 1, 250, 250, 1, '2022-05-21 02:08:13', '2022-05-21 02:16:02', NULL),
(16, 7, 819, 35, 1, 2600, 2600, 1, '2022-05-21 21:48:44', '2022-05-21 21:50:37', NULL),
(17, 7, 834, 109, 1, 900, 900, 1, '2022-05-21 21:48:44', '2022-06-09 20:51:44', NULL),
(18, 7, 839, 36, 1, 1100, 1100, 1, '2022-05-21 21:48:44', '2022-05-21 21:50:37', NULL),
(19, 9, 819, 42, 1, 2600, 2600, 1, '2022-05-24 00:35:01', '2022-05-24 00:39:32', NULL),
(20, 9, 834, 120, 1, 900, 900, 1, '2022-05-24 00:35:01', '2022-06-09 20:53:27', NULL),
(21, 10, 2655, 121, 1, 2500, 2500, 1, '2022-05-24 01:15:36', '2022-06-09 20:54:30', NULL),
(22, 10, 2667, 122, 1, 250, 250, 1, '2022-05-24 01:15:36', '2022-06-09 20:54:30', NULL),
(23, 10, 2670, 123, 1, 2100, 2100, 1, '2022-05-24 01:15:36', '2022-06-09 20:54:30', NULL),
(24, 10, 2698, 124, 1, 850, 850, 1, '2022-05-24 01:15:36', '2022-06-09 20:54:30', NULL),
(25, 11, 2366, 103, 1, 2500, 2500, 1, '2022-05-24 01:18:03', '2022-06-09 20:51:44', NULL),
(26, 11, 2368, 104, 1, 250, 250, 1, '2022-05-24 01:18:03', '2022-06-09 20:51:44', NULL),
(27, 15, 1152, 59, 1, 0, 0, 1, '2022-05-25 22:13:17', '2022-05-31 00:39:35', NULL),
(28, 17, 850, 75, 1, 2730, 2730, 1, '2022-05-25 22:20:31', '2022-06-09 20:51:43', NULL),
(29, 18, 834, 58, 1, 900, 900, 1, '2022-05-31 00:35:26', '2022-05-31 00:39:35', NULL),
(30, 29, 2306, 154, 1, 1800, 1800, 1, '2022-06-25 01:25:53', '2022-06-25 18:04:29', NULL),
(31, 29, 4076, 155, 1, 450, 450, 1, '2022-06-25 01:25:53', '2022-06-25 18:04:29', NULL),
(32, 30, 4156, 156, 1, 2300, 2300, 1, '2022-06-25 01:29:14', '2022-06-25 18:04:29', NULL),
(33, 31, 924, 157, 1, 850, 850, 1, '2022-06-25 01:37:13', '2022-06-25 18:04:29', NULL),
(34, 32, 1302, 166, 1, 850, 850, 1, '2022-06-25 01:38:19', '2022-06-25 18:04:29', NULL),
(35, 33, 809, 167, 1, 750, 750, 1, '2022-06-25 01:39:42', '2022-06-25 18:04:29', NULL),
(36, 40, 343, NULL, 1, 2000, 2000, 0, '2022-06-29 19:47:20', '2022-06-29 19:47:20', NULL),
(37, 40, 346, NULL, 1, 250, 250, 0, '2022-06-29 19:47:20', '2022-06-29 19:47:20', NULL),
(38, 40, 378, NULL, 1, 1100, 1100, 0, '2022-06-29 19:47:20', '2022-06-29 19:47:20', NULL),
(39, 40, 379, NULL, 1, 950, 950, 0, '2022-06-29 19:47:20', '2022-06-29 19:47:20', NULL),
(40, 40, 380, NULL, 1, 1200, 1200, 0, '2022-06-29 19:47:20', '2022-06-29 19:47:20', NULL),
(41, 40, 387, NULL, 1, 350, 350, 0, '2022-06-29 19:47:20', '2022-06-29 19:47:20', NULL),
(42, 40, 4039, NULL, 1, 900, 900, 0, '2022-06-29 19:47:20', '2022-06-29 19:47:20', NULL),
(43, 40, 398, NULL, 1, 2200, 2200, 0, '2022-06-29 19:47:20', '2022-06-29 19:47:20', NULL),
(44, 40, 399, NULL, 1, 1900, 1900, 0, '2022-06-29 19:47:20', '2022-06-29 19:47:20', NULL);

-- --------------------------------------------------------

--
-- Estructura de tabla para la tabla `departamentos`
--

CREATE TABLE `departamentos` (
  `id_departamento` int(11) NOT NULL,
  `departamento` varchar(50) NOT NULL,
  `created_at` timestamp NULL DEFAULT CURRENT_TIMESTAMP,
  `updated_at` timestamp NULL DEFAULT CURRENT_TIMESTAMP,
  `deleted_at` timestamp NULL DEFAULT NULL
) ENGINE=InnoDB DEFAULT CHARSET=utf8mb4;

--
-- Volcado de datos para la tabla `departamentos`
--

INSERT INTO `departamentos` (`id_departamento`, `departamento`, `created_at`, `updated_at`, `deleted_at`) VALUES
(1, 'Gerencia', '2021-07-30 21:59:58', '2021-09-06 18:34:12', NULL),
(2, 'Contabilidad', '2021-09-06 18:34:20', '2021-09-06 18:34:20', NULL),
(3, 'Mecánica', '2021-09-22 02:41:58', '2022-05-21 20:44:03', '2022-05-21 20:44:03'),
(4, 'Ventas', '2022-05-21 20:43:54', '2022-05-21 20:43:54', NULL);

-- --------------------------------------------------------

--
-- Estructura de tabla para la tabla `formas_pagos`
--

CREATE TABLE `formas_pagos` (
  `id_forma_pago` int(11) NOT NULL,
  `forma_pago` varchar(50) NOT NULL,
  `plazo` int(3) NOT NULL,
  `created_at` timestamp NULL DEFAULT CURRENT_TIMESTAMP,
  `updated_at` timestamp NULL DEFAULT CURRENT_TIMESTAMP,
  `deleted_at` timestamp NULL DEFAULT NULL
) ENGINE=InnoDB DEFAULT CHARSET=utf8mb4;

--
-- Volcado de datos para la tabla `formas_pagos`
--

INSERT INTO `formas_pagos` (`id_forma_pago`, `forma_pago`, `plazo`, `created_at`, `updated_at`, `deleted_at`) VALUES
(1, 'Contado', 0, '2021-09-15 22:33:12', '2021-09-15 22:33:12', NULL),
(2, 'Crédito 30 días', 30, '2021-09-15 22:33:12', '2021-09-15 22:33:12', NULL);

-- --------------------------------------------------------

--
-- Estructura de tabla para la tabla `gastos`
--

CREATE TABLE `gastos` (
  `id_gasto` int(11) NOT NULL,
  `id_gasto_categoria` int(11) NOT NULL,
  `id_usuario` int(11) NOT NULL,
  `fecha` datetime NOT NULL,
  `descripcion` varchar(255) NOT NULL,
  `monto` double NOT NULL,
  `created_at` timestamp NULL DEFAULT CURRENT_TIMESTAMP,
  `updated_at` timestamp NULL DEFAULT CURRENT_TIMESTAMP,
  `deleted_at` timestamp NULL DEFAULT NULL
) ENGINE=InnoDB DEFAULT CHARSET=utf8mb4;

-- --------------------------------------------------------

--
-- Estructura de tabla para la tabla `gastos_categorias`
--

CREATE TABLE `gastos_categorias` (
  `id_gasto_categoria` int(11) NOT NULL,
  `gasto_categoria` varchar(45) NOT NULL,
  `created_at` timestamp NULL DEFAULT CURRENT_TIMESTAMP,
  `updated_at` timestamp NULL DEFAULT CURRENT_TIMESTAMP,
  `deleted_at` timestamp NULL DEFAULT NULL
) ENGINE=InnoDB DEFAULT CHARSET=utf8mb4;

--
-- Volcado de datos para la tabla `gastos_categorias`
--

INSERT INTO `gastos_categorias` (`id_gasto_categoria`, `gasto_categoria`, `created_at`, `updated_at`, `deleted_at`) VALUES
(1, 'Gasto personal', '2021-09-22 10:54:16', '2021-10-10 05:38:19', NULL);

-- --------------------------------------------------------

--
-- Estructura de tabla para la tabla `marcas`
--

CREATE TABLE `marcas` (
  `id_marca` int(11) NOT NULL,
  `marca` varchar(100) NOT NULL,
  `created_at` timestamp NULL DEFAULT CURRENT_TIMESTAMP,
  `updated_at` timestamp NULL DEFAULT CURRENT_TIMESTAMP,
  `deleted_at` timestamp NULL DEFAULT NULL
) ENGINE=InnoDB DEFAULT CHARSET=utf8mb4;

--
-- Volcado de datos para la tabla `marcas`
--

INSERT INTO `marcas` (`id_marca`, `marca`, `created_at`, `updated_at`, `deleted_at`) VALUES
(1, 'Toyota', '2022-05-12 08:18:21', '2022-05-12 08:18:21', NULL),
(2, 'Suzuki ', '2022-05-12 08:23:40', '2022-05-24 23:49:05', NULL),
(3, 'Nissan', '2022-05-12 08:23:44', '2022-05-24 23:49:17', NULL),
(4, 'Mitsubishi', '2022-05-12 08:24:01', '2022-05-12 08:24:01', NULL),
(5, 'Mazda', '2022-05-12 09:10:22', '2022-05-12 09:10:22', NULL),
(6, 'Mezda', '2022-05-12 09:10:25', '2022-05-12 09:10:25', NULL),
(7, 'Mercedes', '2022-05-12 09:10:26', '2022-05-12 09:10:26', NULL),
(8, 'Land Rover', '2022-05-12 09:10:26', '2022-05-12 09:10:26', NULL),
(9, 'Chevrolet', '2022-05-12 09:10:32', '2022-05-12 09:10:32', NULL),
(10, 'Isuzu', '2022-05-12 09:10:34', '2022-05-12 09:10:34', NULL),
(11, 'Ford', '2022-05-12 09:10:40', '2022-05-12 09:10:40', NULL),
(12, 'Jeep', '2022-05-12 09:10:48', '2022-05-24 23:50:06', NULL),
(13, 'Dodge', '2022-05-12 09:19:50', '2022-05-12 09:19:50', NULL),
(14, 'Volkswagen', '2022-05-12 09:21:51', '2022-05-12 09:21:51', NULL);

-- --------------------------------------------------------

--
-- Estructura de tabla para la tabla `medios_pagos`
--

CREATE TABLE `medios_pagos` (
  `id_medio_pago` int(11) NOT NULL,
  `medio_pago` varchar(50) NOT NULL,
  `created_at` timestamp NULL DEFAULT CURRENT_TIMESTAMP,
  `updated_at` timestamp NULL DEFAULT CURRENT_TIMESTAMP,
  `deleted_at` timestamp NULL DEFAULT NULL
) ENGINE=InnoDB DEFAULT CHARSET=utf8mb4;

--
-- Volcado de datos para la tabla `medios_pagos`
--

INSERT INTO `medios_pagos` (`id_medio_pago`, `medio_pago`, `created_at`, `updated_at`, `deleted_at`) VALUES
(1, 'Efectivo', '2021-09-15 22:32:03', '2021-09-15 22:32:03', NULL),
(2, 'Tarjeta', '2021-09-15 22:32:03', '2021-09-15 22:32:03', NULL),
(3, 'Transferencia', '2021-09-15 22:32:03', '2021-09-15 22:32:03', NULL);

-- --------------------------------------------------------

--
-- Estructura de tabla para la tabla `modelos`
--

CREATE TABLE `modelos` (
  `id_modelo` int(11) NOT NULL,
  `id_marca` int(11) NOT NULL,
  `modelo` varchar(100) NOT NULL,
  `serie` varchar(50) DEFAULT NULL,
  `created_at` timestamp NULL DEFAULT CURRENT_TIMESTAMP,
  `updated_at` timestamp NULL DEFAULT CURRENT_TIMESTAMP,
  `deleted_at` timestamp NULL DEFAULT NULL
) ENGINE=InnoDB DEFAULT CHARSET=utf8mb4;

--
-- Volcado de datos para la tabla `modelos`
--

INSERT INTO `modelos` (`id_modelo`, `id_marca`, `modelo`, `serie`, `created_at`, `updated_at`, `deleted_at`) VALUES
(1, 1, 'Land Cruiser', '200', '2022-05-12 08:18:21', '2022-05-12 08:18:21', NULL),
(2, 1, 'Land Cruiser', '100', '2022-05-12 08:18:25', '2022-05-12 08:18:25', NULL),
(3, 1, 'Land Cruiser', '105', '2022-05-12 08:18:26', '2022-05-12 08:18:26', NULL),
(4, 1, 'Land Cruiser', '80', '2022-05-12 08:18:27', '2022-05-12 08:18:27', NULL),
(5, 1, 'Land Cruiser', '60', '2022-05-12 08:18:29', '2022-05-12 08:18:29', NULL),
(6, 1, 'Land Cruiser', '79', '2022-05-12 08:18:30', '2022-05-12 08:18:30', NULL),
(7, 1, 'Land Cruiser', '78', '2022-05-12 08:18:32', '2022-05-12 08:18:32', NULL),
(8, 1, 'Land Cruiser', '75', '2022-05-12 08:18:35', '2022-05-12 08:18:35', NULL),
(9, 1, 'Land Cruiser', '70', '2022-05-12 08:18:37', '2022-05-12 08:18:37', NULL),
(10, 1, 'Land Cruiser', '71', '2022-05-12 08:18:38', '2022-05-12 08:18:38', NULL),
(11, 1, 'Land Cruiser II', '71', '2022-05-12 08:18:38', '2022-05-12 08:18:38', NULL),
(12, 1, 'Land Cruiser', 'RJ70', '2022-05-12 08:23:09', '2022-05-12 08:23:09', NULL),
(13, 1, 'Land Cruiser', '45', '2022-05-12 08:23:09', '2022-05-12 08:23:09', NULL),
(14, 1, 'Land Cruiser', '40', '2022-05-12 08:23:11', '2022-05-12 08:23:11', NULL),
(15, 1, 'FJ Cruiser', '1 generacion', '2022-05-12 08:23:12', '2022-05-12 08:23:12', NULL),
(16, 1, 'FJ Cruiser', '2 generacion', '2022-05-12 08:23:12', '2022-05-12 08:23:12', NULL),
(18, 1, 'Fortuner', NULL, '2022-05-12 08:23:13', '2022-05-12 08:23:13', NULL),
(19, 1, 'Hilux', 'GUN126', '2022-05-12 08:23:15', '2022-05-12 08:23:15', NULL),
(20, 1, 'Hilux', 'KUN26', '2022-05-12 08:23:18', '2022-05-12 08:23:18', NULL),
(21, 1, 'Hilux', 'TIGER', '2022-05-12 08:23:22', '2022-05-12 08:23:22', NULL),
(22, 1, 'Hilux', 'SURF', '2022-05-12 08:23:23', '2022-05-12 08:23:23', NULL),
(23, 1, '4Runner', '5 generacion', '2022-05-12 08:23:24', '2022-05-12 08:23:24', NULL),
(24, 1, '4Runner', '4 generacion', '2022-05-12 08:23:24', '2022-05-12 08:23:24', NULL),
(25, 1, '4Runner', '2 generacion', '2022-05-12 08:23:25', '2022-05-12 08:23:25', NULL),
(28, 1, '4Runner', '3 generacion', '2022-05-12 08:23:25', '2022-05-12 08:23:25', NULL),
(29, 1, '4Runner', '1 generacion', '2022-05-12 08:23:26', '2022-05-12 08:23:26', NULL),
(30, 1, '4Runner', 'todas', '2022-05-12 08:23:27', '2022-05-12 08:23:27', NULL),
(32, 1, 'Tundra', '4 generacion', '2022-05-12 08:23:27', '2022-05-12 08:23:27', NULL),
(33, 1, 'Tundra', '3 generacion', '2022-05-12 08:23:27', '2022-05-12 08:23:27', NULL),
(34, 1, 'Tundra', '2 generacion', '2022-05-12 08:23:27', '2022-05-12 08:23:27', NULL),
(35, 1, 'Tundra', '1 generacion', '2022-05-12 08:23:27', '2022-05-12 08:23:27', NULL),
(37, 1, 'Tacoma', NULL, '2022-05-12 08:23:28', '2022-05-12 08:23:28', NULL),
(38, 1, 'Prado', '150', '2022-05-12 08:23:31', '2022-05-12 08:23:31', NULL),
(71, 1, 'Prado', '120', '2022-05-12 08:23:37', '2022-05-12 08:23:37', NULL),
(72, 1, 'Prado', '90', '2022-05-12 08:23:38', '2022-05-12 08:23:38', NULL),
(74, 2, 'Jimny', 'SN413', '2022-05-12 08:23:40', '2022-05-12 08:23:40', NULL),
(75, 2, 'Jimny', 'JB74', '2022-05-12 08:23:40', '2022-05-12 08:23:40', NULL),
(76, 2, 'Samurai', 'SJ413', '2022-05-12 08:23:41', '2022-05-12 08:23:41', NULL),
(77, 2, 'Grand Vitara', NULL, '2022-05-12 08:23:42', '2022-05-12 08:23:42', NULL),
(78, 2, 'Sidekick / Vitara', NULL, '2022-05-12 08:23:43', '2022-05-12 08:23:43', NULL),
(79, 3, 'Patrol', 'Y62', '2022-05-12 08:23:44', '2022-05-12 08:23:44', NULL),
(80, 3, 'Patrol', 'Y61', '2022-05-12 08:23:46', '2022-05-12 08:23:46', NULL),
(81, 3, 'Patrol', 'Y60', '2022-05-12 08:23:50', '2022-05-12 08:23:50', NULL),
(82, 3, 'Patrol', 'MQ 260', '2022-05-12 08:23:53', '2022-05-12 08:23:53', NULL),
(83, 3, 'Patrol', 'MQ M60', '2022-05-12 08:23:54', '2022-05-12 08:23:54', NULL),
(84, 3, 'Patrol', 'MQ', '2022-05-12 08:23:54', '2022-05-12 08:23:54', NULL),
(85, 3, 'Pathfinder', 'R51', '2022-05-12 08:23:55', '2022-05-12 08:23:55', NULL),
(86, 3, 'Pathfinder', 'R50', '2022-05-12 08:23:56', '2022-05-12 08:23:56', NULL),
(87, 3, 'Pathfinder', 'WD21', '2022-05-12 08:23:56', '2022-05-12 08:23:56', NULL),
(88, 3, 'Frontier', 'NP300', '2022-05-12 08:23:57', '2022-05-12 08:23:57', NULL),
(89, 3, 'Navara', 'D40', '2022-05-12 08:23:58', '2022-05-12 08:23:58', NULL),
(90, 3, 'Frontier', 'D21', '2022-05-12 08:23:59', '2022-05-12 08:23:59', NULL),
(91, 3, 'Frontier', 'D22', '2022-05-12 08:23:59', '2022-05-12 08:23:59', NULL),
(92, 3, 'Frontier', 'D21 & D22', '2022-05-12 08:24:00', '2022-05-12 08:24:00', NULL),
(93, 3, 'Xterra', NULL, '2022-05-12 08:24:01', '2022-05-12 08:24:01', NULL),
(94, 4, 'Montero Sport', 'N/A', '2022-05-12 08:24:01', '2022-05-12 08:24:01', NULL),
(95, 4, 'Montero', 'Pajero', '2022-05-12 08:24:03', '2022-05-12 08:24:03', NULL),
(96, 4, 'Montero', 'NP', '2022-05-12 08:24:04', '2022-05-12 08:24:04', NULL),
(97, 4, 'Montero', 'NM', '2022-05-12 08:24:04', '2022-05-12 08:24:04', NULL),
(98, 4, 'Montero', NULL, '2022-05-12 08:24:04', '2022-05-12 08:24:04', NULL),
(99, 4, 'L200', 'MR', '2022-05-12 09:10:18', '2022-05-12 09:10:18', NULL),
(100, 4, 'L200', 'MQ & MR', '2022-05-12 09:10:19', '2022-05-12 09:10:19', NULL),
(101, 4, 'L200', NULL, '2022-05-12 09:10:20', '2022-05-12 09:10:20', NULL),
(102, 4, 'L201', NULL, '2022-05-12 09:10:20', '2022-05-12 09:10:20', NULL),
(103, 4, 'L202', NULL, '2022-05-12 09:10:20', '2022-05-12 09:10:20', NULL),
(104, 4, 'L203', NULL, '2022-05-12 09:10:20', '2022-05-12 09:10:20', NULL),
(105, 4, 'L204', NULL, '2022-05-12 09:10:20', '2022-05-12 09:10:20', NULL),
(106, 4, 'L205', NULL, '2022-05-12 09:10:20', '2022-05-12 09:10:20', NULL),
(107, 4, 'L206', NULL, '2022-05-12 09:10:20', '2022-05-12 09:10:20', NULL),
(108, 4, 'L207', NULL, '2022-05-12 09:10:21', '2022-05-12 09:10:21', NULL),
(109, 4, 'L200', 'STRADA', '2022-05-12 09:10:21', '2022-05-12 09:10:21', NULL),
(110, 5, 'BT-50', NULL, '2022-05-12 09:10:22', '2022-05-12 09:10:22', NULL),
(111, 5, 'BT50', '1 Tonne', '2022-05-12 09:10:24', '2022-05-12 09:10:24', NULL),
(112, 5, 'BT51', '1 Tonne', '2022-05-12 09:10:24', '2022-05-12 09:10:24', NULL),
(113, 5, 'BT52', '1 Tonne', '2022-05-12 09:10:25', '2022-05-12 09:10:25', NULL),
(114, 5, 'BT53', '1 Tonne', '2022-05-12 09:10:25', '2022-05-12 09:10:25', NULL),
(115, 5, 'BT54', '1 Tonne', '2022-05-12 09:10:25', '2022-05-12 09:10:25', NULL),
(116, 5, 'BT55', '1 Tonne', '2022-05-12 09:10:25', '2022-05-12 09:10:25', NULL),
(117, 5, 'BT56', '1 Tonne', '2022-05-12 09:10:25', '2022-05-12 09:10:25', NULL),
(118, 5, 'BT57', '1 Tonne', '2022-05-12 09:10:25', '2022-05-12 09:10:25', NULL),
(119, 5, 'BT58', '1 Tonne', '2022-05-12 09:10:25', '2022-05-12 09:10:25', NULL),
(120, 5, 'BT59', '1 Tonne', '2022-05-12 09:10:25', '2022-05-12 09:10:25', NULL),
(121, 5, 'BT60', '1 Tonne', '2022-05-12 09:10:25', '2022-05-12 09:10:25', NULL),
(122, 5, 'BT61', '1 Tonne', '2022-05-12 09:10:25', '2022-05-12 09:10:25', NULL),
(123, 5, 'BT62', '1 Tonne', '2022-05-12 09:10:25', '2022-05-12 09:10:25', NULL),
(124, 5, 'BT63', '1 Tonne', '2022-05-12 09:10:25', '2022-05-12 09:10:25', NULL),
(125, 5, 'BT64', '1 Tonne', '2022-05-12 09:10:25', '2022-05-12 09:10:25', NULL),
(126, 5, 'BT65', '1 Tonne', '2022-05-12 09:10:25', '2022-05-12 09:10:25', NULL),
(127, 5, 'BT66', '1 Tonne', '2022-05-12 09:10:25', '2022-05-12 09:10:25', NULL),
(128, 5, 'BT67', '1 Tonne', '2022-05-12 09:10:25', '2022-05-12 09:10:25', NULL),
(129, 5, 'BT68', '1 Tonne', '2022-05-12 09:10:25', '2022-05-12 09:10:25', NULL),
(130, 5, 'BT69', '1 Tonne', '2022-05-12 09:10:25', '2022-05-12 09:10:25', NULL),
(131, 5, 'BT70', '1 Tonne', '2022-05-12 09:10:25', '2022-05-12 09:10:25', NULL),
(132, 5, 'BT71', '1 Tonne', '2022-05-12 09:10:25', '2022-05-12 09:10:25', NULL),
(133, 5, 'BT72', '1 Tonne', '2022-05-12 09:10:25', '2022-05-12 09:10:25', NULL),
(134, 5, 'BT73', '1 Tonne', '2022-05-12 09:10:25', '2022-05-12 09:10:25', NULL),
(135, 5, 'BT74', '1 Tonne', '2022-05-12 09:10:25', '2022-05-12 09:10:25', NULL),
(136, 5, 'BT75', '1 Tonne', '2022-05-12 09:10:25', '2022-05-12 09:10:25', NULL),
(137, 6, 'BT50 / Serie B', NULL, '2022-05-12 09:10:25', '2022-05-12 09:10:25', NULL),
(138, 7, 'G Wagon', 'G350', '2022-05-12 09:10:26', '2022-05-12 09:10:26', NULL),
(139, 8, 'Discovery', 'I', '2022-05-12 09:10:26', '2022-05-12 09:10:26', NULL),
(140, 8, 'Discovery', 'II', '2022-05-12 09:10:27', '2022-05-12 09:10:27', NULL),
(141, 8, 'Discovery', 'III', '2022-05-12 09:10:27', '2022-05-12 09:10:27', NULL),
(142, 8, 'Discovery', 'IV', '2022-05-12 09:10:28', '2022-05-12 09:10:28', NULL),
(143, 8, 'Defender', '90', '2022-05-12 09:10:28', '2022-05-12 09:10:28', NULL),
(144, 8, 'Defender', '110', '2022-05-12 09:10:28', '2022-05-12 09:10:28', NULL),
(145, 8, 'Defender', '130', '2022-05-12 09:10:30', '2022-05-12 09:10:30', NULL),
(146, 8, 'Range Rover', 'Clásico', '2022-05-12 09:10:31', '2022-05-12 09:10:31', NULL),
(147, 9, 'Colorado', NULL, '2022-05-12 09:10:32', '2022-05-12 09:10:32', NULL),
(148, 9, 'Trailblazer', NULL, '2022-05-12 09:10:33', '2022-05-12 09:10:33', NULL),
(149, 10, 'Dmax', NULL, '2022-05-12 09:10:34', '2022-05-12 09:10:34', NULL),
(150, 10, 'MU-X', NULL, '2022-05-12 09:10:36', '2022-05-12 09:10:36', NULL),
(151, 10, 'Rodeo', NULL, '2022-05-12 09:10:36', '2022-05-12 09:10:36', NULL),
(152, 10, 'Trooper', NULL, '2022-05-12 09:10:39', '2022-05-12 09:10:39', NULL),
(153, 10, 'Amigo', NULL, '2022-05-12 09:10:39', '2022-05-12 09:10:39', NULL),
(154, 11, 'F250/350', NULL, '2022-05-12 09:10:40', '2022-05-12 09:10:40', NULL),
(155, 11, 'Everest', NULL, '2022-05-12 09:10:41', '2022-05-12 09:10:41', NULL),
(156, 11, 'Ranger', 'PXIII', '2022-05-12 09:10:42', '2022-05-12 09:10:42', NULL),
(157, 11, 'Ranger', 'PXII', '2022-05-12 09:10:42', '2022-05-24 23:49:54', NULL),
(158, 11, 'Ranger', 'PXII PXIII', '2022-05-12 09:10:42', '2022-05-12 09:10:42', NULL),
(159, 11, 'Ranger Raptor', NULL, '2022-05-12 09:10:45', '2022-05-12 09:10:45', NULL),
(160, 11, 'Raptor USA Model', NULL, '2022-05-12 09:10:45', '2022-05-12 09:10:45', NULL),
(161, 11, 'Ranger', 'PXI', '2022-05-12 09:10:45', '2022-05-12 09:10:45', NULL),
(162, 11, 'Ranger', 'PJ', '2022-05-12 09:10:47', '2022-05-12 09:10:47', NULL),
(163, 11, 'Ranger', '1 Tonne', '2022-05-12 09:10:48', '2022-05-12 09:10:48', NULL),
(164, 11, 'Ranger', '2 Tonne', '2022-05-12 09:10:48', '2022-05-12 09:10:48', NULL),
(165, 11, 'Ranger', '3 Tonne', '2022-05-12 09:10:48', '2022-05-12 09:10:48', NULL),
(166, 11, 'Ranger', '4 Tonne', '2022-05-12 09:10:48', '2022-05-12 09:10:48', NULL),
(167, 11, 'Ranger', '5 Tonne', '2022-05-12 09:10:48', '2022-05-12 09:10:48', NULL),
(168, 11, 'Ranger', '6 Tonne', '2022-05-12 09:10:48', '2022-05-12 09:10:48', NULL),
(169, 11, 'Ranger', '7 Tonne', '2022-05-12 09:10:48', '2022-05-12 09:10:48', NULL),
(170, 11, 'Ranger', '8 Tonne', '2022-05-12 09:10:48', '2022-05-12 09:10:48', NULL),
(171, 11, 'Explorer', NULL, '2022-05-12 09:10:48', '2022-05-12 09:10:48', NULL),
(172, 12, 'Wrangler', 'JL', '2022-05-12 09:10:48', '2022-05-12 09:10:48', NULL),
(173, 12, 'Wrangler', 'JK', '2022-05-12 09:19:42', '2022-05-12 09:19:42', NULL),
(174, 12, 'Wrangler', 'TJ', '2022-05-12 09:19:45', '2022-05-12 09:19:45', NULL),
(175, 12, 'Wrangler', 'YJ', '2022-05-12 09:19:46', '2022-05-12 09:19:46', NULL),
(176, 12, 'Grand Cherokee', 'WK2', '2022-05-12 09:19:47', '2022-05-12 09:19:47', NULL),
(177, 12, 'Grand Cherokee', 'WH WK', '2022-05-12 09:19:47', '2022-05-12 09:19:47', NULL),
(178, 12, 'Grand Cherokee', 'WJ WG', '2022-05-12 09:19:47', '2022-05-12 09:19:47', NULL),
(179, 12, 'Grand Cherokee', 'ZJ', '2022-05-12 09:19:47', '2022-05-12 09:19:47', NULL),
(180, 12, 'Grand Cherokee', 'WJ', '2022-05-12 09:19:48', '2022-05-24 23:50:08', NULL),
(181, 12, 'Grand Cherokee', 'ZJ ZG', '2022-05-12 09:19:48', '2022-05-12 09:19:48', NULL),
(182, 12, 'Grand Cherokee', 'ZJ WJ', '2022-05-12 09:19:49', '2022-05-12 09:19:49', NULL),
(183, 12, 'Cherokee / Liberty', NULL, '2022-05-12 09:19:49', '2022-05-12 09:19:49', NULL),
(184, 13, 'Ram', '1500', '2022-05-12 09:19:50', '2022-05-12 09:19:50', NULL),
(185, 13, 'Ram', '2500 3500', '2022-05-12 09:19:50', '2022-05-12 09:19:50', NULL),
(186, 13, 'Ram', '1500 2500 3500', '2022-05-12 09:19:50', '2022-05-12 09:19:50', NULL),
(187, 14, 'Amarok', NULL, '2022-05-12 09:21:51', '2022-05-12 09:21:51', NULL),
(188, 1, 'Land Cruiser', '76', '2022-06-10 01:44:08', '2022-06-10 01:44:08', NULL);

-- --------------------------------------------------------

--
-- Estructura de tabla para la tabla `model_has_permissions`
--

CREATE TABLE `model_has_permissions` (
  `permission_id` bigint(20) UNSIGNED NOT NULL,
  `model_type` varchar(255) COLLATE utf8mb4_unicode_ci NOT NULL,
  `model_id` bigint(20) UNSIGNED NOT NULL
) ENGINE=InnoDB DEFAULT CHARSET=utf8mb4 COLLATE=utf8mb4_unicode_ci;

-- --------------------------------------------------------

--
-- Estructura de tabla para la tabla `model_has_roles`
--

CREATE TABLE `model_has_roles` (
  `role_id` int(11) NOT NULL,
  `model_type` varchar(255) COLLATE utf8mb4_unicode_ci NOT NULL,
  `model_id` bigint(20) UNSIGNED NOT NULL
) ENGINE=InnoDB DEFAULT CHARSET=utf8mb4 COLLATE=utf8mb4_unicode_ci;

--
-- Volcado de datos para la tabla `model_has_roles`
--

INSERT INTO `model_has_roles` (`role_id`, `model_type`, `model_id`) VALUES
(1, 'App\\Models\\Usuario', 1),
(1, 'App\\Models\\Usuario', 2),
(7, 'App\\Models\\Usuario', 3),
(4, 'App\\Models\\Usuario', 4),
(1, 'App\\Models\\Usuario', 5);

-- --------------------------------------------------------

--
-- Estructura de tabla para la tabla `ordenes_compras`
--

CREATE TABLE `ordenes_compras` (
  `id_orden_compra` int(11) NOT NULL,
  `id_forma_pago` int(11) NOT NULL,
  `id_medio_pago` int(11) NOT NULL,
  `fecha` datetime NOT NULL,
  `observaciones` varchar(255) DEFAULT NULL,
  `sub_total` double NOT NULL,
  `iva` double NOT NULL,
  `total_oc` double NOT NULL,
  `recibida` int(1) NOT NULL DEFAULT '0',
  `facturada` int(1) NOT NULL DEFAULT '0',
  `created_at` timestamp NULL DEFAULT CURRENT_TIMESTAMP,
  `updated_at` timestamp NULL DEFAULT CURRENT_TIMESTAMP,
  `deleted_at` timestamp NULL DEFAULT NULL
) ENGINE=InnoDB DEFAULT CHARSET=utf8mb4;

--
-- Volcado de datos para la tabla `ordenes_compras`
--

INSERT INTO `ordenes_compras` (`id_orden_compra`, `id_forma_pago`, `id_medio_pago`, `fecha`, `observaciones`, `sub_total`, `iva`, `total_oc`, `recibida`, `facturada`, `created_at`, `updated_at`, `deleted_at`) VALUES
(1, 2, 2, '2022-03-31 00:00:00', NULL, 2900, 377, 3277, 0, 1, '2022-03-31 20:33:32', '2022-04-27 20:15:25', NULL),
(2, 1, 3, '2022-03-31 00:00:00', NULL, 2050, 266.5, 2316.5, 0, 1, '2022-03-31 20:33:44', '2022-06-09 20:56:09', NULL),
(3, 1, 1, '2022-05-12 00:00:00', NULL, 1175, 152.75, 1327.75, 0, 0, '2022-05-12 21:32:18', '2022-05-12 21:32:18', NULL),
(4, 1, 1, '2022-05-20 00:00:00', NULL, 4650, 604.5, 5254.5, 0, 0, '2022-05-21 01:20:40', '2022-05-21 01:20:40', NULL),
(5, 1, 1, '2022-05-20 00:00:00', NULL, 4750, 617.5, 5367.5, 0, 0, '2022-05-21 02:16:02', '2022-05-21 02:16:02', NULL),
(6, 1, 1, '2022-05-21 00:00:00', NULL, 3050, 396.5, 3446.5, 0, 0, '2022-05-21 21:50:37', '2022-05-21 21:50:37', NULL),
(7, 1, 1, '2022-05-23 00:00:00', NULL, 3050, 396.5, 3446.5, 0, 0, '2022-05-24 00:39:32', '2022-05-24 00:39:32', NULL),
(8, 1, 1, '2022-05-30 00:00:00', NULL, 3325, 432.25, 3757.25, 0, 0, '2022-05-31 00:38:10', '2022-05-31 00:38:10', NULL),
(9, 1, 1, '2022-05-30 00:00:00', NULL, 2625, 341.25, 2966.25, 0, 0, '2022-05-31 00:39:35', '2022-05-31 00:39:35', NULL),
(10, 1, 1, '2022-05-30 00:00:00', NULL, 850, 110.5, 960.5, 0, 0, '2022-05-31 00:56:30', '2022-05-31 00:56:30', NULL),
(11, 1, 1, '2022-06-09 00:00:00', NULL, 14100, 1833, 15933, 0, 0, '2022-06-09 20:51:43', '2022-06-09 20:51:43', NULL),
(12, 1, 1, '2022-06-09 00:00:00', NULL, 400, 52, 452, 0, 0, '2022-06-09 20:53:27', '2022-06-09 20:53:27', NULL),
(13, 1, 1, '2022-06-09 00:00:00', NULL, 5930, 770.9, 6700.9, 0, 0, '2022-06-09 20:54:30', '2022-06-09 20:54:30', NULL),
(14, 1, 3, '2022-06-25 00:00:00', NULL, 12565, 1633.45, 14198.45, 0, 0, '2022-06-25 18:04:29', '2022-06-25 18:04:29', NULL);

-- --------------------------------------------------------

--
-- Estructura de tabla para la tabla `ordenes_compras_detalles`
--

CREATE TABLE `ordenes_compras_detalles` (
  `id_orden_compra_detalle` int(11) NOT NULL,
  `id_orden_compra` int(11) NOT NULL,
  `id_cotizacion_detalle` int(11) DEFAULT NULL,
  `id_parte` int(11) NOT NULL,
  `nombre_articulo` varchar(100) NOT NULL,
  `descripcion` varchar(255) DEFAULT NULL,
  `cantidad` int(4) NOT NULL,
  `cantidad_facturada` int(11) DEFAULT NULL,
  `cantidad_recibida` int(11) DEFAULT NULL,
  `precio` double NOT NULL,
  `total` double NOT NULL,
  `recibido` int(1) NOT NULL DEFAULT '0',
  `created_at` timestamp NULL DEFAULT CURRENT_TIMESTAMP,
  `updated_at` timestamp NULL DEFAULT CURRENT_TIMESTAMP,
  `deleted_at` timestamp NULL DEFAULT NULL
) ENGINE=InnoDB DEFAULT CHARSET=utf8mb4;

--
-- Volcado de datos para la tabla `ordenes_compras_detalles`
--

INSERT INTO `ordenes_compras_detalles` (`id_orden_compra_detalle`, `id_orden_compra`, `id_cotizacion_detalle`, `id_parte`, `nombre_articulo`, `descripcion`, `cantidad`, `cantidad_facturada`, `cantidad_recibida`, `precio`, `total`, `recibido`, `created_at`, `updated_at`, `deleted_at`) VALUES
(1, 1, NULL, 1, 'Bumper delantero Summit', '', 2, 1, NULL, 1450, 2900, 0, '2022-03-31 20:33:32', '2022-04-27 20:15:25', NULL),
(2, 2, 1, 46, 'Snorkel Armax', '', 1, 1, NULL, 450, 450, 0, '2022-03-31 20:33:44', '2022-06-09 20:56:09', NULL),
(3, 2, NULL, 10, 'Bumper delantero Sahara con tubo cromado VX', '', 1, 1, NULL, 1600, 1600, 0, '2022-03-31 20:33:44', '2022-06-09 20:56:09', NULL),
(4, 3, 3, 828, 'Resortes delanteros para bumper', NULL, 1, NULL, NULL, 150, 150, 0, '2022-05-12 21:32:18', '2022-05-12 21:32:18', NULL),
(5, 3, NULL, 826, 'Suspension Nitrocharger Sport 35mm/25mm', NULL, 1, NULL, NULL, 825, 825, 0, '2022-05-12 21:32:18', '2022-05-12 21:32:18', NULL),
(6, 3, NULL, 827, 'Resortes delanteros no bumper', NULL, 1, NULL, NULL, 150, 150, 0, '2022-05-12 21:32:18', '2022-05-12 21:32:18', NULL),
(7, 3, NULL, 833, 'Espaciador', NULL, 1, NULL, NULL, 50, 50, 0, '2022-05-12 21:32:18', '2022-05-12 21:32:18', NULL),
(8, 4, 7, 290, 'Bumper delantero Deluxe', NULL, 1, NULL, NULL, 750, 750, 0, '2022-05-21 01:20:40', '2022-05-21 01:20:40', NULL),
(9, 4, 8, 291, 'Bumper trasero Dobinsons con porta repuesto ', NULL, 1, NULL, NULL, 1400, 1400, 0, '2022-05-21 01:20:40', '2022-05-21 01:20:40', NULL),
(10, 4, 9, 310, 'Snorkel V-Spec', NULL, 1, NULL, NULL, 250, 250, 0, '2022-05-21 01:20:40', '2022-05-21 01:20:40', NULL),
(11, 4, 10, 311, 'Steps', NULL, 1, NULL, NULL, 450, 450, 0, '2022-05-21 01:20:40', '2022-05-21 01:20:40', NULL),
(12, 4, NULL, 294, 'Hoja de Resorte delantera Nitrocharger Sport motor gasolina para bumper', NULL, 1, NULL, NULL, 200, 200, 0, '2022-05-21 01:20:40', '2022-05-21 01:20:40', NULL),
(13, 4, NULL, 297, 'Compensador delantero Nitrocharger Sport', NULL, 1, NULL, NULL, 200, 200, 0, '2022-05-21 01:20:40', '2022-05-21 01:20:40', NULL),
(14, 4, NULL, 299, 'Bushings para hoja de resorte', NULL, 1, NULL, NULL, 100, 100, 0, '2022-05-21 01:20:40', '2022-05-21 01:20:40', NULL),
(15, 4, NULL, 300, 'Gasas delanteras', NULL, 1, NULL, NULL, 100, 100, 0, '2022-05-21 01:20:40', '2022-05-21 01:20:40', NULL),
(16, 4, NULL, 301, 'Balancines engrasables delanteros', NULL, 1, NULL, NULL, 100, 100, 0, '2022-05-21 01:20:40', '2022-05-21 01:20:40', NULL),
(17, 4, NULL, 302, 'Pines engrasables', NULL, 1, NULL, NULL, 200, 200, 0, '2022-05-21 01:20:40', '2022-05-21 01:20:40', NULL),
(18, 4, NULL, 303, 'Compensador de dirección Nitrocharger Sport', NULL, 1, NULL, NULL, 100, 100, 0, '2022-05-21 01:20:40', '2022-05-21 01:20:40', NULL),
(19, 4, NULL, 304, 'Hoja de Resorte trasera izquierda Nitrocharger Sport', NULL, 1, NULL, NULL, 150, 150, 0, '2022-05-21 01:20:40', '2022-05-21 01:20:40', NULL),
(20, 4, NULL, 305, 'Hoja de Resorte trasera derecha Nitrocharger Sport', NULL, 1, NULL, NULL, 150, 150, 0, '2022-05-21 01:20:40', '2022-05-21 01:20:40', NULL),
(21, 4, NULL, 307, 'Compensador trasero Nitrocharger Sport 1986 on', NULL, 1, NULL, NULL, 200, 200, 0, '2022-05-21 01:20:40', '2022-05-21 01:20:40', NULL),
(22, 4, NULL, 308, 'Gasas traseras', NULL, 1, NULL, NULL, 200, 200, 0, '2022-05-21 01:20:40', '2022-05-21 01:20:40', NULL),
(23, 4, NULL, 309, 'Balancines engrasables traseros', NULL, 1, NULL, NULL, 100, 100, 0, '2022-05-21 01:20:40', '2022-05-21 01:20:40', NULL),
(24, 5, 11, 819, 'Bumper delantero Summit', NULL, 1, NULL, NULL, 1500, 1500, 0, '2022-05-21 02:16:02', '2022-05-21 02:16:02', NULL),
(25, 5, 12, 834, 'Snorkel', NULL, 1, NULL, NULL, 400, 400, 0, '2022-05-21 02:16:02', '2022-05-21 02:16:02', NULL),
(26, 5, 13, 839, 'Planchas', NULL, 1, NULL, NULL, 550, 550, 0, '2022-05-21 02:16:02', '2022-05-21 02:16:02', NULL),
(27, 5, 14, 848, 'Recovery Point izquierdo', NULL, 1, NULL, NULL, 200, 200, 0, '2022-05-21 02:16:02', '2022-05-21 02:16:02', NULL),
(28, 5, 15, 824, 'Halógenos neblineros', NULL, 1, NULL, NULL, 100, 100, 0, '2022-05-21 02:16:02', '2022-05-21 02:16:02', NULL),
(29, 5, NULL, 828, 'Resortes delanteros para bumper', NULL, 1, NULL, NULL, 150, 150, 0, '2022-05-21 02:16:02', '2022-05-21 02:16:02', NULL),
(30, 5, NULL, 830, 'Compresador delantero Nitrocharger Sport ', NULL, 2, NULL, NULL, 300, 600, 0, '2022-05-21 02:16:02', '2022-05-21 02:16:02', NULL),
(31, 5, NULL, 831, 'Resortes traseros', NULL, 1, NULL, NULL, 150, 150, 0, '2022-05-21 02:16:02', '2022-05-21 02:16:02', NULL),
(32, 5, NULL, 832, 'Compensador trasero Nitrocharger Sport', NULL, 2, NULL, NULL, 200, 400, 0, '2022-05-21 02:16:02', '2022-05-21 02:16:02', NULL),
(33, 5, NULL, 845, 'Fit kit 1790x1120mm', 'Se adapta el de 4Runner', 1, NULL, NULL, 200, 200, 0, '2022-05-21 02:16:02', '2022-05-21 02:16:02', NULL),
(34, 5, NULL, 836, 'Side Rails  ', NULL, 1, NULL, NULL, 500, 500, 0, '2022-05-21 02:16:02', '2022-05-21 02:16:02', NULL),
(35, 6, 16, 819, 'Bumper delantero Summit', NULL, 1, NULL, NULL, 1500, 1500, 0, '2022-05-21 21:50:37', '2022-05-21 21:50:37', NULL),
(36, 6, 18, 839, 'Planchas', NULL, 1, NULL, NULL, 550, 550, 0, '2022-05-21 21:50:37', '2022-05-21 21:50:37', NULL),
(37, 6, NULL, 828, 'Resortes delanteros para bumper', NULL, 1, NULL, NULL, 150, 150, 0, '2022-05-21 21:50:37', '2022-05-21 21:50:37', NULL),
(38, 6, NULL, 830, 'Compresador delantero Nitrocharger Sport ', NULL, 1, NULL, NULL, 300, 300, 0, '2022-05-21 21:50:37', '2022-05-21 21:50:37', NULL),
(39, 6, NULL, 831, 'Resortes traseros', NULL, 1, NULL, NULL, 150, 150, 0, '2022-05-21 21:50:37', '2022-05-21 21:50:37', NULL),
(40, 6, NULL, 832, 'Compensador trasero Nitrocharger Sport', NULL, 1, NULL, NULL, 200, 200, 0, '2022-05-21 21:50:37', '2022-05-21 21:50:37', NULL),
(41, 6, NULL, 841, 'Fit kit 1790x1120mm', 'Se adapta el de 4Runner', 1, NULL, NULL, 200, 200, 0, '2022-05-21 21:50:37', '2022-05-21 21:50:37', NULL),
(42, 7, 19, 819, 'Bumper delantero Summit', NULL, 1, NULL, NULL, 1500, 1500, 0, '2022-05-24 00:39:32', '2022-05-24 00:39:32', NULL),
(43, 7, NULL, 828, 'Resortes delanteros para bumper', NULL, 1, NULL, NULL, 150, 150, 0, '2022-05-24 00:39:32', '2022-05-24 00:39:32', NULL),
(44, 7, NULL, 830, 'Compresador delantero Nitrocharger Sport ', NULL, 1, NULL, NULL, 300, 300, 0, '2022-05-24 00:39:32', '2022-05-24 00:39:32', NULL),
(45, 7, NULL, 831, 'Resortes traseros', NULL, 1, NULL, NULL, 150, 150, 0, '2022-05-24 00:39:32', '2022-05-24 00:39:32', NULL),
(46, 7, NULL, 832, 'Compensador trasero Nitrocharger Sport', NULL, 1, NULL, NULL, 200, 200, 0, '2022-05-24 00:39:32', '2022-05-24 00:39:32', NULL),
(47, 7, NULL, 328, 'Fit kit canasta 2200x1250mm', NULL, 1, NULL, NULL, 250, 250, 0, '2022-05-24 00:39:32', '2022-05-24 00:39:32', NULL),
(48, 7, NULL, 830, 'Compresador delantero Nitrocharger Sport ', NULL, 1, NULL, NULL, 300, 300, 0, '2022-05-24 00:39:32', '2022-05-24 00:39:32', NULL),
(49, 7, NULL, 832, 'Compensador trasero Nitrocharger Sport', NULL, 1, NULL, NULL, 200, 200, 0, '2022-05-24 00:39:32', '2022-05-24 00:39:32', NULL),
(50, 8, NULL, 820, 'Bumper delantero Sahara con tubo', NULL, 1, NULL, NULL, 1450, 1450, 0, '2022-05-31 00:38:10', '2022-05-31 00:38:10', NULL),
(51, 8, NULL, 821, 'Tubo cromado central bumper Sahara', NULL, 1, NULL, NULL, 200, 200, 0, '2022-05-31 00:38:10', '2022-05-31 00:38:10', NULL),
(52, 8, NULL, 826, 'Suspension Nitrocharger Sport 35mm/25mm', NULL, 1, NULL, NULL, 825, 825, 0, '2022-05-31 00:38:10', '2022-05-31 00:38:10', NULL),
(53, 8, NULL, 828, 'Resortes delanteros para bumper', NULL, 1, NULL, NULL, 150, 150, 0, '2022-05-31 00:38:10', '2022-05-31 00:38:10', NULL),
(54, 8, NULL, 830, 'Compresador delantero Nitrocharger Sport ', NULL, 2, NULL, NULL, 150, 300, 0, '2022-05-31 00:38:10', '2022-05-31 00:38:10', NULL),
(55, 8, NULL, 831, 'Resortes traseros', NULL, 1, NULL, NULL, 150, 150, 0, '2022-05-31 00:38:10', '2022-05-31 00:38:10', NULL),
(56, 8, NULL, 832, 'Compensador trasero Nitrocharger Sport', NULL, 2, NULL, NULL, 100, 200, 0, '2022-05-31 00:38:10', '2022-05-31 00:38:10', NULL),
(57, 8, NULL, 833, 'Espaciador', NULL, 1, NULL, NULL, 50, 50, 0, '2022-05-31 00:38:10', '2022-05-31 00:38:10', NULL),
(58, 9, 29, 834, 'Snorkel', NULL, 1, NULL, NULL, 400, 400, 0, '2022-05-31 00:39:35', '2022-05-31 00:39:35', NULL),
(59, 9, 27, 1152, 'Side Rails & Steps', NULL, 1, NULL, NULL, 550, 550, 0, '2022-05-31 00:39:35', '2022-05-31 00:39:35', NULL),
(60, 9, NULL, 826, 'Suspension Nitrocharger Sport 35mm/25mm', NULL, 1, NULL, NULL, 825, 825, 0, '2022-05-31 00:39:35', '2022-05-31 00:39:35', NULL),
(61, 9, NULL, 829, 'Resortes delanteros para bumper y winch', NULL, 1, NULL, NULL, 150, 150, 0, '2022-05-31 00:39:35', '2022-05-31 00:39:35', NULL),
(62, 9, NULL, 830, 'Compresador delantero Nitrocharger Sport ', NULL, 2, NULL, NULL, 150, 300, 0, '2022-05-31 00:39:35', '2022-05-31 00:39:35', NULL),
(63, 9, NULL, 831, 'Resortes traseros', NULL, 1, NULL, NULL, 150, 150, 0, '2022-05-31 00:39:35', '2022-05-31 00:39:35', NULL),
(64, 9, NULL, 832, 'Compensador trasero Nitrocharger Sport', NULL, 2, NULL, NULL, 100, 200, 0, '2022-05-31 00:39:35', '2022-05-31 00:39:35', NULL),
(65, 9, NULL, 833, 'Espaciador', NULL, 1, NULL, NULL, 50, 50, 0, '2022-05-31 00:39:35', '2022-05-31 00:39:35', NULL),
(66, 10, NULL, 2158, 'Compensador delantero Nitrocharger Sport', NULL, 2, NULL, NULL, 100, 200, 0, '2022-05-31 00:56:30', '2022-05-31 00:56:30', NULL),
(67, 10, NULL, 2159, 'Compensador de dirección Nitrocharger Sport', NULL, 1, NULL, NULL, 100, 100, 0, '2022-05-31 00:56:30', '2022-05-31 00:56:30', NULL),
(68, 10, NULL, 2160, 'Resortes traseros', NULL, 1, NULL, NULL, 150, 150, 0, '2022-05-31 00:56:30', '2022-05-31 00:56:30', NULL),
(69, 10, NULL, 2161, 'Compensador trasero Nitrocharger Sport', NULL, 2, NULL, NULL, 100, 200, 0, '2022-05-31 00:56:30', '2022-05-31 00:56:30', NULL),
(70, 10, NULL, 2162, 'Compensador trasero Nitrocharger Sport', NULL, 2, NULL, NULL, 100, 200, 0, '2022-05-31 00:56:30', '2022-05-31 00:56:30', NULL),
(71, 11, NULL, 2158, 'Compensador delantero Nitrocharger Sport', NULL, 2, NULL, NULL, 100, 200, 0, '2022-06-09 20:51:43', '2022-06-09 20:51:43', NULL),
(72, 11, NULL, 2159, 'Compensador de dirección Nitrocharger Sport', NULL, 1, NULL, NULL, 100, 100, 0, '2022-06-09 20:51:43', '2022-06-09 20:51:43', NULL),
(73, 11, NULL, 2160, 'Resortes traseros', NULL, 1, NULL, NULL, 150, 150, 0, '2022-06-09 20:51:43', '2022-06-09 20:51:43', NULL),
(74, 11, NULL, 2161, 'Compensador trasero Nitrocharger Sport', NULL, 2, NULL, NULL, 100, 200, 0, '2022-06-09 20:51:43', '2022-06-09 20:51:43', NULL),
(75, 11, 28, 850, 'Bloqueo de diferencial trasero', NULL, 1, NULL, NULL, 700, 700, 0, '2022-06-09 20:51:43', '2022-06-09 20:51:43', NULL),
(76, 11, NULL, 1855, 'Resorte delantero para bumper motor diesel 4,2 y gasolina 4,5 & 4,8', NULL, 1, NULL, NULL, 150, 150, 0, '2022-06-09 20:51:43', '2022-06-09 20:51:43', NULL),
(77, 11, NULL, 1857, 'Compensador delantero BP51', NULL, 2, NULL, NULL, 350, 700, 0, '2022-06-09 20:51:43', '2022-06-09 20:51:43', NULL),
(78, 11, NULL, 1858, 'Fit kit reservorio delantero', NULL, 1, NULL, NULL, 50, 50, 0, '2022-06-09 20:51:43', '2022-06-09 20:51:43', NULL),
(79, 11, NULL, 1859, 'Compensador de dirección Nitrocharger Sport', NULL, 1, NULL, NULL, 100, 100, 0, '2022-06-09 20:51:43', '2022-06-09 20:51:43', NULL),
(80, 11, NULL, 1860, 'Resortes traseros', NULL, 1, NULL, NULL, 150, 150, 0, '2022-06-09 20:51:43', '2022-06-09 20:51:43', NULL),
(81, 11, NULL, 1861, 'Compensador trasero BP51', NULL, 2, NULL, NULL, 350, 700, 0, '2022-06-09 20:51:43', '2022-06-09 20:51:43', NULL),
(82, 11, NULL, 1862, 'Fit kit reservorio trasero', NULL, 1, NULL, NULL, 50, 50, 0, '2022-06-09 20:51:43', '2022-06-09 20:51:43', NULL),
(83, 11, NULL, 860, 'Tubo negro central con barra led para bumper sahara', NULL, 1, NULL, NULL, 400, 400, 0, '2022-06-09 20:51:43', '2022-06-09 20:51:43', NULL),
(84, 11, NULL, 861, 'Arnés barra led de tubo negro central para bumper sahara', NULL, 1, NULL, NULL, 50, 50, 0, '2022-06-09 20:51:43', '2022-06-09 20:51:43', NULL),
(85, 11, NULL, 407, 'Resortes delanteros Nitrocharger Sport para bumper', NULL, 1, NULL, NULL, 150, 150, 0, '2022-06-09 20:51:43', '2022-06-09 20:51:43', NULL),
(86, 11, NULL, 409, 'Compensador delantero Nitrocharger Sport', NULL, 2, NULL, NULL, 100, 200, 0, '2022-06-09 20:51:43', '2022-06-09 20:51:43', NULL),
(87, 11, NULL, 410, 'Hoja de resorte trasera Nitrocharger Sport', NULL, 2, NULL, NULL, 200, 400, 0, '2022-06-09 20:51:43', '2022-06-09 20:51:43', NULL),
(88, 11, NULL, 412, 'Compensador trasero Nitrocharger Sport', NULL, 2, NULL, NULL, 100, 200, 0, '2022-06-09 20:51:43', '2022-06-09 20:51:43', NULL),
(89, 11, NULL, 413, 'Balancines engrasables ', NULL, 1, NULL, NULL, 100, 100, 0, '2022-06-09 20:51:43', '2022-06-09 20:51:43', NULL),
(90, 11, NULL, 414, 'Pines engrasables', NULL, 1, NULL, NULL, 100, 100, 0, '2022-06-09 20:51:43', '2022-06-09 20:51:43', NULL),
(91, 11, NULL, 415, 'Bushings para hoja de resorte', NULL, 2, NULL, NULL, 50, 100, 0, '2022-06-09 20:51:43', '2022-06-09 20:51:43', NULL),
(92, 11, NULL, 416, 'Gasas', NULL, 4, NULL, NULL, 50, 200, 0, '2022-06-09 20:51:44', '2022-06-09 20:51:44', NULL),
(93, 11, NULL, 418, 'Compensador de Dirección Nitrocharger Sport', NULL, 1, NULL, NULL, 100, 100, 0, '2022-06-09 20:51:44', '2022-06-09 20:51:44', NULL),
(94, 11, NULL, 407, 'Resortes delanteros Nitrocharger Sport para bumper', NULL, 1, NULL, NULL, 150, 150, 0, '2022-06-09 20:51:44', '2022-06-09 20:51:44', NULL),
(95, 11, NULL, 409, 'Compensador delantero Nitrocharger Sport', NULL, 2, NULL, NULL, 100, 200, 0, '2022-06-09 20:51:44', '2022-06-09 20:51:44', NULL),
(96, 11, NULL, 410, 'Hoja de resorte trasera Nitrocharger Sport', NULL, 2, NULL, NULL, 200, 400, 0, '2022-06-09 20:51:44', '2022-06-09 20:51:44', NULL),
(97, 11, NULL, 412, 'Compensador trasero Nitrocharger Sport', NULL, 2, NULL, NULL, 100, 200, 0, '2022-06-09 20:51:44', '2022-06-09 20:51:44', NULL),
(98, 11, NULL, 413, 'Balancines engrasables ', NULL, 1, NULL, NULL, 100, 100, 0, '2022-06-09 20:51:44', '2022-06-09 20:51:44', NULL),
(99, 11, NULL, 414, 'Pines engrasables', NULL, 1, NULL, NULL, 100, 100, 0, '2022-06-09 20:51:44', '2022-06-09 20:51:44', NULL),
(100, 11, NULL, 415, 'Bushings para hoja de resorte', NULL, 2, NULL, NULL, 50, 100, 0, '2022-06-09 20:51:44', '2022-06-09 20:51:44', NULL),
(101, 11, NULL, 416, 'Gasas', NULL, 4, NULL, NULL, 50, 200, 0, '2022-06-09 20:51:44', '2022-06-09 20:51:44', NULL),
(102, 11, NULL, 418, 'Compensador de Dirección Nitrocharger Sport', NULL, 1, NULL, NULL, 100, 100, 0, '2022-06-09 20:51:44', '2022-06-09 20:51:44', NULL),
(103, 11, 25, 2366, 'Bumper delantero Deluxe 2014 on', NULL, 1, NULL, NULL, 1250, 1250, 0, '2022-06-09 20:51:44', '2022-06-09 20:51:44', NULL),
(104, 11, 26, 2368, 'Halógenos neblineros led', NULL, 1, NULL, NULL, 100, 100, 0, '2022-06-09 20:51:44', '2022-06-09 20:51:44', NULL),
(105, 11, NULL, 2380, 'Resortes delanteros Nitrocharger Sport para bumper motor diesel', NULL, 1, NULL, NULL, 150, 150, 0, '2022-06-09 20:51:44', '2022-06-09 20:51:44', NULL),
(106, 11, NULL, 2385, 'Compensador delantero Nitrocharger Sport', NULL, 2, NULL, NULL, 150, 300, 0, '2022-06-09 20:51:44', '2022-06-09 20:51:44', NULL),
(107, 11, NULL, 2386, 'Resortes traseros Nitrocharger Sport', NULL, 1, NULL, NULL, 200, 200, 0, '2022-06-09 20:51:44', '2022-06-09 20:51:44', NULL),
(108, 11, NULL, 2387, 'Compensador trasero Nitrocharger Sport', NULL, 2, NULL, NULL, 100, 200, 0, '2022-06-09 20:51:44', '2022-06-09 20:51:44', NULL),
(109, 11, 17, 834, 'Snorkel', NULL, 1, NULL, NULL, 400, 400, 0, '2022-06-09 20:51:44', '2022-06-09 20:51:44', NULL),
(110, 11, 4, 1158, 'Bumper delantero 2010 a 2013', NULL, 1, NULL, NULL, 950, 950, 0, '2022-06-09 20:51:44', '2022-06-09 20:51:44', NULL),
(111, 11, 5, 1214, 'Snorkel Armax ', NULL, 1, NULL, NULL, 400, 400, 0, '2022-06-09 20:51:44', '2022-06-09 20:51:44', NULL),
(112, 11, 6, 1220, 'Planchas ', NULL, 1, NULL, NULL, 350, 350, 0, '2022-06-09 20:51:44', '2022-06-09 20:51:44', NULL),
(113, 11, NULL, 1175, 'Coilover BP51 izquierdo', NULL, 1, NULL, NULL, 600, 600, 0, '2022-06-09 20:51:44', '2022-06-09 20:51:44', NULL),
(114, 11, NULL, 1176, 'Coilover BP51 derecho', NULL, 1, NULL, NULL, 600, 600, 0, '2022-06-09 20:51:44', '2022-06-09 20:51:44', NULL),
(115, 11, NULL, 1177, 'Fit kit reservorio', NULL, 1, NULL, NULL, 100, 100, 0, '2022-06-09 20:51:44', '2022-06-09 20:51:44', NULL),
(116, 11, NULL, 1178, 'Resortes traseros Nitrocharger Sport', NULL, 1, NULL, NULL, 150, 150, 0, '2022-06-09 20:51:44', '2022-06-09 20:51:44', NULL),
(117, 11, NULL, 1179, 'Compensador trasero BP51', NULL, 2, NULL, NULL, 400, 800, 0, '2022-06-09 20:51:44', '2022-06-09 20:51:44', NULL),
(118, 11, NULL, 1180, 'Fit kit reservorio', NULL, 1, NULL, NULL, 50, 50, 0, '2022-06-09 20:51:44', '2022-06-09 20:51:44', NULL),
(119, 11, 2, 78, 'Bloqueo de diferencial trasero', NULL, 1, NULL, NULL, 700, 700, 0, '2022-06-09 20:51:44', '2022-06-09 20:51:44', NULL),
(120, 12, 20, 834, 'Snorkel', NULL, 1, NULL, NULL, 400, 400, 0, '2022-06-09 20:53:27', '2022-06-09 20:53:27', NULL),
(121, 13, 21, 2655, 'Bumper delantero Summit 2011-2018', NULL, 1, NULL, NULL, 1400, 1400, 0, '2022-06-09 20:54:30', '2022-06-09 20:54:30', NULL),
(122, 13, 22, 2667, 'Halógenos neblineros Summit led', NULL, 1, NULL, NULL, 100, 100, 0, '2022-06-09 20:54:30', '2022-06-09 20:54:30', NULL),
(123, 13, 23, 2670, 'Bumper trasero Summit', NULL, 1, NULL, NULL, 1050, 1050, 0, '2022-06-09 20:54:30', '2022-06-09 20:54:30', NULL),
(124, 13, 24, 2698, 'Snorkel', NULL, 1, NULL, NULL, 400, 400, 0, '2022-06-09 20:54:30', '2022-06-09 20:54:30', NULL),
(125, 13, NULL, 2686, 'Coilover BP51 izquierdo', NULL, 1, NULL, NULL, 600, 600, 0, '2022-06-09 20:54:30', '2022-06-09 20:54:30', NULL),
(126, 13, NULL, 2687, 'Coilover BP51 derecho', NULL, 1, NULL, NULL, 600, 600, 0, '2022-06-09 20:54:30', '2022-06-09 20:54:30', NULL),
(127, 13, NULL, 2688, 'Fit kit reservorio', NULL, 1, NULL, NULL, 100, 100, 0, '2022-06-09 20:54:30', '2022-06-09 20:54:30', NULL),
(128, 13, NULL, 2689, 'Hoja de Resorte Nitrocharger Sport', NULL, 2, NULL, NULL, 200, 400, 0, '2022-06-09 20:54:30', '2022-06-09 20:54:30', NULL),
(129, 13, NULL, 2690, 'Balancines engrasables', NULL, 1, NULL, NULL, 150, 150, 0, '2022-06-09 20:54:30', '2022-06-09 20:54:30', NULL),
(130, 13, NULL, 2691, 'Bushings', NULL, 2, NULL, NULL, 50, 100, 0, '2022-06-09 20:54:30', '2022-06-09 20:54:30', NULL),
(131, 13, NULL, 2692, 'Gasas', NULL, 4, NULL, NULL, 50, 200, 0, '2022-06-09 20:54:30', '2022-06-09 20:54:30', NULL),
(132, 13, NULL, 2693, 'Compensador trasero BP51 izquierdo', NULL, 1, NULL, NULL, 400, 400, 0, '2022-06-09 20:54:30', '2022-06-09 20:54:30', NULL),
(133, 13, NULL, 2694, 'Compensador trasero BP51 derecho', NULL, 1, NULL, NULL, 400, 400, 0, '2022-06-09 20:54:30', '2022-06-09 20:54:30', NULL),
(134, 13, NULL, 2697, 'Fit kit reservorio', NULL, 1, NULL, NULL, 30, 30, 0, '2022-06-09 20:54:30', '2022-06-09 20:54:30', NULL),
(135, 14, NULL, 472, 'Resortes delanteros Nitrocharger Sport para bumper', NULL, 1, NULL, NULL, 150, 150, 0, '2022-06-25 18:04:29', '2022-06-25 18:04:29', NULL),
(136, 14, NULL, 474, 'Compensador delantero Nitrocharger Sport', NULL, 2, NULL, NULL, 100, 200, 0, '2022-06-25 18:04:29', '2022-06-25 18:04:29', NULL),
(137, 14, NULL, 475, 'Hoja de resorte trasera Nitrocharger Sport', NULL, 2, NULL, NULL, 200, 400, 0, '2022-06-25 18:04:29', '2022-06-25 18:04:29', NULL),
(138, 14, NULL, 477, 'Compensador trasero Nitrocharger Sport', NULL, 2, NULL, NULL, 100, 200, 0, '2022-06-25 18:04:29', '2022-06-25 18:04:29', NULL),
(139, 14, NULL, 478, 'Balancines engrasables', NULL, 1, NULL, NULL, 100, 100, 0, '2022-06-25 18:04:29', '2022-06-25 18:04:29', NULL),
(140, 14, NULL, 479, 'Pines engrasables', NULL, 1, NULL, NULL, 100, 100, 0, '2022-06-25 18:04:29', '2022-06-25 18:04:29', NULL),
(141, 14, NULL, 480, 'Bushings para hoja de resorte', NULL, 2, NULL, NULL, 50, 100, 0, '2022-06-25 18:04:29', '2022-06-25 18:04:29', NULL),
(142, 14, NULL, 481, 'Gasas', NULL, 4, NULL, NULL, 50, 200, 0, '2022-06-25 18:04:29', '2022-06-25 18:04:29', NULL),
(143, 14, NULL, 483, 'Compensador de Dirección Nitrocharger Sport', NULL, 1, NULL, NULL, 100, 100, 0, '2022-06-25 18:04:29', '2022-06-25 18:04:29', NULL),
(144, 14, NULL, 1545, 'Resortes delanteros Nitrocharger Sport para bumper', NULL, 1, NULL, NULL, 150, 150, 0, '2022-06-25 18:04:29', '2022-06-25 18:04:29', NULL),
(145, 14, NULL, 1547, 'Compensador delantero Nitrocharger Sport', NULL, 2, NULL, NULL, 150, 300, 0, '2022-06-25 18:04:29', '2022-06-25 18:04:29', NULL),
(146, 14, NULL, 1548, 'Resortes traseros Nitrocharger Sport', NULL, 1, NULL, NULL, 150, 150, 0, '2022-06-25 18:04:29', '2022-06-25 18:04:29', NULL),
(147, 14, NULL, 1549, 'Compensador trasero Nitrocharger Sport', NULL, 2, NULL, NULL, 100, 200, 0, '2022-06-25 18:04:29', '2022-06-25 18:04:29', NULL),
(148, 14, NULL, 516, 'Canasta acero 2200x1250mm', NULL, 1, NULL, NULL, 650, 650, 0, '2022-06-25 18:04:29', '2022-06-25 18:04:29', NULL),
(149, 14, NULL, 517, 'Fit kit canasta 2200x1250mm', NULL, 1, NULL, NULL, 300, 300, 0, '2022-06-25 18:04:29', '2022-06-25 18:04:29', NULL),
(150, 14, NULL, 2379, 'Resortes delanteros Nitrocharger Sport no bumper motor diesel', NULL, 1, NULL, NULL, 150, 150, 0, '2022-06-25 18:04:29', '2022-06-25 18:04:29', NULL),
(151, 14, NULL, 2385, 'Compensador delantero Nitrocharger Sport', NULL, 2, NULL, NULL, 150, 300, 0, '2022-06-25 18:04:29', '2022-06-25 18:04:29', NULL),
(152, 14, NULL, 2386, 'Resortes traseros Nitrocharger Sport', NULL, 1, NULL, NULL, 200, 200, 0, '2022-06-25 18:04:29', '2022-06-25 18:04:29', NULL),
(153, 14, NULL, 2387, 'Compensador trasero Nitrocharger Sport', NULL, 2, NULL, NULL, 100, 200, 0, '2022-06-25 18:04:29', '2022-06-25 18:04:29', NULL),
(154, 14, 30, 2306, 'Bloqueo de diferencial trasero', NULL, 1, NULL, NULL, 800, 800, 0, '2022-06-25 18:04:29', '2022-06-25 18:04:29', NULL),
(155, 14, 31, 4076, 'Compresor mediano', NULL, 1, NULL, NULL, 225, 225, 0, '2022-06-25 18:04:29', '2022-06-25 18:04:29', NULL),
(156, 14, 32, 4156, 'Hielera Zero 73Q', NULL, 1, NULL, NULL, 1150, 1150, 0, '2022-06-25 18:04:29', '2022-06-25 18:04:29', NULL),
(157, 14, 33, 924, 'Snorkel wide body', NULL, 1, NULL, NULL, 300, 300, 0, '2022-06-25 18:04:29', '2022-06-25 18:04:29', NULL),
(158, 14, NULL, 884, 'Resortes delanteros Nitrocharger Sport no bumper', NULL, 1, NULL, NULL, 150, 150, 0, '2022-06-25 18:04:29', '2022-06-25 18:04:29', NULL),
(159, 14, NULL, 887, 'Compensador delantero Nitrocharger Sport no bumper', NULL, 2, NULL, NULL, 150, 300, 0, '2022-06-25 18:04:29', '2022-06-25 18:04:29', NULL),
(160, 14, NULL, 889, 'Hoja de Resorte trasera Nitrocharger Sport', NULL, 2, NULL, NULL, 200, 400, 0, '2022-06-25 18:04:29', '2022-06-25 18:04:29', NULL),
(161, 14, NULL, 890, 'Compensador trasero Nitrocharger sport', NULL, 2, NULL, NULL, 100, 200, 0, '2022-06-25 18:04:29', '2022-06-25 18:04:29', NULL),
(162, 14, NULL, 891, 'Bushings traseros', NULL, 2, NULL, NULL, 50, 100, 0, '2022-06-25 18:04:29', '2022-06-25 18:04:29', NULL),
(163, 14, NULL, 892, 'Gasas traseras', NULL, 4, NULL, NULL, 50, 200, 0, '2022-06-25 18:04:29', '2022-06-25 18:04:29', NULL),
(164, 14, NULL, 893, 'Platina correctora de ángulo de luces', NULL, 1, NULL, NULL, 50, 50, 0, '2022-06-25 18:04:29', '2022-06-25 18:04:29', NULL),
(165, 14, NULL, 894, 'Balancines engrasables', NULL, 1, NULL, NULL, 150, 150, 0, '2022-06-25 18:04:29', '2022-06-25 18:04:29', NULL),
(166, 14, 34, 1302, 'Snorkel Armax', NULL, 1, NULL, NULL, 400, 400, 0, '2022-06-25 18:04:29', '2022-06-25 18:04:29', NULL),
(167, 14, 35, 809, 'Planchas', NULL, 1, NULL, NULL, 350, 350, 0, '2022-06-25 18:04:29', '2022-06-25 18:04:29', NULL),
(168, 14, NULL, 827, 'Resortes delanteros no bumper', NULL, 1, NULL, NULL, 150, 150, 0, '2022-06-25 18:04:29', '2022-06-25 18:04:29', NULL),
(169, 14, NULL, 830, 'Compresador delantero Nitrocharger Sport ', NULL, 2, NULL, NULL, 150, 300, 0, '2022-06-25 18:04:29', '2022-06-25 18:04:29', NULL),
(170, 14, NULL, 831, 'Resortes traseros', NULL, 1, NULL, NULL, 150, 150, 0, '2022-06-25 18:04:29', '2022-06-25 18:04:29', NULL),
(171, 14, NULL, 832, 'Compensador trasero Nitrocharger Sport', NULL, 2, NULL, NULL, 100, 200, 0, '2022-06-25 18:04:29', '2022-06-25 18:04:29', NULL),
(172, 14, NULL, 1468, 'Resortes delanteros Nitrocharger Sport no bumper', NULL, 1, NULL, NULL, 150, 150, 0, '2022-06-25 18:04:29', '2022-06-25 18:04:29', NULL),
(173, 14, NULL, 1471, 'Compensador delantero Nitrocharger Sport', NULL, 2, NULL, NULL, 150, 300, 0, '2022-06-25 18:04:29', '2022-06-25 18:04:29', NULL),
(174, 14, NULL, 1472, 'Resortes traseros Nitrocharger Sport', NULL, 1, NULL, NULL, 150, 150, 0, '2022-06-25 18:04:29', '2022-06-25 18:04:29', NULL),
(175, 14, NULL, 1473, 'Compensador trasero Nitrocharger Sport', NULL, 2, NULL, NULL, 100, 200, 0, '2022-06-25 18:04:29', '2022-06-25 18:04:29', NULL),
(176, 14, NULL, 2313, 'Resortes delanteros Nitrocharger Sport no bumper', NULL, 1, NULL, NULL, 150, 150, 0, '2022-06-25 18:04:29', '2022-06-25 18:04:29', NULL),
(177, 14, NULL, 2315, 'Compensador delantero Nitrocharger Sport', NULL, 2, NULL, NULL, 150, 300, 0, '2022-06-25 18:04:29', '2022-06-25 18:04:29', NULL),
(178, 14, NULL, 2316, 'Resortes traseros Nitrocharger Sport', NULL, 1, NULL, NULL, 150, 150, 0, '2022-06-25 18:04:29', '2022-06-25 18:04:29', NULL),
(179, 14, NULL, 2317, 'Compensador trasero Nitrocharger Sport', NULL, 2, NULL, NULL, 100, 200, 0, '2022-06-25 18:04:29', '2022-06-25 18:04:29', NULL),
(180, 14, NULL, 168, 'Barra de torsión motor gasolina', NULL, 1, NULL, NULL, 250, 250, 0, '2022-06-25 18:04:29', '2022-06-25 18:04:29', NULL),
(181, 14, NULL, 170, 'Resortes traseros Nitrocharger Sport', NULL, 1, NULL, NULL, 150, 150, 0, '2022-06-25 18:04:29', '2022-06-25 18:04:29', NULL),
(182, 14, NULL, 173, 'Compensador delantero Nitrocharger Sport', NULL, 2, NULL, NULL, 100, 200, 0, '2022-06-25 18:04:29', '2022-06-25 18:04:29', NULL),
(183, 14, NULL, 174, 'Compensador trasero Nitrocharger Sport', NULL, 2, NULL, NULL, 100, 200, 0, '2022-06-25 18:04:29', '2022-06-25 18:04:29', NULL),
(184, 14, NULL, 1287, 'Hoja de Resorte Nitrocharger Sport', NULL, 1, NULL, NULL, 200, 200, 0, '2022-06-25 18:04:29', '2022-06-25 18:04:29', NULL),
(185, 14, NULL, 1290, 'Bushings', NULL, 1, NULL, NULL, 50, 50, 0, '2022-06-25 18:04:29', '2022-06-25 18:04:29', NULL),
(186, 14, NULL, 4184, 'Bushing de coilover BP51', 'Sherical Bearing 12MT', 4, NULL, NULL, 25, 100, 0, '2022-06-25 18:04:29', '2022-06-25 18:04:29', NULL),
(187, 14, NULL, 4183, 'Bushing de compensador delantero', 'Bushing vulcanizado', 6, NULL, NULL, 15, 90, 0, '2022-06-25 18:04:29', '2022-06-25 18:04:29', NULL);

-- --------------------------------------------------------

--
-- Estructura de tabla para la tabla `ordenes_compras_incidencias`
--

CREATE TABLE `ordenes_compras_incidencias` (
  `id_orden_compra_incidencia` int(11) NOT NULL,
  `id_orden_compra` int(11) NOT NULL,
  `id_usuario` int(11) NOT NULL,
  `incidencia` longtext NOT NULL,
  `created_at` timestamp NULL DEFAULT CURRENT_TIMESTAMP,
  `updated_at` timestamp NULL DEFAULT CURRENT_TIMESTAMP,
  `deleted_at` timestamp NULL DEFAULT NULL
) ENGINE=InnoDB DEFAULT CHARSET=utf8mb4;

--
-- Volcado de datos para la tabla `ordenes_compras_incidencias`
--

INSERT INTO `ordenes_compras_incidencias` (`id_orden_compra_incidencia`, `id_orden_compra`, `id_usuario`, `incidencia`, `created_at`, `updated_at`, `deleted_at`) VALUES
(1, 1, 1, 'sadsaddsdas', '2022-04-27 20:15:44', '2022-04-27 20:15:44', NULL);

-- --------------------------------------------------------

--
-- Estructura de tabla para la tabla `ordenes_trabajos`
--

CREATE TABLE `ordenes_trabajos` (
  `id_orden_trabajo` int(11) NOT NULL,
  `id_cliente` int(11) NOT NULL,
  `id_cotizacion` int(11) DEFAULT NULL,
  `id_vehiculo` int(11) NOT NULL,
  `id_medio_pago` int(11) NOT NULL,
  `fecha` datetime NOT NULL DEFAULT CURRENT_TIMESTAMP,
  `mecanico` varchar(50) DEFAULT NULL,
  `fecha_inicio` datetime DEFAULT NULL,
  `fecha_fin` datetime DEFAULT NULL,
  `observaciones` varchar(255) DEFAULT NULL,
  `sub_total` double NOT NULL,
  `sub_total_servicios` double NOT NULL,
  `sub_total_partes` double NOT NULL,
  `sub_total_combos` double NOT NULL,
  `sub_total_articulos` double NOT NULL,
  `sub_total_insumos` double NOT NULL,
  `iva` double NOT NULL,
  `total_ot` double NOT NULL,
  `abonos_totales` double NOT NULL DEFAULT '0',
  `saldo` double NOT NULL,
  `entrega_accesorios` int(1) DEFAULT NULL,
  `cliente_entrega_accesorios` int(1) DEFAULT NULL,
  `porcentaje_avance` int(3) NOT NULL DEFAULT '0',
  `cerrada` int(11) NOT NULL DEFAULT '0',
  `facturada` int(11) NOT NULL DEFAULT '0',
  `created_at` timestamp NULL DEFAULT CURRENT_TIMESTAMP,
  `updated_at` datetime DEFAULT CURRENT_TIMESTAMP,
  `deleted_at` timestamp NULL DEFAULT NULL
) ENGINE=InnoDB DEFAULT CHARSET=utf8mb4;

--
-- Volcado de datos para la tabla `ordenes_trabajos`
--

INSERT INTO `ordenes_trabajos` (`id_orden_trabajo`, `id_cliente`, `id_cotizacion`, `id_vehiculo`, `id_medio_pago`, `fecha`, `mecanico`, `fecha_inicio`, `fecha_fin`, `observaciones`, `sub_total`, `sub_total_servicios`, `sub_total_partes`, `sub_total_combos`, `sub_total_articulos`, `sub_total_insumos`, `iva`, `total_ot`, `abonos_totales`, `saldo`, `entrega_accesorios`, `cliente_entrega_accesorios`, `porcentaje_avance`, `cerrada`, `facturada`, `created_at`, `updated_at`, `deleted_at`) VALUES
(1, 1, 1, 1, 1, '2022-03-31 00:00:00', 'Errol', '2022-03-31 11:56:00', '1970-01-01 00:00:00', NULL, 950, 0, 950, 0, 0, 0, 123.5, 1073.5, 1073.5, 0, NULL, NULL, 100, 0, 0, '2022-03-31 20:53:08', '2022-03-31 18:00:42', NULL),
(2, 1, 3, 1, 2, '2022-05-12 00:00:00', NULL, NULL, NULL, NULL, 1950, 0, 300, 1650, 0, 0, 253.5, 2203.5, 0, 2203.5, NULL, NULL, 0, 0, 0, '2022-05-12 22:00:22', '2022-05-12 18:00:22', NULL),
(3, 1, 5, 5, 1, '2022-05-21 00:00:00', 'Errol', '2022-05-21 09:00:00', NULL, NULL, 11057, 0, 6200, 4850, 7, 0, 1437.41, 12494.41, 6000, 6494.41, NULL, NULL, 12, 0, 0, '2022-05-21 19:00:00', '2022-05-21 16:04:12', NULL),
(4, 1, 7, 1, 1, '2022-05-21 00:00:00', 'Errol', '2022-05-21 11:52:00', NULL, NULL, 8415, 0, 4600, 3650, 165, 0, 1093.95, 9508.95, 2500, 7008.95, NULL, NULL, 25, 0, 0, '2022-05-21 21:52:06', '2022-05-21 17:52:33', NULL),
(5, 20, 20, 24, 1, '2022-05-30 00:00:00', 'Errol', '2022-05-30 15:00:00', '1970-01-01 00:00:00', NULL, 1650, 0, 0, 1650, 0, 0, 214.5, 1864.5, 800, 1064.5, NULL, NULL, 100, 0, 0, '2022-05-31 00:58:44', '2022-05-30 21:02:27', NULL);

-- --------------------------------------------------------

--
-- Estructura de tabla para la tabla `ordenes_trabajos_articulos`
--

CREATE TABLE `ordenes_trabajos_articulos` (
  `id_orden_trabajo_articulo` int(11) NOT NULL,
  `id_orden_trabajo` int(11) NOT NULL,
  `id_articulo` int(11) NOT NULL,
  `cantidad` double NOT NULL,
  `precio` double NOT NULL,
  `total` double NOT NULL,
  `created_at` timestamp NULL DEFAULT CURRENT_TIMESTAMP,
  `updated_at` timestamp NULL DEFAULT CURRENT_TIMESTAMP,
  `deleted_at` timestamp NULL DEFAULT NULL
) ENGINE=InnoDB DEFAULT CHARSET=utf8mb4;

--
-- Volcado de datos para la tabla `ordenes_trabajos_articulos`
--

INSERT INTO `ordenes_trabajos_articulos` (`id_orden_trabajo_articulo`, `id_orden_trabajo`, `id_articulo`, `cantidad`, `precio`, `total`, `created_at`, `updated_at`, `deleted_at`) VALUES
(1, 3, 2, 1, 7, 7, '2022-05-21 19:37:47', '2022-05-21 19:37:47', NULL),
(2, 4, 1, 1, 165, 165, '2022-05-21 21:52:06', '2022-05-21 21:52:06', NULL);

-- --------------------------------------------------------

--
-- Estructura de tabla para la tabla `ordenes_trabajos_combos`
--

CREATE TABLE `ordenes_trabajos_combos` (
  `id_orden_trabajo_combo` int(11) NOT NULL,
  `id_orden_trabajo` int(11) NOT NULL,
  `id_combo` int(11) NOT NULL,
  `cantidad` int(4) NOT NULL DEFAULT '1',
  `precio` double NOT NULL,
  `total` double NOT NULL,
  `created_at` timestamp NOT NULL DEFAULT CURRENT_TIMESTAMP,
  `updated_at` timestamp NOT NULL DEFAULT CURRENT_TIMESTAMP,
  `deleted_at` timestamp NULL DEFAULT NULL
) ENGINE=InnoDB DEFAULT CHARSET=utf8mb4;

--
-- Volcado de datos para la tabla `ordenes_trabajos_combos`
--

INSERT INTO `ordenes_trabajos_combos` (`id_orden_trabajo_combo`, `id_orden_trabajo`, `id_combo`, `cantidad`, `precio`, `total`, `created_at`, `updated_at`, `deleted_at`) VALUES
(22, 2, 171, 1, 1650, 1650, '2022-05-12 22:00:22', '2022-05-12 22:00:22', NULL),
(23, 3, 81, 1, 2550, 2550, '2022-05-21 19:00:00', '2022-05-21 19:00:00', NULL),
(24, 3, 87, 1, 2300, 2300, '2022-05-21 19:00:00', '2022-05-21 19:00:00', NULL),
(25, 4, 171, 1, 1650, 1650, '2022-05-21 21:52:06', '2022-05-21 21:52:06', NULL),
(26, 4, 174, 1, 2000, 2000, '2022-05-21 21:52:06', '2022-05-21 21:52:06', NULL),
(27, 5, 407, 1, 1650, 1650, '2022-05-31 00:58:44', '2022-05-31 00:58:44', NULL);

-- --------------------------------------------------------

--
-- Estructura de tabla para la tabla `ordenes_trabajos_combos_partes`
--

CREATE TABLE `ordenes_trabajos_combos_partes` (
  `id_orden_trabajo_combo_parte` int(11) NOT NULL,
  `id_orden_trabajo_combo` int(11) NOT NULL,
  `id_parte` int(11) NOT NULL,
  `cantidad` int(4) NOT NULL,
  `created_at` timestamp NOT NULL DEFAULT CURRENT_TIMESTAMP,
  `updated_at` timestamp NOT NULL DEFAULT CURRENT_TIMESTAMP,
  `deleted_at` timestamp NULL DEFAULT NULL
) ENGINE=InnoDB DEFAULT CHARSET=utf8mb4;

--
-- Volcado de datos para la tabla `ordenes_trabajos_combos_partes`
--

INSERT INTO `ordenes_trabajos_combos_partes` (`id_orden_trabajo_combo_parte`, `id_orden_trabajo_combo`, `id_parte`, `cantidad`, `created_at`, `updated_at`, `deleted_at`) VALUES
(48, 22, 826, 1, '2022-05-12 22:00:22', '2022-05-12 22:00:22', NULL),
(49, 22, 827, 1, '2022-05-12 22:00:22', '2022-05-12 22:00:22', NULL),
(50, 22, 830, 2, '2022-05-12 22:00:22', '2022-05-12 22:00:22', NULL),
(51, 22, 832, 2, '2022-05-12 22:00:22', '2022-05-12 22:00:22', NULL),
(52, 22, 833, 1, '2022-05-12 22:00:22', '2022-05-12 22:00:22', NULL),
(53, 23, 294, 2, '2022-05-21 19:00:00', '2022-05-21 19:00:00', NULL),
(54, 23, 297, 2, '2022-05-21 19:00:00', '2022-05-21 19:00:00', NULL),
(55, 23, 299, 4, '2022-05-21 19:00:00', '2022-05-21 19:00:00', NULL),
(56, 23, 300, 4, '2022-05-21 19:00:00', '2022-05-21 19:00:00', NULL),
(57, 23, 301, 1, '2022-05-21 19:00:00', '2022-05-21 19:00:00', NULL),
(58, 23, 302, 2, '2022-05-21 19:00:00', '2022-05-21 19:00:00', NULL),
(59, 23, 303, 1, '2022-05-21 19:00:00', '2022-05-21 19:00:00', NULL),
(60, 23, 304, 1, '2022-05-21 19:00:00', '2022-05-21 19:00:00', NULL),
(61, 23, 305, 1, '2022-05-21 19:00:00', '2022-05-21 19:00:00', NULL),
(62, 23, 307, 2, '2022-05-21 19:00:00', '2022-05-21 19:00:00', NULL),
(63, 23, 308, 4, '2022-05-21 19:00:00', '2022-05-21 19:00:00', NULL),
(64, 23, 309, 1, '2022-05-21 19:00:00', '2022-05-21 19:00:00', NULL),
(65, 24, 328, 1, '2022-05-21 19:00:00', '2022-05-21 19:00:00', NULL),
(66, 25, 828, 1, '2022-05-21 21:52:06', '2022-05-21 21:52:06', NULL),
(67, 25, 830, 2, '2022-05-21 21:52:06', '2022-05-21 21:52:06', NULL),
(68, 25, 831, 1, '2022-05-21 21:52:06', '2022-05-21 21:52:06', NULL),
(69, 25, 832, 2, '2022-05-21 21:52:06', '2022-05-21 21:52:06', NULL),
(70, 26, 841, 1, '2022-05-21 21:52:06', '2022-05-21 21:52:06', NULL),
(71, 27, 2158, 2, '2022-05-31 00:58:44', '2022-05-31 00:58:44', NULL),
(72, 27, 2159, 1, '2022-05-31 00:58:44', '2022-05-31 00:58:44', NULL),
(73, 27, 2160, 1, '2022-05-31 00:58:44', '2022-05-31 00:58:44', NULL),
(74, 27, 2161, 2, '2022-05-31 00:58:44', '2022-05-31 00:58:44', NULL),
(75, 27, 2162, 2, '2022-05-31 00:58:44', '2022-05-31 00:58:44', NULL);

-- --------------------------------------------------------

--
-- Estructura de tabla para la tabla `ordenes_trabajos_incidencias`
--

CREATE TABLE `ordenes_trabajos_incidencias` (
  `id_orden_trabajo_incidencia` int(11) NOT NULL,
  `id_orden_trabajo` int(11) NOT NULL,
  `id_usuario` int(11) NOT NULL,
  `incidencia` longtext NOT NULL,
  `created_at` timestamp NULL DEFAULT CURRENT_TIMESTAMP,
  `updated_at` timestamp NULL DEFAULT CURRENT_TIMESTAMP,
  `deleted_at` timestamp NULL DEFAULT NULL
) ENGINE=InnoDB DEFAULT CHARSET=utf8mb4;

-- --------------------------------------------------------

--
-- Estructura de tabla para la tabla `ordenes_trabajos_insumos`
--

CREATE TABLE `ordenes_trabajos_insumos` (
  `id_orden_trabajo_insumo` int(11) NOT NULL,
  `id_orden_trabajo` int(11) NOT NULL,
  `descripcion` varchar(150) NOT NULL,
  `cantidad` double NOT NULL,
  `precio` double NOT NULL,
  `total` double NOT NULL,
  `created_at` timestamp NULL DEFAULT CURRENT_TIMESTAMP,
  `updated_at` timestamp NULL DEFAULT CURRENT_TIMESTAMP,
  `deleted_at` timestamp NULL DEFAULT NULL
) ENGINE=InnoDB DEFAULT CHARSET=utf8mb4;

-- --------------------------------------------------------

--
-- Estructura de tabla para la tabla `ordenes_trabajos_partes`
--

CREATE TABLE `ordenes_trabajos_partes` (
  `id_orden_trabajo_parte` int(11) NOT NULL,
  `id_orden_trabajo` int(11) NOT NULL,
  `id_parte` int(11) NOT NULL,
  `cantidad` int(4) NOT NULL,
  `precio` double NOT NULL,
  `total` double NOT NULL,
  `created_at` timestamp NULL DEFAULT CURRENT_TIMESTAMP,
  `updated_at` timestamp NULL DEFAULT CURRENT_TIMESTAMP,
  `deleted_at` timestamp NULL DEFAULT NULL
) ENGINE=InnoDB DEFAULT CHARSET=utf8mb4;

--
-- Volcado de datos para la tabla `ordenes_trabajos_partes`
--

INSERT INTO `ordenes_trabajos_partes` (`id_orden_trabajo_parte`, `id_orden_trabajo`, `id_parte`, `cantidad`, `precio`, `total`, `created_at`, `updated_at`, `deleted_at`) VALUES
(1, 1, 46, 1, 950, 950, '2022-03-31 20:53:08', '2022-03-31 20:53:08', NULL),
(2, 2, 828, 1, 300, 300, '2022-05-12 22:00:22', '2022-05-12 22:00:22', NULL),
(3, 3, 290, 1, 1600, 1600, '2022-05-21 19:00:00', '2022-05-21 19:00:00', NULL),
(4, 3, 291, 1, 2800, 2800, '2022-05-21 19:00:00', '2022-05-21 19:00:00', NULL),
(5, 3, 310, 1, 700, 700, '2022-05-21 19:00:00', '2022-05-21 19:00:00', NULL),
(6, 3, 311, 1, 1100, 1100, '2022-05-21 19:00:00', '2022-05-21 19:00:00', NULL),
(7, 4, 819, 1, 2600, 2600, '2022-05-21 21:52:06', '2022-05-21 21:52:06', NULL),
(8, 4, 834, 1, 900, 900, '2022-05-21 21:52:06', '2022-05-21 21:52:06', NULL),
(9, 4, 839, 1, 1100, 1100, '2022-05-21 21:52:06', '2022-05-21 21:52:06', NULL);

-- --------------------------------------------------------

--
-- Estructura de tabla para la tabla `ordenes_trabajos_servicios`
--

CREATE TABLE `ordenes_trabajos_servicios` (
  `id_orden_trabajo_servicio` int(11) NOT NULL,
  `id_orden_trabajo` int(11) NOT NULL,
  `id_servicio` int(11) NOT NULL,
  `descripcion` varchar(100) DEFAULT NULL,
  `cantidad` int(4) NOT NULL,
  `precio` double NOT NULL,
  `total` double NOT NULL,
  `terminado` int(1) NOT NULL DEFAULT '0',
  `terminado_por` int(11) DEFAULT NULL,
  `terminado_fecha` datetime DEFAULT NULL,
  `created_at` timestamp NULL DEFAULT CURRENT_TIMESTAMP,
  `updated_at` timestamp NULL DEFAULT CURRENT_TIMESTAMP,
  `deleted_at` timestamp NULL DEFAULT NULL
) ENGINE=InnoDB DEFAULT CHARSET=utf8mb4;

--
-- Volcado de datos para la tabla `ordenes_trabajos_servicios`
--

INSERT INTO `ordenes_trabajos_servicios` (`id_orden_trabajo_servicio`, `id_orden_trabajo`, `id_servicio`, `descripcion`, `cantidad`, `precio`, `total`, `terminado`, `terminado_por`, `terminado_fecha`, `created_at`, `updated_at`, `deleted_at`) VALUES
(1, 1, 1, 'Snorkel Armax', 1, 0, 0, 1, 2, '2022-03-31 17:56:53', '2022-03-31 20:53:08', '2022-03-31 20:56:53', NULL),
(2, 2, 1, 'Resortes delanteros para bumper', 1, 0, 0, 0, NULL, NULL, '2022-05-12 22:00:22', '2022-05-12 22:00:22', NULL),
(3, 2, 1, 'Suspension Nitrocharger Sport 35mm/25mm', 1, 0, 0, 0, NULL, NULL, '2022-05-12 22:00:22', '2022-05-12 22:00:22', NULL),
(4, 2, 1, 'Resortes delanteros no bumper', 1, 0, 0, 0, NULL, NULL, '2022-05-12 22:00:22', '2022-05-12 22:00:22', NULL),
(5, 2, 1, 'Compresador delantero Nitrocharger Sport ', 1, 0, 0, 0, NULL, NULL, '2022-05-12 22:00:22', '2022-05-12 22:00:22', NULL),
(6, 2, 1, 'Compensador trasero Nitrocharger Sport', 1, 0, 0, 0, NULL, NULL, '2022-05-12 22:00:22', '2022-05-12 22:00:22', NULL),
(7, 2, 1, 'Espaciador', 1, 0, 0, 0, NULL, NULL, '2022-05-12 22:00:22', '2022-05-12 22:00:22', NULL),
(8, 3, 1, 'Bumper delantero Deluxe', 1, 0, 0, 1, 2, '2022-05-21 15:00:56', '2022-05-21 19:00:00', '2022-05-21 19:00:56', NULL),
(9, 3, 1, 'Bumper trasero Dobinsons con porta repuesto ', 1, 0, 0, 1, 2, '2022-05-21 15:00:59', '2022-05-21 19:00:00', '2022-05-21 19:00:59', NULL),
(10, 3, 1, 'Snorkel V-Spec', 1, 0, 0, 0, NULL, NULL, '2022-05-21 19:00:00', '2022-05-21 19:00:00', NULL),
(11, 3, 1, 'Steps', 1, 0, 0, 0, NULL, NULL, '2022-05-21 19:00:00', '2022-05-21 19:00:00', NULL),
(12, 3, 1, 'Hoja de Resorte delantera Nitrocharger Sport motor gasolina para bumper', 1, 0, 0, 0, NULL, NULL, '2022-05-21 19:00:00', '2022-05-21 19:00:00', NULL),
(13, 3, 1, 'Compensador delantero Nitrocharger Sport', 1, 0, 0, 0, NULL, NULL, '2022-05-21 19:00:00', '2022-05-21 19:00:00', NULL),
(14, 3, 1, 'Bushings para hoja de resorte', 1, 0, 0, 0, NULL, NULL, '2022-05-21 19:00:00', '2022-05-21 19:00:00', NULL),
(15, 3, 1, 'Gasas delanteras', 1, 0, 0, 0, NULL, NULL, '2022-05-21 19:00:00', '2022-05-21 19:00:00', NULL),
(16, 3, 1, 'Balancines engrasables delanteros', 1, 0, 0, 0, NULL, NULL, '2022-05-21 19:00:00', '2022-05-21 19:00:00', NULL),
(17, 3, 1, 'Pines engrasables', 1, 0, 0, 0, NULL, NULL, '2022-05-21 19:00:00', '2022-05-21 19:00:00', NULL),
(18, 3, 1, 'Compensador de dirección Nitrocharger Sport', 1, 0, 0, 0, NULL, NULL, '2022-05-21 19:00:00', '2022-05-21 19:00:00', NULL),
(19, 3, 1, 'Hoja de Resorte trasera izquierda Nitrocharger Sport', 1, 0, 0, 0, NULL, NULL, '2022-05-21 19:00:00', '2022-05-21 19:00:00', NULL),
(20, 3, 1, 'Hoja de Resorte trasera derecha Nitrocharger Sport', 1, 0, 0, 0, NULL, NULL, '2022-05-21 19:00:00', '2022-05-21 19:00:00', NULL),
(21, 3, 1, 'Compensador trasero Nitrocharger Sport 1986 on', 1, 0, 0, 0, NULL, NULL, '2022-05-21 19:00:00', '2022-05-21 19:00:00', NULL),
(22, 3, 1, 'Gasas traseras', 1, 0, 0, 0, NULL, NULL, '2022-05-21 19:00:00', '2022-05-21 19:00:00', NULL),
(23, 3, 1, 'Balancines engrasables traseros', 1, 0, 0, 0, NULL, NULL, '2022-05-21 19:00:00', '2022-05-21 19:00:00', NULL),
(24, 3, 1, 'Fit kit canasta 2200x1250mm', 1, 0, 0, 0, NULL, NULL, '2022-05-21 19:00:00', '2022-05-21 19:00:00', NULL),
(25, 4, 1, 'Bumper delantero Summit', 1, 0, 0, 1, 2, '2022-05-21 17:52:20', '2022-05-21 21:52:06', '2022-05-21 21:52:20', NULL),
(26, 4, 1, 'Snorkel', 1, 0, 0, 1, 2, '2022-05-21 17:52:18', '2022-05-21 21:52:06', '2022-05-21 21:52:18', NULL),
(27, 4, 1, 'Planchas', 1, 0, 0, 0, NULL, NULL, '2022-05-21 21:52:06', '2022-05-21 21:52:06', NULL),
(28, 4, 1, 'Resortes delanteros para bumper', 1, 0, 0, 0, NULL, NULL, '2022-05-21 21:52:06', '2022-05-21 21:52:06', NULL),
(29, 4, 1, 'Compresador delantero Nitrocharger Sport ', 1, 0, 0, 0, NULL, NULL, '2022-05-21 21:52:06', '2022-05-21 21:52:06', NULL),
(30, 4, 1, 'Resortes traseros', 1, 0, 0, 0, NULL, NULL, '2022-05-21 21:52:06', '2022-05-21 21:52:06', NULL),
(31, 4, 1, 'Compensador trasero Nitrocharger Sport', 1, 0, 0, 0, NULL, NULL, '2022-05-21 21:52:06', '2022-05-21 21:52:06', NULL),
(32, 4, 1, 'Fit kit 1790x1120mm', 1, 0, 0, 0, NULL, NULL, '2022-05-21 21:52:06', '2022-05-21 21:52:06', NULL),
(33, 5, 1, 'Suspensión Nitrocharger Sport 0mm / 20mm', 1, 0, 0, 1, 2, '2022-05-30 21:02:27', '2022-05-31 00:58:44', '2022-05-31 01:02:27', NULL);

-- --------------------------------------------------------

--
-- Estructura de tabla para la tabla `ordenes_trabajo_abonos`
--

CREATE TABLE `ordenes_trabajo_abonos` (
  `id_orden_trabajo_abono` int(11) NOT NULL,
  `id_orden_trabajo` int(11) NOT NULL,
  `id_usuario` int(11) NOT NULL,
  `id_medio_pago` int(11) NOT NULL,
  `monto_abono` double NOT NULL,
  `saldo_abono` double NOT NULL,
  `observacion` varchar(255) DEFAULT NULL,
  `id_usuario_anula` int(11) DEFAULT NULL,
  `created_at` timestamp NULL DEFAULT CURRENT_TIMESTAMP,
  `updated_at` timestamp NULL DEFAULT CURRENT_TIMESTAMP,
  `deleted_at` timestamp NULL DEFAULT NULL
) ENGINE=InnoDB DEFAULT CHARSET=utf8mb4;

--
-- Volcado de datos para la tabla `ordenes_trabajo_abonos`
--

INSERT INTO `ordenes_trabajo_abonos` (`id_orden_trabajo_abono`, `id_orden_trabajo`, `id_usuario`, `id_medio_pago`, `monto_abono`, `saldo_abono`, `observacion`, `id_usuario_anula`, `created_at`, `updated_at`, `deleted_at`) VALUES
(1, 1, 2, 1, 1073.5, 0, NULL, NULL, '2022-03-31 21:00:42', '2022-03-31 21:00:42', NULL),
(2, 3, 2, 1, 6000, 6494.41, NULL, NULL, '2022-05-21 20:04:12', '2022-05-21 20:04:12', NULL),
(3, 4, 2, 1, 2500, 7008.95, NULL, NULL, '2022-05-21 21:52:33', '2022-05-21 21:52:33', NULL),
(4, 5, 2, 1, 800, 1064.5, NULL, NULL, '2022-05-31 00:59:28', '2022-05-31 00:59:28', NULL);

-- --------------------------------------------------------

--
-- Estructura de tabla para la tabla `partes`
--

CREATE TABLE `partes` (
  `id_parte` int(11) NOT NULL,
  `id_modelo` int(11) DEFAULT NULL,
  `anio_i` int(4) DEFAULT NULL,
  `anio_f` int(4) DEFAULT NULL,
  `num_parte` varchar(100) NOT NULL,
  `nombre` varchar(150) NOT NULL,
  `descripcion` varchar(100) DEFAULT NULL,
  `id_articulo_categoria` int(11) NOT NULL,
  `id_unidad_medida` int(11) NOT NULL,
  `cantidad_unidad` int(4) NOT NULL,
  `precio_costo` double NOT NULL,
  `margen` float NOT NULL,
  `precio_sugerido` double NOT NULL,
  `precio_establecido` double NOT NULL,
  `precio_distibuidor` double NOT NULL,
  `stock_min` int(4) NOT NULL,
  `stock_max` int(4) NOT NULL,
  `stock_actual` int(4) NOT NULL DEFAULT '0',
  `created_at` timestamp NOT NULL DEFAULT CURRENT_TIMESTAMP,
  `updated_at` timestamp NOT NULL DEFAULT CURRENT_TIMESTAMP,
  `deleted_at` timestamp NULL DEFAULT NULL
) ENGINE=InnoDB DEFAULT CHARSET=utf8mb4;

--
-- Volcado de datos para la tabla `partes`
--

INSERT INTO `partes` (`id_parte`, `id_modelo`, `anio_i`, `anio_f`, `num_parte`, `nombre`, `descripcion`, `id_articulo_categoria`, `id_unidad_medida`, `cantidad_unidad`, `precio_costo`, `margen`, `precio_sugerido`, `precio_establecido`, `precio_distibuidor`, `stock_min`, `stock_max`, `stock_actual`, `created_at`, `updated_at`, `deleted_at`) VALUES
(1, 1, 2018, 2021, '3415230', 'Bumper delantero Summit', NULL, 2, 1, 1, 1450, 1550, 2900, 3000, 2700, 0, 0, 0, '2022-05-25 11:48:14', '2022-05-25 11:48:14', NULL),
(2, 1, 2015, 2017, '3415220', 'Bumper delantero Summit VX', NULL, 2, 2, 1, 1450, 1550, 2900, 3000, 2700, 0, 0, 0, '2022-05-25 11:48:14', '2022-05-25 11:48:14', NULL),
(3, 1, 2015, 2017, '3415200', 'Bumper delantero Summit GX', NULL, 2, 2, 1, 1500, 1500, 3000, 3000, 2700, 0, 0, 0, '2022-05-25 11:48:14', '2022-05-25 11:48:14', NULL),
(4, 1, 2018, 2021, '3915230', 'Bumper delantero Sahara con tubo negro', NULL, 2, 2, 1, 1600, 1600, 4000, 3200, 2880, 0, 0, 0, '2022-05-25 11:48:14', '2022-05-25 11:48:14', NULL),
(5, 1, 2018, 2021, '5100430', 'Tubo negro central para bumper Sahara', NULL, 3, 2, 1, 400, 400, 800, 800, 720, 0, 0, 0, '2022-05-25 11:48:14', '2022-05-25 11:48:14', NULL),
(6, 1, 2015, 2017, '3915250', 'Bumper delantero Sahara con tubo negro VX', NULL, 2, 2, 1, 1600, 1600, 4000, 3200, 2880, 0, 0, 0, '2022-05-25 11:48:14', '2022-05-25 11:48:14', NULL),
(7, 1, 2015, 2017, '5100430', 'Tubo negro central para bumper Sahara', NULL, 3, 2, 1, 400, 400, 800, 800, 720, 0, 0, 0, '2022-05-25 11:48:14', '2022-05-25 11:48:14', NULL),
(8, 1, 2018, 2021, '3915230', 'Bumper delantero Sahara con tubo cromado 2018 on', NULL, 2, 2, 1, 1600, 1600, 3500, 3200, 2880, 0, 0, 0, '2022-05-25 11:48:14', '2022-05-25 11:48:14', NULL),
(9, 1, 2018, 2021, '5100300', 'Tubo cromado central para bumper Sahara', NULL, 4, 2, 1, 150, 150, 300, 300, 270, 0, 0, 0, '2022-05-25 11:48:14', '2022-05-25 11:48:14', NULL),
(10, 1, 2015, 2017, '3915250', 'Bumper delantero Sahara con tubo cromado VX', NULL, 2, 2, 1, 1600, 1600, 3500, 3200, 2880, 0, 0, 0, '2022-05-25 11:48:14', '2022-05-25 11:48:14', NULL),
(11, 1, 2015, 2017, '5100300', 'Tubo cromado central para bumper Sahara', NULL, 4, 2, 1, 150, 150, 300, 300, 270, 0, 0, 0, '2022-05-25 11:48:14', '2022-05-25 11:48:14', NULL),
(12, 1, 2015, 2017, '3915200', 'Bumper delantero Sahara con tubo cromado GX', NULL, 2, 2, 1, 1600, 1600, 3500, 3200, 2880, 0, 0, -10, '2022-05-25 11:48:14', '2022-05-25 09:47:57', NULL),
(13, 1, 2015, 2017, '5100300', 'Tubo cromado central para bumper Sahara', NULL, 4, 2, 1, 150, 150, 300, 300, 270, 0, 0, -10, '2022-05-25 11:48:14', '2022-05-25 09:47:57', NULL),
(14, 1, 2018, 2021, '3915230', 'Bumper delantero Sahara sin tubo ', NULL, 2, 2, 1, 1600, 1400, 3300, 3000, 2700, 0, 0, 0, '2022-05-25 11:48:14', '2022-05-25 11:48:14', NULL),
(15, 1, 2018, 2021, '5100230', 'Buffer kit para bumper Sahara sin tubo', NULL, 5, 2, 1, 50, 50, 100, 100, 90, 0, 0, 0, '2022-05-25 11:48:14', '2022-05-25 11:48:14', NULL),
(16, 1, 2015, 2017, '3915250', 'Bumper delantero Sahara sin tubo VX', NULL, 2, 2, 1, 1600, 1400, 3300, 3000, 2700, 0, 0, 0, '2022-05-25 11:48:14', '2022-05-25 11:48:14', NULL),
(17, 1, 2015, 2017, '5100230', 'Buffer kit para bumper Sahara sin tubo', NULL, 5, 2, 1, 50, 50, 100, 100, 90, 0, 0, 0, '2022-05-25 11:48:14', '2022-05-25 11:48:14', NULL),
(18, 1, 2015, 2017, '3915200', 'Bumper delantero Sahara sin tubo GX', NULL, 2, 2, 1, 1550, 1450, 3200, 3000, 2700, 0, 0, 0, '2022-05-25 11:48:14', '2022-05-25 11:48:14', NULL),
(19, 1, 2015, 2017, '5100230', 'Buffer kit para bumper Sahara sin tubo', NULL, 5, 2, 1, 50, 50, 100, 100, 90, 0, 0, 0, '2022-05-25 11:48:14', '2022-05-25 11:48:14', NULL),
(20, 1, 2016, 2021, '3500590', 'Halógenos neblineros summit', NULL, 6, 3, 1, 100, 100, 200, 200, 180, 0, 0, 0, '2022-05-25 11:48:14', '2022-05-25 11:48:14', NULL),
(21, 1, 2016, 2021, '3500910', 'Halógenos neblineros  summit LED', NULL, 6, 3, 1, 100, 150, 200, 250, 225, 0, 0, 0, '2022-05-25 11:48:14', '2022-05-25 11:48:14', NULL),
(22, 1, 2016, 2021, '5615040', 'Bumper trasero', NULL, 7, 2, 1, 1400, 1700, 3200, 3100, 2790, 0, 0, 0, '2022-05-25 11:48:14', '2022-05-25 11:48:14', NULL),
(23, 1, 2016, 2021, '5700231', 'Panel izquierdo bumper trasero', NULL, 8, 2, 1, 100, 100, 200, 200, 180, 0, 0, 0, '2022-05-25 11:48:14', '2022-05-25 11:48:14', NULL),
(24, 1, 2016, 2021, '5700232', 'Panel derecho bumper trasero', NULL, 8, 2, 1, 100, 100, 200, 200, 180, 0, 0, 0, '2022-05-25 11:48:14', '2022-05-25 11:48:14', NULL),
(25, 1, 2016, 2021, '5615040', 'Bumper trasero con porta repuesto y porta pichinga', NULL, 7, 2, 1, 1400, 2400, 4700, 3800, 3420, 0, 0, 0, '2022-05-25 11:48:14', '2022-05-25 11:48:14', NULL),
(26, 1, 2016, 2021, '5700251', 'Porta repuesto izquierdo', NULL, 9, 2, 1, 500, 500, 1000, 1000, 900, 0, 0, 0, '2022-05-25 11:48:15', '2022-05-25 11:48:15', NULL),
(27, 1, 2016, 2021, '5700262', 'Porta pichinga derecho', NULL, 10, 2, 1, 450, 450, 900, 900, 810, 0, 0, 0, '2022-05-25 11:48:15', '2022-05-25 11:48:15', NULL),
(28, 1, 2016, 2021, '5700252', 'Porta repuesto derecho', NULL, 9, 2, 1, 500, 500, 1000, 1000, 900, 0, 0, 0, '2022-05-25 11:48:15', '2022-05-25 11:48:15', NULL),
(29, 1, 2016, 2021, '5700261', 'Porta pichinga izquierdo', NULL, 10, 2, 1, 450, 450, 900, 900, 810, 0, 0, 0, '2022-05-25 11:48:15', '2022-05-25 11:48:15', NULL),
(30, 1, 2016, 2021, 'OME-NS-LC200-1', 'Suspensión Nitrocharger Sport 50mm / 20mm', NULL, 11, 4, 1, 850, 950, 1700, 1800, 1620, 0, 0, 0, '2022-05-25 11:48:15', '2022-05-25 11:48:15', NULL),
(31, 1, 2016, 2021, '90017', 'Compresador delantero Nitrocharger Sport no bumper', NULL, 11, 2, 2, 150, 150, 300, 300, 270, 0, 0, 0, '2022-05-25 11:48:15', '2022-05-25 11:48:15', NULL),
(32, 1, 2016, 2021, '91005', 'Compresador delantero Nitrocharger Sport para bumper', NULL, 11, 2, 2, 150, 150, 300, 300, 270, 0, 0, 0, '2022-05-25 11:48:15', '2022-05-25 11:48:15', NULL),
(33, 1, 2016, 2021, '2702', 'Resortes delanteros Nitrocharger Sport no bumper', NULL, 11, 3, 1, 150, 150, 300, 300, 270, 0, 0, 0, '2022-05-25 11:48:15', '2022-05-25 11:48:15', NULL),
(34, 1, 2016, 2021, '2703', 'Resortes delanteros Nitrocharger Sport para bumper', NULL, 11, 3, 1, 150, 150, 300, 300, 270, 0, 0, 0, '2022-05-25 11:48:15', '2022-05-25 11:48:15', NULL),
(35, 1, 2016, 2021, '61029', 'Compensador trasero Nitrocharger Sport', NULL, 11, 2, 2, 100, 100, 200, 200, 180, 0, 0, 0, '2022-05-25 11:48:15', '2022-05-25 11:48:15', NULL),
(36, 1, 2016, 2021, '2722', 'Resortes traseros Nitrocharger Sport', NULL, 11, 3, 1, 200, 100, 400, 300, 270, 0, 0, 0, '2022-05-25 11:48:15', '2022-05-25 11:48:15', NULL),
(37, 1, 2016, 2021, 'OME-BP-LC200-1', 'Suspensión BP-51 50mm / 20mm', NULL, 11, 4, 1, 2400, 1800, 4800, 4200, 3780, 0, 0, 0, '2022-05-25 11:48:15', '2022-05-25 11:48:15', NULL),
(38, 1, 2016, 2021, 'BP5190003R', 'Coilover BP51 derecho', NULL, 11, 2, 1, 600, 600, 1200, 1200, 1080, 0, 0, 0, '2022-05-25 11:48:15', '2022-05-25 11:48:15', NULL),
(39, 1, 2016, 2021, 'BP5190003L', 'Coilover BP51 izquierdo', NULL, 11, 2, 1, 600, 600, 1200, 1200, 1080, 0, 0, 0, '2022-05-25 11:48:15', '2022-05-25 11:48:15', NULL),
(40, 1, 2016, 2021, 'VM80010003', 'Fit kit reservorio', NULL, 11, 2, 1, 50, 50, 100, 100, 90, 0, 0, 0, '2022-05-25 11:48:15', '2022-05-25 11:48:15', NULL),
(41, 1, 2016, 2021, '2722', 'Resortes traseros Nitrocharger Sport', NULL, 11, 3, 1, 200, 100, 400, 300, 270, 0, 0, 0, '2022-05-25 11:48:15', '2022-05-25 11:48:15', NULL),
(42, 1, 2016, 2021, 'BP5160026', 'Compensador trasero BP51', NULL, 11, 2, 2, 400, 400, 800, 800, 720, 0, 0, 0, '2022-05-25 11:48:15', '2022-05-25 11:48:15', NULL),
(43, 1, 2016, 2021, 'VM80010004', 'Fit kit reservorio', NULL, 11, 2, 1, 100, 50, 200, 150, 135, 0, 0, 0, '2022-05-25 11:48:15', '2022-05-25 11:48:15', NULL),
(44, 1, 2016, 2021, 'VM80010005', 'Fit kit reservorio', NULL, 11, 2, 1, 50, 100, 100, 150, 135, 0, 0, 0, '2022-05-25 11:48:15', '2022-05-25 11:48:15', NULL),
(45, 1, 2016, 2021, 'UCA0001', 'Tijeretas', NULL, 11, 3, 1, 400, 450, 800, 850, 765, 0, 0, 0, '2022-05-25 11:48:15', '2022-05-25 11:48:15', NULL),
(46, 1, 2016, 2021, 'SS89HP', 'Snorkel Armax', NULL, 12, 2, 1, 450, 500, 900, 950, 855, 0, 0, 0, '2022-05-25 11:48:15', '2022-05-25 11:48:15', NULL),
(47, 1, 2016, 2021, 'SS89HF', 'Snorkel V-Spec', NULL, 12, 2, 1, 450, 500, 900, 950, 855, 0, 0, 0, '2022-05-25 11:48:15', '2022-05-25 11:48:15', NULL),
(48, 1, 2016, 2021, '4415100', 'Side Rails & Steps', NULL, 13, 3, 1, 600, 1500, 2000, 2100, 1890, 0, 0, 0, '2022-05-25 11:48:15', '2022-05-25 11:48:15', NULL),
(49, 1, 2016, 2021, '4415110', 'Side Rails  ', NULL, 13, 3, 1, 400, 500, 800, 900, 810, 0, 0, 0, '2022-05-25 11:48:15', '2022-05-25 11:48:15', NULL),
(50, 1, 2016, 2021, '4415100', 'Steps', NULL, 13, 3, 1, 600, 1200, 1600, 1800, 1620, 0, 0, 0, '2022-05-25 11:48:15', '2022-05-25 11:48:15', NULL),
(51, 1, 2016, 2021, '4415120', 'Codos Steps', NULL, 13, 3, 1, 200, 200, 400, 400, 360, 0, 0, 0, '2022-05-25 11:48:15', '2022-05-25 11:48:15', NULL),
(52, 1, 2016, 2021, '5415200', 'Planchas', NULL, 14, 4, 1, 700, 800, 1400, 1500, 1350, 0, 0, 0, '2022-05-25 11:48:15', '2022-05-25 11:48:15', NULL),
(53, 1, 2016, 2021, '1770040', 'Base Rack con deflector de aire 2125x1285mm', NULL, 15, 2, 1, 550, 1250, 1700, 1800, 1620, 0, 0, 0, '2022-05-25 11:48:15', '2022-05-25 11:48:15', NULL),
(54, 1, 2016, 2021, '17915010', 'Fit kit base rack 2125x1285mm', NULL, 15, 2, 1, 200, 200, 400, 400, 360, 0, 0, 0, '2022-05-25 11:48:15', '2022-05-25 11:48:15', NULL),
(55, 1, 2016, 2021, '17915040', 'Deflector de aire base rack 2125x1285mm', NULL, 15, 2, 1, 100, 100, 200, 200, 180, 0, 0, 0, '2022-05-25 11:48:15', '2022-05-25 11:48:15', NULL),
(56, 1, 2016, 2021, '1770020', 'Base Rack con deflector de aire 1545x1285mm', NULL, 15, 2, 1, 450, 1150, 1500, 1600, 1440, 0, 0, 0, '2022-05-25 11:48:15', '2022-05-25 11:48:15', NULL),
(57, 1, 2016, 2021, '17915030', 'Fit kit base rack 1545x1285mm', NULL, 15, 2, 1, 200, 200, 400, 400, 360, 0, 0, 0, '2022-05-25 11:48:15', '2022-05-25 11:48:15', NULL),
(58, 1, 2016, 2021, '17915060', 'Deflector de aire base rack 1545x1285mm', NULL, 15, 2, 1, 100, 100, 200, 200, 180, 0, 0, 0, '2022-05-25 11:48:15', '2022-05-25 11:48:15', NULL),
(59, 1, 2016, 2021, '3800010M', 'Canasta acero 2200x1250mm', NULL, 16, 2, 1, 650, 1350, 1900, 2000, 1800, 0, 0, 0, '2022-05-25 11:48:15', '2022-05-25 11:48:15', NULL),
(60, 1, 2016, 2021, '3715010', 'Fit kit canasta 2200x1250mm', NULL, 16, 2, 1, 250, 250, 500, 500, 450, 0, 0, 0, '2022-05-25 11:48:15', '2022-05-25 11:48:15', NULL),
(61, 1, 2016, 2021, '3715070', 'Deflector de aire canasta 2200x1250mm', NULL, 16, 2, 1, 50, 50, 100, 100, 90, 0, 0, 0, '2022-05-25 11:48:15', '2022-05-25 11:48:15', NULL),
(62, 1, 2016, 2021, '4900010M', 'Canasta aluminio 2200x1250mm', NULL, 16, 2, 1, 850, 1450, 2300, 2300, 2070, 0, 0, 0, '2022-05-25 11:48:16', '2022-05-25 11:48:16', NULL),
(63, 1, 2016, 2021, '3715010', 'Fit kit canasta 2200x1250mm', NULL, 16, 2, 1, 250, 250, 500, 500, 450, 0, 0, 0, '2022-05-25 11:48:16', '2022-05-25 11:48:16', NULL),
(64, 1, 2016, 2021, '3715070', 'Deflector de aire canasta 2200x1250mm', NULL, 16, 2, 1, 50, 50, 100, 100, 90, 0, 0, 0, '2022-05-25 11:48:16', '2022-05-25 11:48:16', NULL),
(65, 1, 2016, 2021, '3800020M', 'Canasta acero 1850x1250mm', NULL, 16, 2, 1, 600, 1200, 1700, 1800, 1620, 0, 0, 0, '2022-05-25 11:48:16', '2022-05-25 11:48:16', NULL),
(66, 1, 2016, 2021, '3715020', 'Fit kit canasta 1850x1250mm', NULL, 16, 2, 1, 200, 200, 400, 400, 360, 0, 0, 0, '2022-05-25 11:48:16', '2022-05-25 11:48:16', NULL),
(67, 1, 2016, 2021, '3715070', 'Deflector de aire 1850x1250mm', NULL, 16, 2, 1, 50, 50, 100, 100, 90, 0, 0, 0, '2022-05-25 11:48:16', '2022-05-25 11:48:16', NULL),
(68, 1, 2016, 2021, '3800240', 'Plataforma acero 2200x1250mm (no mesh)', NULL, 17, 2, 1, 400, 1100, 1400, 1500, 1350, 0, 0, 0, '2022-05-25 11:48:16', '2022-05-25 11:48:16', NULL),
(69, 1, 2016, 2021, '3715010', 'Fit kit plataforma 2200x1250mm', NULL, 17, 2, 1, 250, 250, 500, 500, 450, 0, 0, 0, '2022-05-25 11:48:16', '2022-05-25 11:48:16', NULL),
(70, 1, 2016, 2021, '3715070', 'Deflector de aire plataforma 2200x1250mm', NULL, 17, 2, 1, 50, 50, 100, 100, 90, 0, 0, 0, '2022-05-25 11:48:16', '2022-05-25 11:48:16', NULL),
(71, 1, 2016, 2021, '4900060M', 'Plataforma aluminio 2200x1250mm', NULL, 17, 2, 1, 750, 1450, 2100, 2200, 1980, 0, 0, 0, '2022-05-25 11:48:16', '2022-05-25 11:48:16', NULL),
(72, 1, 2016, 2021, '3715010', 'Fit kit plataforma 2200x1250mm', NULL, 17, 2, 1, 250, 250, 500, 500, 450, 0, 0, 0, '2022-05-25 11:48:16', '2022-05-25 11:48:16', NULL),
(73, 1, 2016, 2021, '3715070', 'Deflector de aire plataforma 2200x1250mm', NULL, 17, 2, 1, 50, 50, 100, 100, 90, 0, 0, 0, '2022-05-25 11:48:16', '2022-05-25 11:48:16', NULL),
(74, 1, 2016, 2021, '3800220', 'Plataforma acero 1850x1250mm (no mesh)', NULL, 17, 2, 1, 350, 1050, 1200, 1400, 1260, 0, 0, 0, '2022-05-25 11:48:16', '2022-05-25 11:48:16', NULL),
(75, 1, 2016, 2021, '3715020', 'Fit kit plataforma 1850x1250mm', NULL, 17, 2, 1, 200, 200, 400, 400, 360, 0, 0, 0, '2022-05-25 11:48:16', '2022-05-25 11:48:16', NULL),
(76, 1, 2016, 2021, '3715070', 'Deflector aire plataforma 1850x1250mm', NULL, 17, 2, 1, 50, 50, 100, 100, 90, 0, 0, 0, '2022-05-25 11:48:16', '2022-05-25 11:48:16', NULL),
(77, 1, 2016, 2021, '2815010', 'Recovery point', NULL, 18, 2, 1, 100, 150, 200, 250, 225, 0, 0, 0, '2022-05-25 11:48:16', '2022-05-25 11:48:16', NULL),
(78, 1, 2016, 2021, 'RD152', 'Bloqueo de diferencial trasero', NULL, 19, 2, 1, 700, 1500, 1400, 2200, 1980, 0, 0, 0, '2022-05-25 11:48:16', '2022-05-25 11:48:16', NULL),
(79, 1, 2016, 2021, 'RD151', 'Bloqueo de diferencial delantero', NULL, 19, 2, 1, 700, 1200, 1400, 1900, 1710, 0, 0, 0, '2022-05-25 11:48:16', '2022-05-25 11:48:16', NULL),
(80, 1, 2012, 2015, '3415150', 'Bumper delantero Deluxe', 'Prevista para headlight washers', 2, 2, 1, 1700, 1100, 3400, 2800, 1800, 0, 0, 0, '2022-05-25 11:48:16', '2022-05-25 11:48:16', NULL),
(81, 1, 2007, 2012, '3415110', 'Bumper delantero Deluxe ', NULL, 2, 2, 1, 1600, 1200, 3200, 2800, 2250, 0, 0, 0, '2022-05-25 11:48:16', '2022-05-25 11:48:16', NULL),
(82, 1, 2007, 2012, '3415120', 'Bumper delantero Deluxe ', 'Prevista para headlight washers', 2, 2, 1, 1600, 1200, 3200, 2800, 2250, 0, 0, 0, '2022-05-25 11:48:16', '2022-05-25 11:48:16', NULL),
(83, 1, 2007, 2012, '3915040', 'Bumper delantero Sahara con tubo ', NULL, 2, 2, 1, 1300, 1800, 3000, 3100, 2610, 0, 0, 0, '2022-05-25 11:48:16', '2022-05-25 11:48:16', NULL),
(84, 1, 2007, 2012, '5100140', 'Tubo negro central para bumper Sahara', NULL, 3, 2, 1, 100, 100, 200, 200, 180, 0, 0, 0, '2022-05-25 11:48:16', '2022-05-25 11:48:16', NULL),
(85, 1, 2007, 2012, '5115010', 'Buffer kit para bumper sahara con tubo', NULL, 5, 2, 1, 100, 100, 200, 200, 162, 0, 0, 0, '2022-05-25 11:48:16', '2022-05-25 11:48:16', NULL),
(86, 1, 2012, 2015, '3915150', 'Bumper delantero Sahara con tubo prov. headlight washer', NULL, 2, 2, 1, 1700, 1400, 3900, 3100, 2610, 0, 0, 0, '2022-05-25 11:48:16', '2022-05-25 11:48:16', NULL),
(87, 1, 2012, 2015, '5100140', 'Tubo negro central para bumper Sahara', NULL, 3, 2, 1, 100, 100, 200, 200, 180, 0, 0, 0, '2022-05-25 11:48:16', '2022-05-25 11:48:16', NULL),
(88, 1, 2012, 2015, '5115020', 'Buffer kit para bumper sahara con tubo', NULL, 5, 2, 1, 150, 150, 300, 300, 270, 0, 0, 0, '2022-05-25 11:48:16', '2022-05-25 11:48:16', NULL),
(89, 1, 2007, 2012, '3915040', 'Bumper delantero Sahara sin tubo ', NULL, 2, 2, 1, 1300, 1600, 2800, 2900, 2430, 0, 0, 0, '2022-05-25 11:48:16', '2022-05-25 11:48:16', NULL),
(90, 1, 2007, 2012, '5100150', 'Buffer kit para bumper Sahara sin tubo', NULL, 5, 2, 1, 100, 100, 200, 200, 180, 0, 0, 0, '2022-05-25 11:48:16', '2022-05-25 11:48:16', NULL),
(91, 1, 2007, 2012, '3915050', 'Bumper delantero Sahara sin tubo prov headlight washer', NULL, 2, 2, 1, 1300, 1600, 2800, 2900, 2430, 0, 0, 0, '2022-05-25 11:48:16', '2022-05-25 11:48:16', NULL),
(92, 1, 2007, 2012, '5100150', 'Buffer kit para bumper Sahara sin tubo', NULL, 5, 2, 1, 100, 100, 200, 200, 180, 0, 0, 0, '2022-05-25 11:48:16', '2022-05-25 11:48:16', NULL),
(93, 1, 2012, 2015, '3915150', 'Bumper delantero Sahara sin tubo ', NULL, 2, 2, 1, 1700, 1400, 3600, 3100, 2430, 0, 0, 0, '2022-05-25 11:48:16', '2022-05-25 11:48:16', NULL),
(94, 1, 2012, 2015, '5100150', 'Buffer kit para bumper Sahara sin tubo', NULL, 5, 2, 1, 100, 100, 200, 200, 180, 0, 0, 0, '2022-05-25 11:48:16', '2022-05-25 11:48:16', NULL),
(95, 1, 2007, 2015, '6821201', 'Halógenos neblineros', NULL, 6, 3, 2, 50, 50, 100, 100, 90, 0, 0, 0, '2022-05-25 11:48:16', '2022-05-25 11:48:16', NULL),
(96, 1, 2007, 2015, '3500890', 'Halógenos neblineros led', NULL, 6, 3, 2, 50, 50, 100, 100, 90, 0, 0, 0, '2022-05-25 11:48:17', '2022-05-25 11:48:17', NULL),
(97, 1, 2007, 2015, '5615010', 'Bumper trasero ', NULL, 7, 2, 1, 1400, 1900, 3200, 3300, 1800, 0, 0, 0, '2022-05-25 11:48:17', '2022-05-25 11:48:17', NULL),
(98, 1, 2007, 2015, '5700231', 'Panel izquierdo bumper trasero', NULL, 8, 2, 1, 100, 100, 200, 200, 135, 0, 0, 0, '2022-05-25 11:48:17', '2022-05-25 11:48:17', NULL),
(99, 1, 2007, 2015, '5700232', 'Panel derecho bumper trasero', NULL, 8, 2, 1, 100, 100, 200, 200, 135, 0, 0, 0, '2022-05-25 11:48:17', '2022-05-25 11:48:17', NULL),
(100, 1, 2007, 2015, '5615010', 'Bumper trasero con porta repuesto y porta pichinga', NULL, 7, 2, 1, 1400, 3300, 4700, 4700, 2520, 0, 0, 0, '2022-05-25 11:48:17', '2022-05-25 11:48:17', NULL),
(101, 1, 2007, 2015, '5700251', 'Porta repuesto izquierdo', NULL, 9, 2, 1, 500, 500, 1000, 1000, 900, 0, 0, 0, '2022-05-25 11:48:17', '2022-05-25 11:48:17', NULL),
(102, 1, 2007, 2015, '5700252', 'Porta repuesto derecho', NULL, 9, 2, 1, 500, 500, 1000, 1000, 900, 0, 0, 0, '2022-05-25 11:48:17', '2022-05-25 11:48:17', NULL),
(103, 1, 2007, 2015, '5700261', 'Porta pichinga izquierdo', NULL, 10, 2, 1, 450, 450, 900, 900, 810, 0, 0, 0, '2022-05-25 11:48:17', '2022-05-25 11:48:17', NULL),
(104, 1, 2007, 2015, '5700262', 'Porta pichinga derecho', NULL, 10, 2, 1, 450, 450, 900, 900, 810, 0, 0, 0, '2022-05-25 11:48:17', '2022-05-25 11:48:17', NULL),
(105, 1, 2007, 2015, 'OME-NS-LC-200-2', 'Suspensión Nitrocharger Sport 50mm / 20mm', NULL, 11, 4, 1, 850, 950, 1700, 1800, 1620, 0, 0, 0, '2022-05-25 11:48:17', '2022-05-25 11:48:17', NULL),
(106, 1, 2007, 2015, '90017', 'Compresador delantero Nitrocharger Sport no bumper', NULL, 11, 2, 2, 150, 150, 300, 300, 270, 0, 0, 0, '2022-05-25 11:48:17', '2022-05-25 11:48:17', NULL),
(107, 1, 2007, 2015, '91005', 'Compresador delantero Nitrocharger Sport para bumper', NULL, 11, 2, 2, 150, 150, 300, 300, 270, 0, 0, 0, '2022-05-25 11:48:17', '2022-05-25 11:48:17', NULL),
(108, 1, 2007, 2015, '2702', 'Resortes delanteros no bumper', NULL, 11, 3, 1, 150, 150, 300, 300, 270, 0, 0, 0, '2022-05-25 11:48:17', '2022-05-25 11:48:17', NULL),
(109, 1, 2007, 2015, '2703', 'Resortes delanteros para bumper', NULL, 11, 3, 1, 150, 150, 300, 300, 270, 0, 0, 0, '2022-05-25 11:48:17', '2022-05-25 11:48:17', NULL),
(110, 1, 2007, 2015, '61029', 'Compensador trasero Nitrocharger Sport', NULL, 11, 2, 2, 100, 100, 200, 200, 180, 0, 0, 0, '2022-05-25 11:48:17', '2022-05-25 11:48:17', NULL),
(111, 1, 2007, 2015, '2722', 'Resortes traseros', NULL, 11, 3, 1, 200, 200, 400, 400, 360, 0, 0, 0, '2022-05-25 11:48:17', '2022-05-25 11:48:17', NULL),
(112, 1, 2007, 2015, 'OME-BP-LC200-2', 'Suspensión BP-51 50mm / 20mm', NULL, 11, 2, 1, 2450, 1750, 4900, 4200, 3780, 0, 0, 0, '2022-05-25 11:48:17', '2022-05-25 11:48:17', NULL),
(113, 1, 2007, 2015, 'BP5190003R', 'Coilover BP51 derecho', NULL, 11, 2, 1, 600, 600, 1200, 1200, 1080, 0, 0, 0, '2022-05-25 11:48:17', '2022-05-25 11:48:17', NULL),
(114, 1, 2007, 2015, 'BP5190003L', 'Coilover BP51 izquierdo', NULL, 11, 2, 1, 600, 600, 1200, 1200, 1080, 0, 0, 0, '2022-05-25 11:48:17', '2022-05-25 11:48:17', NULL),
(115, 1, 2007, 2015, 'VM80010003', 'Fit kit reservorio', NULL, 11, 2, 1, 50, 50, 100, 100, 90, 0, 0, 0, '2022-05-25 11:48:17', '2022-05-25 11:48:17', NULL),
(116, 1, 2007, 2015, '2722', 'Resortes traseros ', NULL, 11, 3, 1, 200, 100, 400, 300, 270, 0, 0, 0, '2022-05-25 11:48:17', '2022-05-25 11:48:17', NULL),
(117, 1, 2007, 2015, 'BP5160026', 'Compensador BP51', NULL, 11, 2, 2, 400, 400, 800, 800, 720, 0, 0, 0, '2022-05-25 11:48:17', '2022-05-25 11:48:17', NULL),
(118, 1, 2007, 2015, 'VM80010004', 'Fit kit reservorio', NULL, 11, 2, 1, 100, 50, 200, 150, 135, 0, 0, 0, '2022-05-25 11:48:17', '2022-05-25 11:48:17', NULL),
(119, 1, 2007, 2015, 'VM80010005', 'Fit kit reservorio', NULL, 11, 2, 1, 100, 50, 200, 150, 135, 0, 0, 0, '2022-05-25 11:48:17', '2022-05-25 11:48:17', NULL),
(120, 1, 2007, 2015, 'UCA001', 'Tijeretas', NULL, 11, 3, 1, 450, 500, 900, 950, 855, 0, 0, 0, '2022-05-25 11:48:17', '2022-05-25 11:48:17', NULL),
(121, 1, 2007, 2015, 'SS88HP', 'Snorkel Armax', NULL, 12, 2, 1, 450, 500, 900, 950, 855, 0, 0, 0, '2022-05-25 11:48:17', '2022-05-25 11:48:17', NULL),
(122, 1, 2007, 2015, 'SS87HF', 'Snorkel V-Spec', NULL, 12, 2, 1, 450, 500, 900, 950, 855, 0, 0, 0, '2022-05-25 11:48:17', '2022-05-25 11:48:17', NULL),
(123, 1, 2007, 2012, '4415020', 'Side Rails & Steps ', NULL, 13, 2, 1, 800, 1300, 2700, 2100, 1890, 0, 0, 0, '2022-05-25 11:48:17', '2022-05-25 11:48:17', NULL),
(124, 1, 2007, 2012, '4415050', 'Side Rails', NULL, 13, 2, 1, 550, 500, 1050, 1050, 945, 0, 0, 0, '2022-05-25 11:48:17', '2022-05-25 11:48:17', NULL),
(125, 1, 2012, 2015, '4415020', 'Side Rails & Steps', NULL, 13, 2, 1, 800, 1300, 2700, 2100, 1890, 0, 0, 0, '2022-05-25 11:48:17', '2022-05-25 11:48:17', NULL),
(126, 1, 2012, 2015, '4415060', 'Side Rails', NULL, 13, 2, 1, 550, 500, 1050, 1050, 945, 0, 0, 0, '2022-05-25 11:48:17', '2022-05-25 11:48:17', NULL),
(127, 1, 2012, 2015, '4415020', 'Steps', NULL, 13, 2, 1, 800, 1300, 2400, 2100, 1890, 0, 0, 0, '2022-05-25 11:48:17', '2022-05-25 11:48:17', NULL),
(128, 1, 2012, 2015, '4415040', 'Codos Steps', NULL, 13, 2, 1, 400, 400, 800, 800, 720, 0, 0, 0, '2022-05-25 11:48:17', '2022-05-25 11:48:17', NULL),
(129, 1, 2007, 2015, '5415100', 'Planchas', NULL, 14, 2, 1, 600, 700, 1200, 1300, 1170, 0, 0, 0, '2022-05-25 11:48:17', '2022-05-25 11:48:17', NULL),
(130, 1, 2007, 2015, '3800010M', 'Canasta Acero 2200X1250mm', NULL, 16, 2, 1, 650, 1250, 1800, 1900, 1710, 0, 0, 0, '2022-05-25 11:48:18', '2022-05-25 11:48:18', NULL),
(131, 1, 2007, 2015, '3715010', 'Fit kit canasta 2200x1250mm', NULL, 20, 2, 1, 250, 250, 500, 500, 450, 0, 0, 0, '2022-05-25 11:48:18', '2022-05-25 11:48:18', NULL),
(132, 1, 2007, 2015, '4900010M', 'Canasta Aluminio 2200x1250mm', NULL, 16, 2, 1, 900, 1400, 2300, 2300, 2070, 0, 0, 0, '2022-05-25 11:48:18', '2022-05-25 11:48:18', NULL),
(133, 1, 2007, 2015, '3715010', 'Fit kit canasta 2200x1250mm', NULL, 20, 2, 1, 250, 250, 500, 500, 450, 0, 0, 0, '2022-05-25 11:48:18', '2022-05-25 11:48:18', NULL),
(134, 1, 2007, 2015, '3800020M', 'Canasta Acero 1850x1250mm', NULL, 16, 2, 1, 600, 1100, 1600, 1700, 1530, 0, 0, 0, '2022-05-25 11:48:18', '2022-05-25 11:48:18', NULL),
(135, 1, 2007, 2015, '3715020', 'Fit kit canasta 1850x1250', NULL, 16, 2, 1, 200, 200, 400, 400, 360, 0, 0, 0, '2022-05-25 11:48:18', '2022-05-25 11:48:18', NULL),
(136, 1, 2007, 2015, '3800240', 'Plataforma de acero 2200x1250mm no mesh', NULL, 17, 2, 1, 400, 1000, 1300, 1400, 1260, 0, 0, 0, '2022-05-25 11:48:18', '2022-05-25 11:48:18', NULL),
(137, 1, 2007, 2015, '3715010', 'Fit kit plataforma acero 2200x1250mm', NULL, 17, 2, 1, 250, 250, 500, 500, 450, 0, 0, 0, '2022-05-25 11:48:18', '2022-05-25 11:48:18', NULL),
(138, 1, 2007, 2015, '4900060M', 'Plataforma aluminio 2200x1250 mm', NULL, 17, 2, 1, 750, 1350, 2000, 2100, 1890, 0, 0, 0, '2022-05-25 11:48:18', '2022-05-25 11:48:18', NULL),
(139, 1, 2007, 2015, '3715010', 'Fit kit plataforma acero 2200x1250mm', NULL, 17, 2, 1, 250, 250, 500, 500, 450, 0, 0, 0, '2022-05-25 11:48:18', '2022-05-25 11:48:18', NULL),
(140, 1, 2007, 2015, '3800220', 'Pataforma acero 1850x1250mm no mesh', NULL, 21, 2, 1, 400, 900, 1200, 1300, 1170, 0, 0, 0, '2022-05-25 11:48:18', '2022-05-25 11:48:18', NULL),
(141, 1, 2007, 2015, '3715020', 'Fit kit plataforma acero 1850x1250 mm', NULL, 17, 2, 1, 200, 200, 400, 400, 360, 0, 0, 0, '2022-05-25 11:48:18', '2022-05-25 11:48:18', NULL),
(142, 1, 2007, 2015, '2815010', 'Recovery point', NULL, 18, 2, 1, 140, 160, 140, 300, 270, 0, 0, 0, '2022-05-25 11:48:18', '2022-05-25 11:48:18', NULL),
(143, 1, 2007, 2015, 'RD152', 'Bloqueo diferencial trasero', NULL, 19, 2, 1, 700, 1500, 1400, 2200, 1980, 0, 0, 0, '2022-05-25 11:48:18', '2022-05-25 11:48:18', NULL),
(144, 1, 2007, 2015, 'RD151', 'Bloqueo diferencial delantero', NULL, 19, 2, 1, 700, 1200, 1400, 1900, 1710, 0, 0, 0, '2022-05-25 11:48:18', '2022-05-25 11:48:18', NULL),
(145, 2, 2002, 2007, '3413190', 'Bumper delantero Deluxe IFS', NULL, 2, 2, 1, 900, 1200, 1800, 2100, 1890, 0, 0, 0, '2022-05-25 11:48:18', '2022-05-25 11:48:18', NULL),
(146, 2, 1999, 2002, '3413050', 'Bumper delantero Deluxe IFS', NULL, 2, 2, 1, 1000, 1100, 2000, 2100, 1890, 0, 0, 0, '2022-05-25 11:48:18', '2022-05-25 11:48:18', NULL),
(147, 2, 1999, 2002, '3913140', 'Bumper delantero Sahara con tubo', NULL, 2, 2, 1, 900, 1450, 2300, 2350, 2115, 0, 0, 0, '2022-05-25 11:48:18', '2022-05-25 11:48:18', NULL),
(148, 2, 1999, 2002, '5100160', 'Buffer kit para bumper Sahara con tubo', NULL, 5, 2, 1, 100, 100, 200, 200, 180, 0, 0, 0, '2022-05-25 11:48:18', '2022-05-25 11:48:18', NULL),
(149, 2, 1999, 2002, '5100050', 'Tubo cromado central para bumper sahara', NULL, 4, 2, 1, 150, 100, 300, 250, 225, 0, 0, 0, '2022-05-25 11:48:18', '2022-05-25 11:48:18', NULL),
(150, 2, 2002, 2007, '3913160', 'Bumper delantero Sahara con tubo', NULL, 2, 2, 1, 1150, 1400, 2800, 2550, 2295, 0, 0, 0, '2022-05-25 11:48:18', '2022-05-25 11:48:18', NULL),
(151, 2, 2002, 2007, '5100160', 'Buffer kit para bumper Sahara con tubo', NULL, 5, 2, 1, 100, 100, 200, 200, 180, 0, 0, 0, '2022-05-25 11:48:18', '2022-05-25 11:48:18', NULL),
(152, 2, 2002, 2007, '5100060', 'Tubo cromado central para bumper sahara', NULL, 4, 2, 1, 150, 100, 300, 250, 225, 0, 0, 0, '2022-05-25 11:48:18', '2022-05-25 11:48:18', NULL),
(153, 2, 1999, 2002, '3913140', 'Bumper delantero Sahara sin tubo', NULL, 2, 2, 1, 900, 1200, 2000, 2100, 1890, 0, 0, 0, '2022-05-25 11:48:18', '2022-05-25 11:48:18', NULL),
(154, 2, 1999, 2002, '5100170', 'Buffer kit para bumper Sahara sin tubo', NULL, 5, 2, 1, 100, 60, 200, 160, 144, 0, 0, 0, '2022-05-25 11:48:18', '2022-05-25 11:48:18', NULL),
(155, 2, 2002, 2007, '3913160', 'Bumper delantero Sahara sin tubo', NULL, 2, 2, 1, 1150, 1200, 2500, 2350, 2115, 0, 0, 0, '2022-05-25 11:48:18', '2022-05-25 11:48:18', NULL),
(156, 2, 2002, 2007, '5100170', 'Buffer kit para bumper Sahara sin tubo', NULL, 5, 2, 1, 100, 60, 200, 160, 144, 0, 0, 0, '2022-05-25 11:48:18', '2022-05-25 11:48:18', NULL),
(157, 2, 2002, 2007, '6821201', 'Halógenos neblineros deluxe', NULL, 6, 3, 1, 100, 100, 200, 200, 180, 0, 0, 0, '2022-05-25 11:48:18', '2022-05-25 11:48:18', NULL),
(158, 2, 2002, 2007, '3500890', 'Halógenos neblineros deluxe led', NULL, 6, 3, 1, 100, 100, 200, 200, 180, 0, 0, 0, '2022-05-25 11:48:18', '2022-05-25 11:48:18', NULL),
(159, 2, 1999, 2007, '5613210', 'Bumper trasero', NULL, 7, 2, 1, 1200, 1500, 2800, 2700, 2430, 0, 0, 0, '2022-05-25 11:48:18', '2022-05-25 11:48:18', NULL),
(160, 2, 1999, 2007, '5700231', 'Panel izquierdo bumper trasero', NULL, 8, 2, 1, 100, 50, 200, 150, 135, 0, 0, 0, '2022-05-25 11:48:18', '2022-05-25 11:48:18', NULL),
(161, 2, 1999, 2007, '5700232', 'Panel derecho bumper trasero', NULL, 8, 2, 1, 100, 50, 200, 150, 135, 0, 0, 0, '2022-05-25 11:48:18', '2022-05-25 11:48:18', NULL),
(162, 2, 1999, 2007, '5613210', 'Bumper trasero con porta repuesto y porta pichinga', NULL, 7, 2, 1, 1200, 2400, 4300, 3600, 3240, 0, 0, 0, '2022-05-25 11:48:18', '2022-05-25 11:48:18', NULL),
(163, 2, 1999, 2007, '5700251', 'Porta repuesto izquierdo', NULL, 9, 2, 1, 500, 500, 1000, 1000, 900, 0, 0, 0, '2022-05-25 11:48:18', '2022-05-25 11:48:18', NULL),
(164, 2, 1999, 2007, '5700221', 'Porta pichinga derecho', NULL, 10, 2, 1, 450, 450, 900, 900, 810, 0, 0, 0, '2022-05-25 11:48:19', '2022-05-25 11:48:19', NULL),
(165, 2, 1999, 2007, '5700252', 'Porta repuesto derecho', NULL, 9, 2, 1, 500, 500, 1000, 1000, 900, 0, 0, 0, '2022-05-25 11:48:19', '2022-05-25 11:48:19', NULL),
(166, 2, 1999, 2007, '5700222', 'Porta pichinga izquierdo', NULL, 10, 2, 1, 450, 450, 900, 900, 810, 0, 0, 0, '2022-05-25 11:48:19', '2022-05-25 11:48:19', NULL),
(167, 2, 1999, 2007, 'OME-NS-LC100', 'Suspensión Nitrocharger Sport 0mm / 10mm', NULL, 11, 4, 1, 800, 850, 1600, 1650, 1485, 0, 0, 0, '2022-05-25 11:48:19', '2022-05-25 11:48:19', NULL),
(168, 2, 1999, 2007, '303001', 'Barra de torsión motor gasolina', NULL, 11, 3, 1, 250, 250, 500, 500, 450, 0, 0, 0, '2022-05-25 11:48:19', '2022-05-25 11:48:19', NULL),
(169, 2, 1999, 2007, '303002', 'Barra de torsión motor diesel', NULL, 11, 3, 1, 250, 250, 500, 500, 450, 0, 0, 0, '2022-05-25 11:48:19', '2022-05-25 11:48:19', NULL),
(170, 2, 2000, 2007, '2860', 'Resortes traseros Nitrocharger Sport', NULL, 11, 3, 1, 150, 150, 300, 300, 270, 0, 0, 0, '2022-05-25 11:48:19', '2022-05-25 11:48:19', NULL),
(171, 2, 1998, 2000, '2865', 'Resortes traseros Nitrocharger Sport motor gasolina', NULL, 11, 3, 1, 150, 150, 300, 300, 270, 0, 0, 0, '2022-05-25 11:48:19', '2022-05-25 11:48:19', NULL),
(172, 2, 1999, 2007, '60000', 'Compensador delantero Nitrocharger Sport', NULL, 11, 2, 2, 100, 100, 200, 200, 180, 0, 0, 0, '2022-05-25 11:48:19', '2022-05-25 11:48:19', NULL),
(173, 2, 1999, 2007, '60001', 'Compensador delantero Nitrocharger Sport', NULL, 11, 2, 2, 100, 100, 200, 200, 180, 0, 0, 0, '2022-05-25 11:48:19', '2022-05-25 11:48:19', NULL),
(174, 2, 1999, 2007, '60002', 'Compensador trasero Nitrocharger Sport', NULL, 11, 2, 2, 100, 100, 200, 200, 180, 0, 0, 0, '2022-05-25 11:48:19', '2022-05-25 11:48:19', NULL),
(175, 2, 1999, 2007, 'SS86HP', 'Snorkel V-Spec', NULL, 12, 2, 1, 450, 500, 900, 950, 855, 0, 0, 0, '2022-05-25 11:48:19', '2022-05-25 11:48:19', NULL),
(176, 2, 1999, 2000, '4413260', 'Side Rails & Steps', NULL, 13, 3, 1, 550, 1050, 1100, 1600, 1440, 0, 0, 0, '2022-05-25 11:48:19', '2022-05-25 11:48:19', NULL),
(177, 2, 1999, 2000, '4413250', 'Side Rails  ', NULL, 13, 3, 1, 200, 250, 400, 450, 405, 0, 0, 0, '2022-05-25 11:48:19', '2022-05-25 11:48:19', NULL),
(178, 2, 2000, 2007, '4413260', 'Side Rails & Steps', NULL, 13, 3, 1, 550, 1050, 1100, 1600, 1440, 0, 0, 0, '2022-05-25 11:48:19', '2022-05-25 11:48:19', NULL),
(179, 2, 2000, 2007, '4413270', 'Side Rails  ', NULL, 13, 3, 1, 250, 250, 500, 500, 450, 0, 0, 0, '2022-05-25 11:48:19', '2022-05-25 11:48:19', NULL),
(180, 2, 1999, 2007, '4413260', 'Steps', NULL, 13, 3, 1, 550, 750, 1100, 1300, 1170, 0, 0, 0, '2022-05-25 11:48:19', '2022-05-25 11:48:19', NULL),
(181, 2, 1999, 2007, '4413300', 'Codos Steps', NULL, 13, 3, 1, 100, 100, 200, 200, 180, 0, 0, 0, '2022-05-25 11:48:19', '2022-05-25 11:48:19', NULL),
(182, 2, 1999, 2007, '1770030', 'Base Rack con deflector de aire 1835x1285mm', NULL, 15, 2, 1, 500, 1000, 1000, 1500, 1350, 0, 0, 0, '2022-05-25 11:48:19', '2022-05-25 11:48:19', NULL),
(183, 2, 1999, 2007, '17913010', 'Fit kit y deflector de aire base rack 1835x1285mm', NULL, 15, 2, 1, 250, 250, 500, 500, 450, 0, 0, 0, '2022-05-25 11:48:19', '2022-05-25 11:48:19', NULL),
(184, 2, 1999, 2007, '3813010M', 'Canasta acero 1790x1120mm', NULL, 16, 2, 1, 600, 1200, 1200, 1800, 1620, 0, 0, 0, '2022-05-25 11:48:19', '2022-05-25 11:48:19', NULL),
(185, 2, 1999, 2007, '3713010', 'Fit kit canasta 1790x1120mm', NULL, 16, 2, 1, 200, 200, 400, 400, 360, 0, 0, 0, '2022-05-25 11:48:19', '2022-05-25 11:48:19', NULL),
(186, 2, 1999, 2007, '4913010M', 'Canasta aluminio 1790x1120mm', NULL, 16, 2, 1, 800, 1300, 1600, 2100, 1890, 0, 0, 0, '2022-05-25 11:48:19', '2022-05-25 11:48:19', NULL),
(187, 2, 1999, 2007, '3713010', 'Fit kit canasta 1790x1120mm', NULL, 16, 2, 1, 200, 200, 400, 400, 360, 0, 0, 0, '2022-05-25 11:48:19', '2022-05-25 11:48:19', NULL),
(188, 2, 1999, 2007, '3813030', 'Plataforma acero 1790x1120mm (no mesh)', NULL, 17, 2, 1, 350, 950, 700, 1300, 1170, 0, 0, 0, '2022-05-25 11:48:19', '2022-05-25 11:48:19', NULL),
(189, 2, 1999, 2007, '3713010', 'Fit kit plataforma 1790x1120mm', NULL, 17, 2, 1, 200, 200, 400, 400, 360, 0, 0, 0, '2022-05-25 11:48:19', '2022-05-25 11:48:19', NULL),
(190, 2, 1999, 2007, '4913020M', 'Plataforma aluminio 1790x1120mm', NULL, 17, 2, 1, 700, 1300, 1400, 2000, 1800, 0, 0, 0, '2022-05-25 11:48:19', '2022-05-25 11:48:19', NULL),
(191, 2, 1999, 2007, '3713010', 'Fit kit plataforma 1790x1120mm', NULL, 17, 2, 1, 200, 200, 400, 400, 360, 0, 0, 0, '2022-05-25 11:48:19', '2022-05-25 11:48:19', NULL),
(192, 2, 1999, 2007, 'RD152', 'Bloqueo de diferencial trasero', NULL, 19, 2, 1, 700, 1500, 1400, 2200, 1980, 0, 0, 0, '2022-05-25 11:48:19', '2022-05-25 11:48:19', NULL),
(193, 2, 1999, 2007, 'RD131', 'Bloqueo de diferencial delantero', NULL, 19, 2, 1, 700, 1200, 1400, 1900, 1710, 0, 0, 0, '2022-05-25 11:48:19', '2022-05-25 11:48:19', NULL),
(194, 3, 2002, 2007, '3413110', 'Bumper delantero Deluxe ', NULL, 2, 2, 1, 900, 1100, 1800, 2000, 1800, 0, 0, 0, '2022-05-25 11:48:20', '2022-05-25 11:48:20', NULL),
(195, 3, 1999, 2002, '3413010', 'Bumper delantero Deluxe ', NULL, 2, 2, 1, 1200, 1200, 2400, 2400, 2160, 0, 0, 0, '2022-05-25 11:48:20', '2022-05-25 11:48:20', NULL),
(196, 3, 1999, 2002, '3913150', 'Bumper delantero Sahara con tubo', NULL, 2, 2, 1, 1000, 1500, 2000, 2500, 2250, 0, 0, 0, '2022-05-25 11:48:20', '2022-05-25 11:48:20', NULL),
(197, 3, 1999, 2002, '5100160', 'Buffer kit para bumper Sahara con tubo', NULL, 5, 2, 1, 100, 100, 200, 200, 180, 0, 0, 0, '2022-05-25 11:48:20', '2022-05-25 11:48:20', NULL),
(198, 3, 1999, 2002, '5100050', 'Tubo cromado central para bumper sahara', NULL, 4, 2, 1, 150, 100, 300, 250, 225, 0, 0, 0, '2022-05-25 11:48:20', '2022-05-25 11:48:20', NULL),
(199, 3, 1999, 2002, '3913150', 'Bumper delantero Sahara sin tubo', NULL, 2, 2, 1, 1000, 1300, 2000, 2300, 2070, 0, 0, 0, '2022-05-25 11:48:20', '2022-05-25 11:48:20', NULL),
(200, 3, 1999, 2002, '5100170', 'Buffer kit para bumper Sahara sin tubo', NULL, 5, 2, 1, 100, 60, 200, 160, 144, 0, 0, 0, '2022-05-25 11:48:20', '2022-05-25 11:48:20', NULL),
(201, 3, 1999, 2002, '5613210', 'Bumper trasero', NULL, 7, 2, 1, 1200, 1500, 2400, 2700, 2430, 0, 0, 0, '2022-05-25 11:48:20', '2022-05-25 11:48:20', NULL),
(202, 3, 1999, 2002, '5700231', 'Panel izquierdo bumper trasero', NULL, 8, 2, 1, 100, 50, 200, 150, 135, 0, 0, 0, '2022-05-25 11:48:20', '2022-05-25 11:48:20', NULL),
(203, 3, 1999, 2002, '5700232', 'Panel derecho bumper trasero', NULL, 8, 2, 1, 100, 50, 200, 150, 135, 0, 0, 0, '2022-05-25 11:48:20', '2022-05-25 11:48:20', NULL),
(204, 3, 1999, 2002, '5613210', 'Bumper trasero con porta repuesto y porta pichinga', NULL, 7, 2, 1, 1200, 1400, 2400, 2600, 2340, 0, 0, 0, '2022-05-25 11:48:20', '2022-05-25 11:48:20', NULL),
(205, 3, 1999, 2002, '5700251', 'Porta repuesto izquierdo', NULL, 9, 2, 1, 500, 500, 1000, 1000, 900, 0, 0, 0, '2022-05-25 11:48:20', '2022-05-25 11:48:20', NULL),
(206, 3, 1999, 2002, '5700221', 'Porta pichinga derecho', NULL, 10, 2, 1, 500, 400, 1000, 900, 810, 0, 0, 0, '2022-05-25 11:48:20', '2022-05-25 11:48:20', NULL),
(207, 3, 1999, 2002, '5700252', 'Porta repuesto derecho', NULL, 9, 2, 1, 500, 500, 1000, 1000, 900, 0, 0, 0, '2022-05-25 11:48:20', '2022-05-25 11:48:20', NULL),
(208, 3, 1999, 2002, '5700222', 'Porta pichinga izquierdo', NULL, 10, 2, 1, 500, 400, 1000, 900, 810, 0, 0, 0, '2022-05-25 11:48:20', '2022-05-25 11:48:20', NULL),
(209, 3, 1999, 2002, 'OME-NS-LC105', 'Suspensión Nitrocharger Sport 10-50mm / 20-50mm', NULL, 11, 4, 1, 775, 875, 1550, 1650, 1485, 0, 0, 0, '2022-05-25 11:48:20', '2022-05-25 11:48:20', NULL),
(210, 3, 1999, 2002, '2851', 'Resortes delanteros Nitrocharger Sport no bumper', NULL, 11, 3, 1, 150, 150, 300, 300, 270, 0, 0, 0, '2022-05-25 11:48:20', '2022-05-25 11:48:20', NULL),
(211, 3, 1999, 2002, '2850', 'Resortes delanteros Nitrocharger Sport para bumper', NULL, 11, 3, 1, 150, 150, 300, 300, 270, 0, 0, 0, '2022-05-25 11:48:20', '2022-05-25 11:48:20', NULL),
(212, 3, 2000, 2002, '2860', 'Resortes traseros Nitrocharger Sport', NULL, 11, 3, 1, 150, 150, 300, 300, 270, 0, 0, 0, '2022-05-25 11:48:20', '2022-05-25 11:48:20', NULL),
(213, 3, 1998, 2002, 'OMESD24', 'Compensador de dirección Nitrocharger Sport', NULL, 11, 2, 1, 100, 50, 200, 150, 135, 0, 0, 0, '2022-05-25 11:48:20', '2022-05-25 11:48:20', NULL),
(214, 3, 1999, 2002, '60018', 'Compensador delantero Nitrocharger Sport', NULL, 11, 2, 2, 100, 100, 200, 200, 180, 0, 0, 0, '2022-05-25 11:48:20', '2022-05-25 11:48:20', NULL),
(215, 3, 1999, 2002, '60070', 'Compensador delantero Nitrocharger Sport', NULL, 11, 2, 2, 100, 100, 200, 200, 180, 0, 0, 0, '2022-05-25 11:48:20', '2022-05-25 11:48:20', NULL),
(216, 3, 1999, 2002, '60020', 'Compensador trasero Nitrocharger Sport', NULL, 11, 2, 2, 100, 100, 200, 200, 180, 0, 0, 0, '2022-05-25 11:48:20', '2022-05-25 11:48:20', NULL),
(217, 3, 1999, 2002, 'SS86HP', 'Snorkel V-Spec', NULL, 12, 2, 1, 500, 450, 1000, 950, 855, 0, 0, 0, '2022-05-25 11:48:20', '2022-05-25 11:48:20', NULL),
(218, 3, 1999, 2002, '4413210', 'Side Rails & Steps', NULL, 13, 3, 1, 100, 1400, 1000, 1500, 1350, 0, 0, 0, '2022-05-25 11:48:20', '2022-05-25 11:48:20', NULL),
(219, 3, 1999, 2002, '4413200', 'Side Rails  ', NULL, 13, 3, 1, 200, 200, 400, 400, 360, 0, 0, 0, '2022-05-25 11:48:20', '2022-05-25 11:48:20', NULL),
(220, 3, 2000, 2002, '4613100', 'Steps manual', NULL, 13, 3, 1, 550, 650, 1100, 1200, 1080, 0, 0, 0, '2022-05-25 11:48:20', '2022-05-25 11:48:20', NULL),
(221, 3, 1999, 2002, '4613110', 'Steps automático', NULL, 13, 3, 1, 550, 650, 1050, 1200, 1080, 0, 0, 0, '2022-05-25 11:48:20', '2022-05-25 11:48:20', NULL),
(222, 3, 1999, 2002, '1770030', 'Base Rack con deflector de aire 1835x1285mm', NULL, 15, 2, 1, 500, 1200, 1000, 1700, 1530, 0, 0, 0, '2022-05-25 11:48:20', '2022-05-25 11:48:20', NULL),
(223, 3, 1999, 2002, '17913010', 'Fit kit y deflector de aire base rack 1835x1285mm', NULL, 15, 2, 1, 250, 250, 500, 500, 450, 0, 0, 0, '2022-05-25 11:48:20', '2022-05-25 11:48:20', NULL),
(224, 3, 1999, 2002, '3813010M', 'Canasta acero 1790x1120mm', NULL, 16, 2, 1, 600, 1200, 1200, 1800, 1620, 0, 0, 0, '2022-05-25 11:48:20', '2022-05-25 11:48:20', NULL),
(225, 3, 1999, 2002, '3713010', 'Fit kit canasta 1790x1120mm', NULL, 16, 2, 1, 200, 200, 400, 400, 360, 0, 0, 0, '2022-05-25 11:48:20', '2022-05-25 11:48:20', NULL),
(226, 3, 1999, 2002, '4913010M', 'Canasta aluminio 1790x1120mm', NULL, 16, 2, 1, 800, 1300, 1600, 2100, 1890, 0, 0, 0, '2022-05-25 11:48:20', '2022-05-25 11:48:20', NULL),
(227, 3, 1999, 2002, '3713010', 'Fit kit canasta 1790x1120mm', NULL, 16, 2, 1, 200, 200, 400, 400, 360, 0, 0, 0, '2022-05-25 11:48:21', '2022-05-25 11:48:21', NULL),
(228, 3, 1999, 2002, '3813030', 'Plataforma acero 1790x1120mm (no mesh)', NULL, 17, 2, 1, 350, 950, 700, 1300, 1170, 0, 0, 0, '2022-05-25 11:48:21', '2022-05-25 11:48:21', NULL),
(229, 3, 1999, 2002, '3713010', 'Fit kit plataforma 1790x1120mm', NULL, 17, 2, 1, 200, 200, 400, 400, 360, 0, 0, 0, '2022-05-25 11:48:21', '2022-05-25 11:48:21', NULL),
(230, 3, 1999, 2002, '4913020M', 'Plataforma aluminio 1790x1120mm', NULL, 17, 2, 1, 700, 1300, 1400, 2000, 1800, 0, 0, 0, '2022-05-25 11:48:21', '2022-05-25 11:48:21', NULL),
(231, 3, 1999, 2002, '3713010', 'Fit kit plataforma 1790x1120mm', NULL, 17, 2, 1, 200, 200, 400, 400, 360, 0, 0, 0, '2022-05-25 11:48:21', '2022-05-25 11:48:21', NULL),
(232, 3, 1999, 2002, 'RD152', 'Bloqueo de diferencial trasero', NULL, 19, 2, 1, 700, 1500, 1400, 2200, 1980, 0, 0, 0, '2022-05-25 11:48:21', '2022-05-25 11:48:21', NULL),
(233, 3, 1999, 2002, 'RD131', 'Bloqueo de diferencial delantero', NULL, 19, 2, 1, 700, 1200, 1400, 1900, 1710, 0, 0, 0, '2022-05-25 11:48:21', '2022-05-25 11:48:21', NULL),
(234, 4, 1990, 1998, '3411050', 'Bumper delantero Deluxe', NULL, 2, 2, 1, 800, 900, 1600, 1700, 1530, 0, 0, 0, '2022-05-25 11:48:21', '2022-05-25 11:48:21', NULL),
(235, 4, 1990, 1998, '5611210', 'Bumper trasero', NULL, 7, 2, 1, 1300, 1800, 2600, 3100, 2790, 0, 0, 0, '2022-05-25 11:48:21', '2022-05-25 11:48:21', NULL),
(236, 4, 1990, 1998, '5700231', 'Panel izquierdo bumper trasero', NULL, 8, 2, 1, 100, 50, 200, 150, 135, 0, 0, 0, '2022-05-25 11:48:21', '2022-05-25 11:48:21', NULL),
(237, 4, 1990, 1998, '5700232', 'Panel derecho bumper trasero', NULL, 8, 2, 1, 100, 50, 200, 150, 135, 0, 0, 0, '2022-05-25 11:48:21', '2022-05-25 11:48:21', NULL),
(238, 4, 1990, 1998, '5611210', 'Bumper trasero con porta repuesto y porta pichinga', NULL, 7, 2, 1, 1300, 2300, 2600, 3600, 3240, 0, 0, 0, '2022-05-25 11:48:21', '2022-05-25 11:48:21', NULL),
(239, 4, 1990, 1998, '5711231', 'Porta repuesto izquierdo', NULL, 9, 2, 1, 500, 500, 1000, 1000, 900, 0, 0, 0, '2022-05-25 11:48:21', '2022-05-25 11:48:21', NULL),
(240, 4, 1990, 1998, '5711242', 'Porta pichinga derecho', NULL, 10, 2, 1, 500, 500, 1000, 1000, 900, 0, 0, 0, '2022-05-25 11:48:21', '2022-05-25 11:48:21', NULL),
(241, 4, 1990, 1998, '5711232', 'Porta repuesto derecho', NULL, 9, 2, 1, 500, 500, 1000, 1000, 900, 0, 0, 0, '2022-05-25 11:48:21', '2022-05-25 11:48:21', NULL),
(242, 4, 1990, 1998, '5711241', 'Porta pichinga izquierdo', NULL, 10, 2, 1, 500, 500, 1000, 1000, 900, 0, 0, 0, '2022-05-25 11:48:21', '2022-05-25 11:48:21', NULL),
(243, 4, 1990, 1998, 'OME-NS-LC80', 'Suspensión Nitrocharger Sport 10-50mm / 20-50mm', NULL, 11, 4, 1, 775, 875, 1550, 1650, 1485, 0, 0, 0, '2022-05-25 11:48:21', '2022-05-25 11:48:21', NULL),
(244, 4, 1990, 1998, '2851', 'Resortes delanteros Nitrocharger Sport no bumper', NULL, 11, 3, 1, 150, 150, 300, 300, 270, 0, 0, 0, '2022-05-25 11:48:21', '2022-05-25 11:48:21', NULL),
(245, 4, 1990, 1998, '2850', 'Resortes delanteros Nitrocharger Sport para bumper', NULL, 11, 3, 1, 150, 150, 300, 300, 270, 0, 0, 0, '2022-05-25 11:48:21', '2022-05-25 11:48:21', NULL),
(246, 4, 1990, 1998, '2860', 'Resortes traseros Nitrocharger Sport', NULL, 11, 3, 1, 150, 150, 300, 300, 270, 0, 0, 0, '2022-05-25 11:48:21', '2022-05-25 11:48:21', NULL),
(247, 4, 1990, 1998, 'OMESD24', 'Compensador de dirección Nitrocharger Sport', NULL, 11, 2, 1, 900, -750, 1800, 150, 135, 0, 0, 0, '2022-05-25 11:48:21', '2022-05-25 11:48:21', NULL),
(248, 4, 1990, 1998, '60018', 'Compensador delantero Nitrocharger Sport', NULL, 11, 2, 2, 100, 100, 200, 200, 180, 0, 0, 0, '2022-05-25 11:48:21', '2022-05-25 11:48:21', NULL),
(249, 4, 1990, 1998, '60070', 'Compensador delantero Nitrocharger Sport', NULL, 11, 2, 2, 100, 100, 200, 200, 180, 0, 0, 0, '2022-05-25 11:48:21', '2022-05-25 11:48:21', NULL),
(250, 4, 1990, 1998, '60020', 'Compensador trasero Nitrocharger Sport', NULL, 11, 2, 2, 100, 100, 200, 200, 180, 0, 0, 0, '2022-05-25 11:48:21', '2022-05-25 11:48:21', NULL),
(251, 4, 1990, 1998, 'OME-BP-LC80', 'Suspensión BP51 10-50mm / 20-50mm', NULL, 11, 4, 1, 2075, 1825, 4150, 3900, 3510, 0, 0, 0, '2022-05-25 11:48:21', '2022-05-25 11:48:21', NULL),
(252, 4, 1990, 1998, '2851', 'Resortes delanteros Nitrocharger Sport no bumper', NULL, 11, 3, 1, 150, 150, 300, 300, 270, 0, 0, 0, '2022-05-25 11:48:21', '2022-05-25 11:48:21', NULL),
(253, 4, 1990, 1998, '2850', 'Resortes delanteros Nitrocharger Sport para bumper', NULL, 11, 3, 1, 150, 150, 300, 300, 270, 0, 0, 0, '2022-05-25 11:48:21', '2022-05-25 11:48:21', NULL),
(254, 4, 1990, 1998, '2860', 'Resortes traseros Nitrocharger Sport', NULL, 11, 3, 1, 150, 150, 300, 300, 270, 0, 0, 0, '2022-05-25 11:48:21', '2022-05-25 11:48:21', NULL),
(255, 4, 1990, 1998, 'OMESD24', 'Compensador de dirección Nitrocharger Sport', NULL, 11, 2, 1, 75, 75, 150, 150, 135, 0, 0, 0, '2022-05-25 11:48:21', '2022-05-25 11:48:21', NULL),
(256, 4, 1990, 1998, 'BP5160043', 'Compensador delantero BP51', NULL, 11, 2, 2, 400, 400, 800, 800, 720, 0, 0, 0, '2022-05-25 11:48:21', '2022-05-25 11:48:21', NULL),
(257, 4, 1990, 1998, 'VM80010025', 'Fit kit reservorio', NULL, 11, 2, 1, 50, 50, 100, 100, 90, 0, 0, 0, '2022-05-25 11:48:21', '2022-05-25 11:48:21', NULL),
(258, 4, 1990, 1998, 'BP5160013', 'Compensador trasero BP51', NULL, 11, 2, 2, 400, 400, 800, 800, 720, 0, 0, 0, '2022-05-25 11:48:21', '2022-05-25 11:48:21', NULL),
(259, 4, 1990, 1998, 'VM80010026', 'Fit kit reservorio', NULL, 11, 2, 1, 50, 50, 100, 100, 90, 0, 0, 0, '2022-05-25 11:48:21', '2022-05-25 11:48:21', NULL),
(260, 4, 1990, 1998, 'SS81HF', 'Snorkel V-Spec', NULL, 12, 2, 1, 300, 400, 600, 700, 630, 0, 0, 0, '2022-05-25 11:48:21', '2022-05-25 11:48:21', NULL),
(261, 4, 1990, 1998, '4411010', 'Side Rails & Steps', NULL, 13, 3, 1, 600, 700, 1200, 1300, 1170, 0, 0, 0, '2022-05-25 11:48:22', '2022-05-25 11:48:22', NULL),
(262, 4, 1990, 1998, '1770040', 'Base Rack 2125x1285mm con deflector de aire', NULL, 15, 2, 1, 550, 1350, 1100, 1900, 1710, 0, 0, 0, '2022-05-25 11:48:22', '2022-05-25 11:48:22', NULL),
(263, 4, 1990, 1998, '17900010', 'Fit kit Base Rack 2125x1285mm', NULL, 15, 2, 1, 300, 300, 600, 600, 540, 0, 0, 0, '2022-05-25 11:48:22', '2022-05-25 11:48:22', NULL),
(264, 4, 1990, 1998, '17900090', 'Deflector de aire Base Rack 2125x1285mm', NULL, 15, 2, 1, 100, 100, 200, 200, 180, 0, 0, 0, '2022-05-25 11:48:22', '2022-05-25 11:48:22', NULL),
(265, 4, 1990, 1998, '1770030', 'Base Rack 1835x1285mm con deflector de aire', NULL, 15, 2, 1, 500, 1400, 1000, 1900, 1710, 0, 0, 0, '2022-05-25 11:48:22', '2022-05-25 11:48:22', NULL),
(266, 4, 1990, 1998, '17900010', 'Fit kit Base Rack 1835x1285mm ', NULL, 15, 2, 1, 300, 300, 600, 600, 540, 0, 0, 0, '2022-05-25 11:48:22', '2022-05-25 11:48:22', NULL),
(267, 4, 1990, 1998, '17900090', 'Deflector de aire Base Rack 1835x1285mm', NULL, 15, 2, 1, 100, 50, 200, 150, 135, 0, 0, 0, '2022-05-25 11:48:22', '2022-05-25 11:48:22', NULL),
(268, 4, 1990, 1998, '1770020', 'Base Rack 1545x1285mm con deflector de aire', NULL, 15, 2, 1, 500, 1100, 1000, 1600, 1440, 0, 0, 0, '2022-05-25 11:48:22', '2022-05-25 11:48:22', NULL),
(269, 4, 1990, 1998, '17900020', 'Fit kit Base Rack 1545x1285mm', NULL, 15, 2, 1, 200, 200, 400, 400, 360, 0, 0, 0, '2022-05-25 11:48:22', '2022-05-25 11:48:22', NULL),
(270, 4, 1990, 1998, '17900090', 'Deflector de aire Base Rack 1545x1285mm', NULL, 15, 2, 1, 100, 100, 200, 200, 180, 0, 0, 0, '2022-05-25 11:48:22', '2022-05-25 11:48:22', NULL),
(271, 4, 1990, 1998, '1770070', 'Base Rack 1255x1285mm con deflector de aire', NULL, 15, 2, 1, 300, 1300, 600, 1600, 1440, 0, 0, 0, '2022-05-25 11:48:22', '2022-05-25 11:48:22', NULL),
(272, 4, 1990, 1998, '17900020', 'Fit kit Base Rack 1255x1285mm', NULL, 15, 2, 1, 200, 200, 400, 400, 360, 0, 0, 0, '2022-05-25 11:48:22', '2022-05-25 11:48:22', NULL),
(273, 4, 1990, 1998, '1790090', 'Deflector de aire Base Rack 1255x1285mm', NULL, 15, 2, 1, 200, 0, 200, 200, 180, 0, 0, 0, '2022-05-25 11:48:22', '2022-05-25 11:48:22', NULL),
(274, 4, 1990, 1998, '3800010M', 'Canasta acero 2200x1250mm', NULL, 16, 2, 1, 650, 1250, 1900, 1900, 1710, 0, 0, 0, '2022-05-25 11:48:22', '2022-05-25 11:48:22', NULL),
(275, 4, 1990, 1998, '3700050', 'Fit kit canasta 2200x1250mm', NULL, 16, 2, 1, 250, 250, 500, 500, 450, 0, 0, 0, '2022-05-25 11:48:22', '2022-05-25 11:48:22', NULL),
(276, 4, 1990, 1998, '4900010M', 'Canasta aluminio 2200x1250mm', NULL, 16, 2, 1, 850, 1450, 1700, 2300, 2070, 0, 0, 0, '2022-05-25 11:48:22', '2022-05-25 11:48:22', NULL),
(277, 4, 1990, 1998, '3700050', 'Fit kit canasta 2200x1250mm', NULL, 16, 2, 1, 250, 250, 500, 500, 450, 0, 0, 0, '2022-05-25 11:48:22', '2022-05-25 11:48:22', NULL),
(278, 4, 1990, 1998, '3800020M', 'Canasta acero 1850x1250mm', NULL, 16, 2, 1, 600, 1200, 1600, 1800, 1620, 0, 0, 0, '2022-05-25 11:48:22', '2022-05-25 11:48:22', NULL),
(279, 4, 1990, 1998, '3700050', 'Fit kit canasta 1850x1250mm', NULL, 16, 2, 1, 100, 400, 200, 500, 450, 0, 0, 0, '2022-05-25 11:48:22', '2022-05-25 11:48:22', NULL),
(280, 4, 1990, 1998, '3800240', 'Plataforma acero 2200x1250mm (no mesh)', NULL, 17, 2, 1, 400, 1000, 800, 1400, 1260, 0, 0, 0, '2022-05-25 11:48:22', '2022-05-25 11:48:22', NULL),
(281, 4, 1990, 1998, '3700050', 'Fit kit plataforma 2200x1250mm', NULL, 17, 2, 1, 250, 250, 500, 500, 450, 0, 0, 0, '2022-05-25 11:48:22', '2022-05-25 11:48:22', NULL),
(282, 4, 1990, 1998, '4900060M', 'Plataforma aluminio 2200x1250mm', NULL, 17, 2, 1, 750, 1250, 1500, 2000, 1800, 0, 0, 0, '2022-05-25 11:48:22', '2022-05-25 11:48:22', NULL),
(283, 4, 1990, 1998, '3700050', 'Fit kit plataforma 2200x1250mm', NULL, 17, 2, 1, 250, 250, 500, 500, 450, 0, 0, 0, '2022-05-25 11:48:22', '2022-05-25 11:48:22', NULL),
(284, 4, 1990, 1998, '3800220', 'Plataforma acero 1850x1250mm (no mesh)', NULL, 17, 2, 1, 350, 1050, 700, 1400, 1260, 0, 0, 0, '2022-05-25 11:48:22', '2022-05-25 11:48:22', NULL),
(285, 4, 1990, 1998, '3700050', 'Fit kit plataforma 1850x1250mm', NULL, 17, 2, 1, 250, 250, 500, 500, 450, 0, 0, 0, '2022-05-25 11:48:22', '2022-05-25 11:48:22', NULL),
(286, 4, 1990, 1998, 'RD153', 'Bloqueo de diferencial trasero 1969-92 semi flotante', NULL, 19, 2, 1, 700, 1500, 1400, 2200, 1980, 0, 0, 0, '2022-05-25 11:48:22', '2022-05-25 11:48:22', NULL),
(287, 4, 1990, 1998, 'RD142', 'Bloqueo de diferencial trasero 1977-97 flotante', NULL, 19, 2, 1, 700, 1500, 1400, 2200, 1980, 0, 0, 0, '2022-05-25 11:48:22', '2022-05-25 11:48:22', NULL),
(288, 4, 1990, 1998, 'RD142', 'Bloqueo de diferencial delantero to 1989 (12 bolt)', NULL, 19, 2, 1, 700, 1200, 1400, 1900, 1710, 0, 0, 0, '2022-05-25 11:48:22', '2022-05-25 11:48:22', NULL),
(289, 4, 1990, 1998, 'RD132', 'Bloqueo de diferencial delantero 1990 - 1997 (10 bolt)', NULL, 19, 2, 1, 700, 1200, 1400, 1900, 1710, 0, 0, 0, '2022-05-25 11:48:22', '2022-05-25 11:48:22', NULL),
(290, 5, 1981, 1989, '3410100', 'Bumper delantero Deluxe', NULL, 2, 2, 1, 750, 850, 1500, 1600, 1440, 0, 0, 0, '2022-05-25 11:48:22', '2022-05-25 11:48:22', NULL),
(291, 5, 1981, 1989, 'DOBINSONS-LC60', 'Bumper trasero Dobinsons con porta repuesto ', NULL, 7, 2, 1, 1400, 1400, 2800, 2800, 2520, 0, 0, 0, '2022-05-25 11:48:22', '2022-05-25 11:48:22', NULL),
(292, 5, 1981, 1989, 'OME-NS-LC60', 'Suspensión Nitrocharger Sport 50mm / 50mm', NULL, 11, 4, 1, 1475, 1075, 2950, 2550, 2295, 0, 0, 0, '2022-05-25 11:48:22', '2022-05-25 11:48:22', NULL),
(293, 5, 1981, 1989, 'CS003F', 'Hoja de Resorte delantera Nitrocharger Sport motor gasolina no bumper', NULL, 11, 2, 2, 100, 100, 200, 200, 180, 0, 0, 0, '2022-05-25 11:48:22', '2022-05-25 11:48:22', NULL);
INSERT INTO `partes` (`id_parte`, `id_modelo`, `anio_i`, `anio_f`, `num_parte`, `nombre`, `descripcion`, `id_articulo_categoria`, `id_unidad_medida`, `cantidad_unidad`, `precio_costo`, `margen`, `precio_sugerido`, `precio_establecido`, `precio_distibuidor`, `stock_min`, `stock_max`, `stock_actual`, `created_at`, `updated_at`, `deleted_at`) VALUES
(294, 5, 1981, 1989, 'CS004F', 'Hoja de Resorte delantera Nitrocharger Sport motor gasolina para bumper', NULL, 11, 2, 2, 100, 100, 200, 200, 180, 0, 0, 0, '2022-05-25 11:48:22', '2022-05-25 11:48:22', NULL),
(295, 5, 1981, 1989, 'CS004F', 'Hoja de Resorte delantera Nitrocharger Sport motor diesel no bumper', NULL, 11, 2, 2, 100, 100, 200, 200, 180, 0, 0, 0, '2022-05-25 11:48:22', '2022-05-25 11:48:22', NULL),
(296, 5, 1981, 1989, 'CS005F', 'Hoja de Resorte delantera Nitrocharger Sport motor diesel para bumper', NULL, 11, 2, 2, 150, 50, 300, 200, 180, 0, 0, 0, '2022-05-25 11:48:23', '2022-05-25 11:48:23', NULL),
(297, 5, 1981, 1989, '60009', 'Compensador delantero Nitrocharger Sport', NULL, 11, 2, 2, 100, 100, 200, 200, 180, 0, 0, 0, '2022-05-25 11:48:23', '2022-05-25 11:48:23', NULL),
(298, 5, 1981, 1989, '60063', 'Compensador delantero Nitrocharger Sport', NULL, 11, 2, 2, 100, 100, 200, 200, 180, 0, 0, 0, '2022-05-25 11:48:23', '2022-05-25 11:48:23', NULL),
(299, 5, 1981, 1989, 'OMESB1', 'Bushings para hoja de resorte', NULL, 11, 4, 4, 25, 25, 50, 50, 45, 0, 0, 0, '2022-05-25 11:48:23', '2022-05-25 11:48:23', NULL),
(300, 5, 1981, 1989, 'OMEU51', 'Gasas delanteras', NULL, 11, 2, 4, 25, 25, 50, 50, 45, 0, 0, 0, '2022-05-25 11:48:23', '2022-05-25 11:48:23', NULL),
(301, 5, 1981, 1989, 'OMEGS2', 'Balancines engrasables delanteros', NULL, 11, 3, 1, 100, 100, 200, 200, 180, 0, 0, 0, '2022-05-25 11:48:23', '2022-05-25 11:48:23', NULL),
(302, 5, 1981, 1989, 'OMEGP1', 'Pines engrasables', NULL, 11, 3, 2, 100, 100, 200, 200, 180, 0, 0, 0, '2022-05-25 11:48:23', '2022-05-25 11:48:23', NULL),
(303, 5, 1981, 1989, 'OMESD24', 'Compensador de dirección Nitrocharger Sport', NULL, 11, 2, 1, 100, 100, 200, 200, 180, 0, 0, 0, '2022-05-25 11:48:23', '2022-05-25 11:48:23', NULL),
(304, 5, 1981, 1989, 'CS017RA', 'Hoja de Resorte trasera izquierda Nitrocharger Sport', NULL, 11, 2, 1, 150, 150, 300, 300, 270, 0, 0, 0, '2022-05-25 11:48:23', '2022-05-25 11:48:23', NULL),
(305, 5, 1981, 1989, 'CS017RB', 'Hoja de Resorte trasera derecha Nitrocharger Sport', NULL, 11, 2, 1, 150, 150, 300, 300, 270, 0, 0, 0, '2022-05-25 11:48:23', '2022-05-25 11:48:23', NULL),
(306, 5, 1981, 1989, '60032', 'Compensador trasero Nitrocharger Sport hasta 1986', NULL, 11, 2, 2, 100, 100, 200, 200, 180, 0, 0, 0, '2022-05-25 11:48:23', '2022-05-25 11:48:23', NULL),
(307, 5, 1981, 1989, '60062', 'Compensador trasero Nitrocharger Sport 1986 on', NULL, 11, 2, 2, 100, 100, 200, 200, 180, 0, 0, 0, '2022-05-25 11:48:23', '2022-05-25 11:48:23', NULL),
(308, 5, 1981, 1989, 'OMEU59B', 'Gasas traseras', NULL, 11, 2, 4, 50, 50, 100, 100, 90, 0, 0, 0, '2022-05-25 11:48:23', '2022-05-25 11:48:23', NULL),
(309, 5, 1981, 1989, 'OMEGS1', 'Balancines engrasables traseros', NULL, 11, 3, 1, 100, 100, 200, 200, 180, 0, 0, 0, '2022-05-25 11:48:23', '2022-05-25 11:48:23', NULL),
(310, 5, 1981, 1989, 'SS60R', 'Snorkel V-Spec', NULL, 12, 2, 1, 250, 450, 500, 700, 630, 0, 0, 0, '2022-05-25 11:48:23', '2022-05-25 11:48:23', NULL),
(311, 5, 1981, 1989, '4410020', 'Steps', NULL, 13, 3, 1, 450, 650, 900, 1100, 990, 0, 0, 0, '2022-05-25 11:48:23', '2022-05-25 11:48:23', NULL),
(312, 5, 1981, 1989, '1770040', 'Base Rack 2125x1285mm con deflector de aire', NULL, 15, 2, 1, 550, 1350, 1100, 1900, 1710, 0, 0, 0, '2022-05-25 11:48:23', '2022-05-25 11:48:23', NULL),
(313, 5, 1981, 1989, '17900010', 'Fit kit Base Rack 2125x1285mm', NULL, 15, 2, 1, 300, 300, 600, 600, 540, 0, 0, 0, '2022-05-25 11:48:23', '2022-05-25 11:48:23', NULL),
(314, 5, 1981, 1989, '17900090', 'Deflector de aire Base Rack 2125x1285mm', NULL, 15, 2, 1, 100, 100, 200, 200, 180, 0, 0, 0, '2022-05-25 11:48:23', '2022-05-25 11:48:23', NULL),
(315, 5, 1981, 1989, '1770030', 'Base Rack 1835x1285mm con deflector de aire', NULL, 15, 2, 1, 500, 1300, 1000, 1800, 1620, 0, 0, 0, '2022-05-25 11:48:23', '2022-05-25 11:48:23', NULL),
(316, 5, 1981, 1989, '17900010', 'Fit kit Base Rack 1835x1285mm ', NULL, 15, 2, 1, 300, 300, 600, 600, 540, 0, 0, 0, '2022-05-25 11:48:23', '2022-05-25 11:48:23', NULL),
(317, 5, 1981, 1989, '17900090', 'Deflector de aire Base Rack 1835x1285mm', NULL, 15, 2, 1, 100, 100, 200, 200, 180, 0, 0, 0, '2022-05-25 11:48:23', '2022-05-25 11:48:23', NULL),
(318, 5, 1981, 1989, '1770020', 'Base Rack 1545x1285mm con deflector de aire', NULL, 15, 2, 1, 500, 1100, 1000, 1600, 1440, 0, 0, 0, '2022-05-25 11:48:23', '2022-05-25 11:48:23', NULL),
(319, 5, 1981, 1989, '17900020', 'Fit kit Base Rack 1545x1285mm', NULL, 15, 2, 1, 200, 200, 400, 400, 360, 0, 0, 0, '2022-05-25 11:48:23', '2022-05-25 11:48:23', NULL),
(320, 5, 1981, 1989, '17900090', 'Deflector de aire Base Rack 1545x1285mm', NULL, 15, 2, 1, 100, 100, 200, 200, 180, 0, 0, 0, '2022-05-25 11:48:23', '2022-05-25 11:48:23', NULL),
(321, 5, 1981, 1989, '1770070', 'Base Rack 1255x1285mm con deflector de aire', NULL, 15, 2, 1, 100, 1500, 200, 1600, 1440, 0, 0, 0, '2022-05-25 11:48:23', '2022-05-25 11:48:23', NULL),
(322, 5, 1981, 1989, '17900020', 'Fit kit Base Rack 1255x1285mm', NULL, 15, 2, 1, 200, 200, 400, 400, 360, 0, 0, 0, '2022-05-25 11:48:23', '2022-05-25 11:48:23', NULL),
(323, 5, 1981, 1989, '1790090', 'Deflector de aire Base Rack 1255x1285mm', NULL, 15, 2, 1, 70, 130, 140, 200, 180, 0, 0, 0, '2022-05-25 11:48:23', '2022-05-25 11:48:23', NULL),
(324, 5, 1981, 1989, '3800010M', 'Canasta acero 2200x1250mm', NULL, 16, 2, 1, 650, 1250, 1300, 1900, 1710, 0, 0, 0, '2022-05-25 11:48:23', '2022-05-25 11:48:23', NULL),
(325, 5, 1981, 1989, '3700050', 'Fit kit canasta 2200x1250mm', NULL, 16, 2, 1, 250, 250, 500, 500, 450, 0, 0, 0, '2022-05-25 11:48:23', '2022-05-25 11:48:23', NULL),
(326, 5, 1981, 1989, '3700030', 'Fit kit canasta 2200x1250mm techo alto', NULL, 16, 2, 2, 250, 900, 500, 1150, 1035, 0, 0, 0, '2022-05-25 11:48:23', '2022-05-25 11:48:23', NULL),
(327, 5, 1981, 1989, '4900010M', 'Canasta aluminio 2200x1250mm', NULL, 16, 2, 1, 850, 1450, 1700, 2300, 2070, 0, 0, 0, '2022-05-25 11:48:23', '2022-05-25 11:48:23', NULL),
(328, 5, 1981, 1989, '3700050', 'Fit kit canasta 2200x1250mm', NULL, 16, 2, 1, 250, 250, 500, 500, 450, 0, 0, 0, '2022-05-25 11:48:23', '2022-05-25 11:48:23', NULL),
(329, 5, 1981, 1989, '3700030', 'Fit kit canasta 2200x1250mm techo alto', NULL, 16, 2, 2, 250, 1000, 500, 1250, 1125, 0, 0, 0, '2022-05-25 11:48:23', '2022-05-25 11:48:23', NULL),
(330, 5, 1981, 1989, '3800020M', 'Canasta acero 1850x1250mm', NULL, 16, 2, 1, 600, 1200, 1200, 1800, 1620, 0, 0, 0, '2022-05-25 11:48:23', '2022-05-25 11:48:23', NULL),
(331, 5, 1981, 1989, '3700050', 'Fit kit canasta 1850x1250mm', NULL, 16, 2, 1, 250, 250, 500, 500, 450, 0, 0, 0, '2022-05-25 11:48:24', '2022-05-25 11:48:24', NULL),
(332, 5, 1981, 1989, '3700030', 'Fit kit canasta 18500x1250mm techo alto', NULL, 16, 2, 1, 250, 1550, 500, 1800, 1620, 0, 0, 0, '2022-05-25 11:48:24', '2022-05-25 11:48:24', NULL),
(333, 5, 1981, 1989, '3800240', 'Plataforma acero 2200x1250mm (no mesh)', NULL, 17, 2, 1, 400, 1000, 800, 1400, 1260, 0, 0, 0, '2022-05-25 11:48:24', '2022-05-25 11:48:24', NULL),
(334, 5, 1981, 1989, '3700050', 'Fit kit plataforma 2200x1250mm', NULL, 17, 2, 1, 250, 250, 500, 500, 450, 0, 0, 0, '2022-05-25 11:48:24', '2022-05-25 11:48:24', NULL),
(335, 5, 1981, 1989, '4900060M', 'Plataforma aluminio 2200x1250mm', NULL, 17, 2, 1, 750, 1350, 1500, 2100, 1890, 0, 0, 0, '2022-05-25 11:48:24', '2022-05-25 11:48:24', NULL),
(336, 5, 1981, 1989, '3700050', 'Fit kit plataforma 2200x1250mm', NULL, 17, 2, 1, 250, 250, 500, 500, 450, 0, 0, 0, '2022-05-25 11:48:24', '2022-05-25 11:48:24', NULL),
(337, 5, 1981, 1989, '3800220', 'Plataforma acero 1850x1250mm (no mesh)', NULL, 17, 2, 1, 350, 1050, 700, 1400, 1260, 0, 0, 0, '2022-05-25 11:48:24', '2022-05-25 11:48:24', NULL),
(338, 5, 1981, 1989, '3700050', 'Fit kit plataforma 1850x1250mm', NULL, 17, 2, 1, 250, 250, 500, 500, 450, 0, 0, 0, '2022-05-25 11:48:24', '2022-05-25 11:48:24', NULL),
(339, 5, 1981, 1989, 'RD153', 'Bloqueo de diferencial trasero 1969-92 semi flotante', NULL, 19, 2, 1, 700, 1500, 1400, 2200, 1980, 0, 0, 0, '2022-05-25 11:48:24', '2022-05-25 11:48:24', NULL),
(340, 5, 1981, 1989, 'RD142', 'Bloqueo de diferencial trasero 1977-97 flotante', NULL, 19, 2, 1, 700, 1500, 1400, 2200, 1980, 0, 0, 0, '2022-05-25 11:48:24', '2022-05-25 11:48:24', NULL),
(341, 5, 1981, 1989, 'RD142', 'Bloqueo de diferencial delantero to 1989 (12 bolt)', NULL, 19, 2, 1, 700, 1200, 1400, 1900, 1710, 0, 0, 0, '2022-05-25 11:48:24', '2022-05-25 11:48:24', NULL),
(342, 5, 1981, 1989, 'RD132', 'Bloqueo de diferencial delantero 1990 - 1997 (10 bolt)', NULL, 19, 2, 1, 700, 1200, 1400, 1900, 1710, 0, 0, 0, '2022-05-25 11:48:24', '2022-05-25 11:48:24', NULL),
(343, 6, 2007, 2022, '3412470', 'Bumper delantero Deluxe 47,6mm', NULL, 2, 2, 1, 950, 1050, 1900, 2000, 1800, 0, 0, 0, '2022-05-25 11:48:24', '2022-05-25 11:48:24', NULL),
(344, 6, 2007, 2022, '3412500', 'Bumper delantero Summit 60.3mm', NULL, 2, 2, 1, 1050, 1150, 2100, 2200, 1980, 0, 0, 0, '2022-05-25 11:48:24', '2022-05-25 11:48:24', NULL),
(345, 6, 2007, 2022, '3500590', 'Halógenos neblineros summit', NULL, 6, 3, 1, 100, 150, 200, 250, 225, 0, 0, 0, '2022-05-25 11:48:24', '2022-05-25 11:48:24', NULL),
(346, 6, 2007, 2022, '3500910', 'Halógenos neblineros summit led', NULL, 6, 3, 1, 100, 150, 200, 250, 225, 0, 0, 0, '2022-05-25 11:48:24', '2022-05-25 11:48:24', NULL),
(347, 6, 2007, 2022, '5612010', 'Bumper trasero ', NULL, 7, 2, 1, 550, 850, 1100, 1400, 1260, 0, 0, 0, '2022-05-25 11:48:24', '2022-05-25 11:48:24', NULL),
(348, 6, 2007, 2022, 'DOBINSONS-LC79', 'Bumper trasero Dobinsons con porta repuesto', NULL, 7, 2, 1, 1325, 1475, 2650, 2800, 2520, 0, 0, 0, '2022-05-25 11:48:24', '2022-05-25 11:48:24', NULL),
(349, 6, 2007, 2022, 'OME-NS-LC79', 'Suspensión Nitrocharger Sport 40mm / 45mm', NULL, 11, 4, 1, 1350, 1050, 2700, 2400, 2160, 0, 0, 0, '2022-05-25 11:48:24', '2022-05-25 11:48:24', NULL),
(350, 6, 2007, 2022, '2859', 'Resortes delanteros Nitrocharger Sport para bumper', NULL, 11, 3, 1, 150, 150, 300, 300, 270, 0, 0, 0, '2022-05-25 11:48:24', '2022-05-25 11:48:24', NULL),
(351, 6, 2007, 2022, '2853', 'Resortes delanteros Nitrocharger Sport para bumper V8', NULL, 11, 3, 1, 150, 150, 300, 300, 270, 0, 0, 0, '2022-05-25 11:48:24', '2022-05-25 11:48:24', NULL),
(352, 6, 2007, 2022, '60008', 'Compensador delantero Nitrocharger Sport', NULL, 11, 2, 2, 100, 100, 200, 200, 180, 0, 0, 0, '2022-05-25 11:48:24', '2022-05-25 11:48:24', NULL),
(353, 6, 2007, 2022, 'EL113R', 'Hoja de resorte trasera Nitrocharger Sport', NULL, 11, 2, 2, 100, 100, 200, 200, 180, 0, 0, 0, '2022-05-25 11:48:24', '2022-05-25 11:48:24', NULL),
(354, 6, 2007, 2022, '60010', 'Compensador trasero Nitrocharger Sport', NULL, 11, 2, 2, 100, 100, 200, 200, 180, 0, 0, 0, '2022-05-25 11:48:24', '2022-05-25 11:48:24', NULL),
(355, 6, 2007, 2022, '60011', 'Compensador trasero Nitrocharger Sport', NULL, 11, 2, 2, 100, 100, 200, 200, 180, 0, 0, 0, '2022-05-25 11:48:24', '2022-05-25 11:48:24', NULL),
(356, 6, 2007, 2022, 'OMEGS10', 'Balancines engrasables doble cabina', NULL, 11, 3, 1, 100, 100, 200, 200, 180, 0, 0, 0, '2022-05-25 11:48:24', '2022-05-25 11:48:24', NULL),
(357, 6, 2007, 2022, 'OMEGS19', 'Balancines engrasables cabina sencilla', NULL, 11, 3, 1, 100, 100, 200, 200, 180, 0, 0, 0, '2022-05-25 11:48:24', '2022-05-25 11:48:24', NULL),
(358, 6, 2007, 2022, 'OMEGP7', 'Pines engrasables', NULL, 11, 3, 1, 100, 100, 200, 200, 180, 0, 0, 0, '2022-05-25 11:48:24', '2022-05-25 11:48:24', NULL),
(359, 6, 2007, 2022, 'OMESB85', 'Bushings para hoja de resorte', NULL, 11, 4, 2, 50, 50, 100, 100, 90, 0, 0, 0, '2022-05-25 11:48:24', '2022-05-25 11:48:24', NULL),
(360, 6, 2007, 2022, 'OMEU59B', 'Gasas', NULL, 11, 2, 4, 50, 50, 100, 100, 90, 0, 0, 0, '2022-05-25 11:48:24', '2022-05-25 11:48:24', NULL),
(361, 6, 1998, 2007, 'OMESD24', 'Compensador de Dirección Nitrocharger Sport', NULL, 11, 2, 1, 100, 100, 200, 200, 180, 0, 0, 0, '2022-05-25 11:48:24', '2022-05-25 11:48:24', NULL),
(362, 6, 2007, 2022, 'OMESD47', 'Compensador de Dirección Nitrocharger Sport', NULL, 11, 2, 1, 100, 100, 200, 200, 180, 0, 0, 0, '2022-05-25 11:48:24', '2022-05-25 11:48:24', NULL),
(363, 6, 2007, 2022, 'OME-BP-LC79', 'Suspensión BP-51 40mm / 45mm', NULL, 11, 4, 1, 2710, 1690, 5420, 4400, 3960, 0, 0, 0, '2022-05-25 11:48:24', '2022-05-25 11:48:24', NULL),
(364, 6, 2007, 2022, '2859', 'Resortes delanteros Nitrocharger Sport para bumper', NULL, 11, 3, 1, 150, 150, 300, 300, 270, 0, 0, 0, '2022-05-25 11:48:24', '2022-05-25 11:48:24', NULL),
(365, 6, 2007, 2022, '2853', 'Resortes delanteros Nitrocharger Sport para bumper V8', NULL, 11, 3, 1, 150, 150, 300, 300, 270, 0, 0, 0, '2022-05-25 11:48:24', '2022-05-25 11:48:24', NULL),
(366, 6, 2007, 2022, 'BP5160042', 'Compensador delantero BP51', NULL, 11, 2, 2, 350, 350, 700, 700, 630, 0, 0, 0, '2022-05-25 11:48:24', '2022-05-25 11:48:24', NULL),
(367, 6, 2007, 2022, 'VM80010006', 'Fit kit reservorio', NULL, 11, 2, 1, 50, 50, 100, 100, 90, 0, 0, 0, '2022-05-25 11:48:25', '2022-05-25 11:48:25', NULL),
(368, 6, 2007, 2022, 'EL113R', 'Hoja de resorte trasera Nitrocharger Sport', NULL, 11, 2, 2, 200, 200, 400, 400, 360, 0, 0, 0, '2022-05-25 11:48:25', '2022-05-25 11:48:25', NULL),
(369, 6, 2007, 2022, 'BP5160028', 'Compensador trasero BP51', NULL, 11, 2, 2, 400, 400, 800, 800, 720, 0, 0, 0, '2022-05-25 11:48:25', '2022-05-25 11:48:25', NULL),
(370, 6, 2007, 2022, 'VM80010007', 'Fit kit reservorio', NULL, 11, 2, 1, 50, 50, 100, 100, 90, 0, 0, 0, '2022-05-25 11:48:25', '2022-05-25 11:48:25', NULL),
(371, 6, 2007, 2022, 'OMEGS10', 'Balancines engrasables doble cabina', NULL, 11, 3, 1, 100, 100, 200, 200, 180, 0, 0, 0, '2022-05-25 11:48:25', '2022-05-25 11:48:25', NULL),
(372, 6, 2007, 2022, 'OMEGS19', 'Balancines engrasables cabina sencilla', NULL, 11, 3, 1, 100, 100, 200, 200, 180, 0, 0, 0, '2022-05-25 11:48:25', '2022-05-25 11:48:25', NULL),
(373, 6, 2007, 2022, 'OMEGP7', 'Pines engrasables', NULL, 11, 3, 1, 100, 100, 200, 200, 180, 0, 0, 0, '2022-05-25 11:48:25', '2022-05-25 11:48:25', NULL),
(374, 6, 2007, 2022, 'OMESB85', 'Bushings para hoja de resorte', NULL, 11, 4, 2, 50, 50, 100, 100, 90, 0, 0, 0, '2022-05-25 11:48:25', '2022-05-25 11:48:25', NULL),
(375, 6, 2007, 2022, 'OMEU59B', 'Gasas', NULL, 11, 2, 4, 50, 50, 100, 100, 90, 0, 0, 0, '2022-05-25 11:48:25', '2022-05-25 11:48:25', NULL),
(376, 6, 1998, 2007, 'OMESD24', 'Compensador de Dirección Nitrocharger Sport', NULL, 11, 2, 1, 100, 100, 200, 200, 180, 0, 0, 0, '2022-05-25 11:48:25', '2022-05-25 11:48:25', NULL),
(377, 6, 2007, 2022, 'OMESD47', 'Compensador de Dirección Nitrocharger Sport', NULL, 11, 2, 1, 100, 100, 200, 200, 180, 0, 0, 0, '2022-05-25 11:48:25', '2022-05-25 11:48:25', NULL),
(378, 6, 2007, 2022, 'SS79HPV', 'Snorkel Armax', NULL, 12, 2, 1, 500, 600, 1000, 1100, 990, 0, 0, 0, '2022-05-25 11:48:25', '2022-05-25 11:48:25', NULL),
(379, 6, 2007, 2022, 'SS76HFZ', 'Snorkel V-Spec', NULL, 12, 2, 1, 450, 500, 900, 950, 855, 0, 0, 0, '2022-05-25 11:48:25', '2022-05-25 11:48:25', NULL),
(380, 6, 2007, 2022, '4412450', 'Side Rails & Steps 47,6mm CC', NULL, 13, 3, 1, 550, 650, 1100, 1200, 1080, 0, 0, 0, '2022-05-25 11:48:25', '2022-05-25 11:48:25', NULL),
(381, 6, 2007, 2022, '4412460', 'Side Rails & Steps 47,6mm DC', NULL, 13, 3, 1, 700, 900, 1400, 1600, 1440, 0, 0, 0, '2022-05-25 11:48:25', '2022-05-25 11:48:25', NULL),
(382, 6, 2007, 2022, '4412550', 'Side Rails & Steps 60,3mm CC', NULL, 13, 3, 1, 750, 850, 1500, 1600, 1440, 0, 0, 0, '2022-05-25 11:48:25', '2022-05-25 11:48:25', NULL),
(383, 6, 2007, 2022, '4412500', 'Side Rails & Steps 60,3mm DC', NULL, 13, 3, 1, 1000, 1000, 2000, 2000, 1800, 0, 0, 0, '2022-05-25 11:48:25', '2022-05-25 11:48:25', NULL),
(384, 6, 2007, 2022, '4412560', 'Steps CC 60,3mm', NULL, 13, 3, 1, 600, 700, 1200, 1300, 1170, 0, 0, 0, '2022-05-25 11:48:25', '2022-05-25 11:48:25', NULL),
(385, 6, 2007, 2022, '4412530', 'Steps DC 60,3mm', NULL, 13, 3, 1, 750, 850, 1500, 1600, 1440, 0, 0, 0, '2022-05-25 11:48:25', '2022-05-25 11:48:25', NULL),
(386, 6, 2007, 2022, '4412180', 'Side Rails & Steps 2002-2007', NULL, 13, 3, 1, 750, 850, 1500, 1600, 1440, 0, 0, 0, '2022-05-25 11:48:25', '2022-05-25 11:48:25', NULL),
(387, 6, 2007, 2022, '3512040', 'Protector de radiador', NULL, 14, 4, 1, 150, 200, 300, 350, 315, 0, 0, 0, '2022-05-25 11:48:25', '2022-05-25 11:48:25', NULL),
(388, 6, 2007, 2022, '1770020', 'Base Rack 1545x1285mm con deflector de aire', NULL, 15, 2, 1, 900, 700, 900, 1600, 1440, 0, 0, 0, '2022-05-25 11:48:25', '2022-05-25 11:48:25', NULL),
(389, 6, 2007, 2022, '17900040', 'Fit kit Base Rack 1545x1285mm', NULL, 15, 2, 1, 200, 200, 400, 400, 360, 0, 0, 0, '2022-05-25 11:48:25', '2022-05-25 11:48:25', NULL),
(390, 6, 2007, 2022, '17900090', 'Deflector de aire Base Rack 1545x1285mm', NULL, 15, 2, 1, 100, 100, 200, 200, 180, 0, 0, 0, '2022-05-25 11:48:25', '2022-05-25 11:48:25', NULL),
(391, 6, 2007, 2022, '1770070', 'Base Rack 1255x1285mm con deflector de aire', NULL, 15, 2, 1, 450, 850, 900, 1300, 1170, 0, 0, 0, '2022-05-25 11:48:25', '2022-05-25 11:48:25', NULL),
(392, 6, 2007, 2022, '17900040', 'Fit kit Base Rack 1255x1285mm', NULL, 15, 2, 1, 200, 200, 400, 400, 360, 0, 0, 0, '2022-05-25 11:48:25', '2022-05-25 11:48:25', NULL),
(393, 6, 2007, 2022, '17900090', 'Deflector aire Base Rack 1255x1285mm', NULL, 15, 2, 1, 100, 100, 200, 200, 180, 0, 0, 0, '2022-05-25 11:48:25', '2022-05-25 11:48:25', NULL),
(394, 6, 2007, 2022, '3800030M', 'Canasta acero doble cabina 1100x1250mm', NULL, 16, 2, 1, 450, 850, 900, 1300, 1170, 0, 0, 0, '2022-05-25 11:48:25', '2022-05-25 11:48:25', NULL),
(395, 6, 2007, 2022, '3700040', 'Fit Kit canasta 1100x1250mm', NULL, 16, 2, 1, 200, 200, 400, 400, 360, 0, 0, 0, '2022-05-25 11:48:25', '2022-05-25 11:48:25', NULL),
(396, 6, 2007, 2022, '3800160', 'Canasta acero cabina sencilla 1020x1250mm', NULL, 16, 2, 1, 450, 950, 900, 1400, 1260, 0, 0, 0, '2022-05-25 11:48:25', '2022-05-25 11:48:25', NULL),
(397, 6, 2007, 2022, '3700110', 'Fit Kit canasta 1020x1250mm', NULL, 16, 2, 1, 250, 250, 500, 500, 450, 0, 0, 0, '2022-05-25 11:48:25', '2022-05-25 11:48:25', NULL),
(398, 6, 2007, 2022, 'RD152', 'Bloqueo de diferencial trasero', NULL, 16, 2, 1, 700, 1500, 1400, 2200, 1980, 0, 0, 0, '2022-05-25 11:48:25', '2022-05-25 11:48:25', NULL),
(399, 6, 2007, 2022, 'RD132', 'Bloqueo de diferencial delantero', NULL, 16, 2, 1, 700, 1200, 1400, 1900, 1710, 0, 0, 0, '2022-05-25 11:48:25', '2022-05-25 11:48:25', NULL),
(400, 7, 2007, 2022, '3412470', 'Bumper delantero Deluxe 47,6mm', NULL, 2, 2, 1, 950, 1050, 1900, 2000, 1800, 0, 0, 0, '2022-05-25 11:48:25', '2022-05-25 11:48:25', NULL),
(401, 7, 2007, 2022, '3412500', 'Bumper delantero Summit 60.3mm', NULL, 2, 2, 1, 1050, 1150, 2100, 2200, 1980, 0, 0, 0, '2022-05-25 11:48:25', '2022-05-25 11:48:25', NULL),
(402, 7, 2007, 2022, '3500590', 'Halógenos neblineros summit', NULL, 6, 3, 1, 100, 150, 200, 250, 225, 0, 0, 0, '2022-05-25 11:48:26', '2022-05-25 11:48:26', NULL),
(403, 7, 2007, 2022, '3500910', 'Halógenos neblineros summit led', NULL, 6, 3, 1, 100, 150, 200, 250, 225, 0, 0, 0, '2022-05-25 11:48:26', '2022-05-25 11:48:26', NULL),
(404, 7, 2007, 2022, '5612010', 'Bumper trasero ', NULL, 7, 2, 1, 550, 850, 1100, 1400, 1260, 0, 0, 0, '2022-05-25 11:48:26', '2022-05-25 11:48:26', NULL),
(405, 7, 2007, 2022, 'DOBINSONS-LC78', 'Bumper trasero Dobinsons con porta repuesto', NULL, 7, 2, 1, 1325, 1475, 2650, 2800, 2520, 0, 0, 0, '2022-05-25 11:48:26', '2022-05-25 11:48:26', NULL),
(406, 7, 2007, 2022, 'OME-NS-LC78', 'Suspensión Nitrocharger Sport 40mm / 45mm', NULL, 11, 4, 1, 1350, 1050, 2700, 2400, 2160, 0, 0, 0, '2022-05-25 11:48:26', '2022-05-25 11:48:26', NULL),
(407, 7, 2007, 2022, '2859', 'Resortes delanteros Nitrocharger Sport para bumper', NULL, 11, 3, 1, 150, 150, 300, 300, 270, 0, 0, 0, '2022-05-25 11:48:26', '2022-05-25 11:48:26', NULL),
(408, 7, 2007, 2022, '2853', 'Resortes delanteros Nitrocharger Sport para bumper V8', NULL, 11, 3, 1, 150, 150, 300, 300, 270, 0, 0, 0, '2022-05-25 11:48:26', '2022-05-25 11:48:26', NULL),
(409, 7, 2007, 2022, '60008', 'Compensador delantero Nitrocharger Sport', NULL, 11, 2, 2, 100, 100, 200, 200, 180, 0, 0, 0, '2022-05-25 11:48:26', '2022-05-25 11:48:26', NULL),
(410, 7, 2007, 2022, 'EL113R', 'Hoja de resorte trasera Nitrocharger Sport', NULL, 11, 2, 2, 200, 200, 400, 400, 360, 0, 0, 0, '2022-05-25 11:48:26', '2022-05-25 11:48:26', NULL),
(411, 7, 2007, 2022, '60010', 'Compensador trasero Nitrocharger Sport', NULL, 11, 2, 2, 100, 100, 200, 200, 180, 0, 0, 0, '2022-05-25 11:48:26', '2022-05-25 11:48:26', NULL),
(412, 7, 2007, 2022, '60011', 'Compensador trasero Nitrocharger Sport', NULL, 11, 2, 2, 100, 100, 200, 200, 180, 0, 0, 0, '2022-05-25 11:48:26', '2022-05-25 11:48:26', NULL),
(413, 7, 2007, 2022, 'OMEGS19', 'Balancines engrasables ', NULL, 11, 3, 1, 100, 100, 200, 200, 180, 0, 0, 0, '2022-05-25 11:48:26', '2022-05-25 11:48:26', NULL),
(414, 7, 2007, 2022, 'OMEGP7', 'Pines engrasables', NULL, 11, 3, 1, 100, 100, 200, 200, 180, 0, 0, 0, '2022-05-25 11:48:26', '2022-05-25 11:48:26', NULL),
(415, 7, 2007, 2022, 'OMESB85', 'Bushings para hoja de resorte', NULL, 11, 4, 2, 50, 0, 50, 50, 45, 0, 0, 0, '2022-05-25 11:48:26', '2022-05-25 11:48:26', NULL),
(416, 7, 2007, 2022, 'OMEU59B', 'Gasas', NULL, 11, 2, 4, 50, 50, 100, 100, 90, 0, 0, 0, '2022-05-25 11:48:26', '2022-05-25 11:48:26', NULL),
(417, 7, 1998, 2007, 'OMESD24', 'Compensador de Dirección Nitrocharger Sport', NULL, 11, 2, 1, 100, 100, 200, 200, 180, 0, 0, 0, '2022-05-25 11:48:26', '2022-05-25 11:48:26', NULL),
(418, 7, 2007, 2022, 'OMESD47', 'Compensador de Dirección Nitrocharger Sport', NULL, 11, 2, 1, 100, 100, 200, 200, 180, 0, 0, 0, '2022-05-25 11:48:26', '2022-05-25 11:48:26', NULL),
(419, 7, 2007, 2022, 'OME-BP-LC78', 'Suspensión BP-51 40mm / 45mm', NULL, 11, 4, 1, 2710, 1690, 5420, 4400, 3960, 0, 0, 0, '2022-05-25 11:48:26', '2022-05-25 11:48:26', NULL),
(420, 7, 2007, 2022, '2859', 'Resortes delanteros Nitrocharger Sport para bumper', NULL, 11, 3, 1, 150, 150, 300, 300, 270, 0, 0, 0, '2022-05-25 11:48:26', '2022-05-25 11:48:26', NULL),
(421, 7, 2007, 2022, '2853', 'Resortes delanteros Nitrocharger Sport para bumper V8', NULL, 11, 3, 1, 150, 150, 300, 300, 270, 0, 0, 0, '2022-05-25 11:48:26', '2022-05-25 11:48:26', NULL),
(422, 7, 2007, 2022, 'BP5160042', 'Compensador delantero BP51', NULL, 11, 2, 2, 350, 350, 700, 700, 630, 0, 0, 0, '2022-05-25 11:48:26', '2022-05-25 11:48:26', NULL),
(423, 7, 2007, 2022, 'VM80010006', 'Fit kit reservorio', NULL, 11, 2, 1, 50, 50, 100, 100, 90, 0, 0, 0, '2022-05-25 11:48:26', '2022-05-25 11:48:26', NULL),
(424, 7, 2007, 2022, 'EL113R', 'Hoja de resorte trasera Nitrocharger Sport', NULL, 11, 2, 2, 200, 200, 400, 400, 360, 0, 0, 0, '2022-05-25 11:48:26', '2022-05-25 11:48:26', NULL),
(425, 7, 2007, 2022, 'BP5160028', 'Compensador trasero BP51', NULL, 11, 2, 2, 400, 400, 800, 800, 720, 0, 0, 0, '2022-05-25 11:48:26', '2022-05-25 11:48:26', NULL),
(426, 7, 2007, 2022, 'VM80010007', 'Fit kit reservorio', NULL, 11, 2, 1, 50, 50, 100, 100, 90, 0, 0, 0, '2022-05-25 11:48:26', '2022-05-25 11:48:26', NULL),
(427, 7, 2007, 2022, 'OMEGS19', 'Balancines engrasables ', NULL, 11, 3, 1, 100, 100, 200, 200, 180, 0, 0, 0, '2022-05-25 11:48:26', '2022-05-25 11:48:26', NULL),
(428, 7, 2007, 2022, 'OMEGP7', 'Pines engrasables', NULL, 11, 3, 1, 100, 100, 200, 200, 180, 0, 0, 0, '2022-05-25 11:48:26', '2022-05-25 11:48:26', NULL),
(429, 7, 2007, 2022, 'OMESB85', 'Bushings para hoja de resorte', NULL, 11, 4, 2, 50, 50, 100, 100, 90, 0, 0, 0, '2022-05-25 11:48:26', '2022-05-25 11:48:26', NULL),
(430, 7, 2007, 2022, 'OMEU59B', 'Gasas', NULL, 11, 2, 4, 50, 0, 50, 50, 45, 0, 0, 0, '2022-05-25 11:48:26', '2022-05-25 11:48:26', NULL),
(431, 7, 1998, 2007, 'OMESD24', 'Compensador de Dirección Nitrocharger Sport', NULL, 11, 2, 1, 100, 100, 200, 200, 180, 0, 0, 0, '2022-05-25 11:48:26', '2022-05-25 11:48:26', NULL),
(432, 7, 2007, 2022, 'OMESD47', 'Compensador de Dirección Nitrocharger Sport', NULL, 11, 2, 1, 100, 100, 200, 200, 180, 0, 0, 0, '2022-05-25 11:48:26', '2022-05-25 11:48:26', NULL),
(433, 7, 2007, 2022, 'SS79HPV', 'Snorkel Armax', NULL, 12, 2, 1, 500, 600, 1000, 1100, 990, 0, 0, 0, '2022-05-25 11:48:26', '2022-05-25 11:48:26', NULL),
(434, 7, 2007, 2022, 'SS76HFZ', 'Snorkel V-Spec', NULL, 12, 2, 1, 450, 500, 900, 950, 855, 0, 0, 0, '2022-05-25 11:48:26', '2022-05-25 11:48:26', NULL),
(435, 7, 2007, 2022, '4412480', 'Side Rails & Steps 47,6mm', NULL, 13, 3, 1, 725, 775, 1450, 1500, 1350, 0, 0, 0, '2022-05-25 11:48:26', '2022-05-25 11:48:26', NULL),
(436, 7, 2007, 2022, '4412400', 'Side Rails & Steps 60,3mm', NULL, 13, 3, 1, 900, 1000, 1800, 1900, 1710, 0, 0, 0, '2022-05-25 11:48:26', '2022-05-25 11:48:26', NULL),
(437, 7, 2007, 2022, '4412440', 'Steps 60,3mm', NULL, 13, 3, 1, 700, 800, 1400, 1500, 1350, 0, 0, 0, '2022-05-25 11:48:27', '2022-05-25 11:48:27', NULL),
(438, 7, 1985, 2002, '4412100', 'Side Rails & Steps', NULL, 13, 3, 1, 850, 950, 1700, 1800, 1620, 0, 0, 0, '2022-05-25 11:48:27', '2022-05-25 11:48:27', NULL),
(439, 7, 2007, 2022, '4412130', 'Side Rails', NULL, 13, 3, 1, 300, 300, 600, 600, 540, 0, 0, 0, '2022-05-25 11:48:27', '2022-05-25 11:48:27', NULL),
(440, 7, 2002, 2007, '4412170', 'Side Rails & Steps 2002-2007', NULL, 13, 3, 1, 700, 800, 1400, 1500, 1350, 0, 0, 0, '2022-05-25 11:48:27', '2022-05-25 11:48:27', NULL),
(441, 7, 2007, 2022, '3512040', 'Protector de radiador', NULL, 14, 4, 1, 150, 150, 300, 300, 270, 0, 0, 0, '2022-05-25 11:48:27', '2022-05-25 11:48:27', NULL),
(442, 7, 2007, 2022, '1770040', 'Base Rack 2125x1285mm', NULL, 15, 2, 1, 550, 1150, 1100, 1700, 1530, 0, 0, 0, '2022-05-25 11:48:27', '2022-05-25 11:48:27', NULL),
(443, 7, 2007, 2022, '17900050', 'Fit kit Base Rack 2125x1285mm', NULL, 15, 2, 1, 275, 275, 550, 550, 495, 0, 0, 0, '2022-05-25 11:48:27', '2022-05-25 11:48:27', NULL),
(444, 7, 2007, 2022, '1770030', 'Base Rack 1835x1285mm', NULL, 15, 2, 1, 500, 1100, 1000, 1600, 1440, 0, 0, 0, '2022-05-25 11:48:27', '2022-05-25 11:48:27', NULL),
(445, 7, 2007, 2022, '17900050', 'Fit kit Base Rack 1835x1285mm', NULL, 15, 2, 1, 250, 250, 500, 500, 450, 0, 0, 0, '2022-05-25 11:48:27', '2022-05-25 11:48:27', NULL),
(446, 7, 2007, 2022, '1770020', 'Base Rack 1545x1285mm', NULL, 15, 2, 1, 450, 1050, 900, 1500, 1350, 0, 0, 0, '2022-05-25 11:48:27', '2022-05-25 11:48:27', NULL),
(447, 7, 2007, 2022, '17900060', 'Fit kit Base Rack 1545x1285mm', NULL, 15, 2, 1, 250, 250, 500, 500, 450, 0, 0, 0, '2022-05-25 11:48:27', '2022-05-25 11:48:27', NULL),
(448, 7, 2007, 2022, '1770070', 'Base Rack 1255x1285mm', NULL, 15, 2, 1, 300, 1100, 600, 1400, 1260, 0, 0, 0, '2022-05-25 11:48:27', '2022-05-25 11:48:27', NULL),
(449, 7, 2007, 2022, '17900060', 'Fit kit Base Rack 1255x1285mm', NULL, 15, 2, 1, 250, 250, 500, 500, 450, 0, 0, 0, '2022-05-25 11:48:27', '2022-05-25 11:48:27', NULL),
(450, 7, 2007, 2022, '1780500', 'Barra led slim con bases e instalación eléctrica', 'Se recomienda instalarla ya que no hay deflector de aire', 15, 2, 1, 300, 400, 600, 700, 630, 0, 0, 0, '2022-05-25 11:48:27', '2022-05-25 11:48:27', NULL),
(451, 7, 2007, 2022, '3800010M', 'Canasta acero 2200x1250mm', NULL, 16, 2, 1, 650, 1250, 1900, 1900, 1710, 0, 0, 0, '2022-05-25 11:48:27', '2022-05-25 11:48:27', NULL),
(452, 7, 2007, 2022, '3700030', 'Fit Kit canasta 2200x1250mm', NULL, 16, 2, 1, 250, 250, 500, 500, 450, 0, 0, 0, '2022-05-25 11:48:27', '2022-05-25 11:48:27', NULL),
(453, 7, 2007, 2022, '4900010M', 'Canasta aluminio 2200x1250mm', NULL, 16, 2, 1, 850, 1450, 1700, 2300, 2070, 0, 0, 0, '2022-05-25 11:48:27', '2022-05-25 11:48:27', NULL),
(454, 7, 2007, 2022, '3700030', 'Fit Kit canasta 2200x1250mm', NULL, 16, 2, 1, 250, 250, 500, 500, 450, 0, 0, 0, '2022-05-25 11:48:27', '2022-05-25 11:48:27', NULL),
(455, 7, 2007, 2022, '3800240', 'Plataforma acero 2200x1250mm', NULL, 17, 2, 1, 400, 1000, 800, 1400, 1260, 0, 0, 0, '2022-05-25 11:48:27', '2022-05-25 11:48:27', NULL),
(456, 7, 2007, 2022, '3700030', 'Fit Kit plataforma 2200x1250mm', NULL, 17, 2, 1, 250, 250, 500, 500, 450, 0, 0, 0, '2022-05-25 11:48:27', '2022-05-25 11:48:27', NULL),
(457, 7, 2007, 2022, '4900060M', 'Plataforma de aluminio 2200x1250mm', NULL, 17, 2, 1, 750, 1250, 1500, 2000, 1800, 0, 0, 0, '2022-05-25 11:48:27', '2022-05-25 11:48:27', NULL),
(458, 7, 2007, 2022, '3700030', 'Fit Kit plataforma 2200x1250mm', NULL, 17, 2, 1, 250, 250, 500, 500, 450, 0, 0, 0, '2022-05-25 11:48:27', '2022-05-25 11:48:27', NULL),
(459, 7, 2007, 2022, '3800020M', 'Canasta acero 1850x1250mm', NULL, 16, 2, 1, 600, 1200, 1200, 1800, 1620, 0, 0, 0, '2022-05-25 11:48:27', '2022-05-25 11:48:27', NULL),
(460, 7, 2007, 2022, '3700030', 'Fit Kit canasta 1850x1250mm', NULL, 16, 2, 1, 250, 250, 500, 500, 450, 0, 0, 0, '2022-05-25 11:48:27', '2022-05-25 11:48:27', NULL),
(461, 7, 2007, 2022, '3800220', 'Plataforma acero 1850x1250mm', NULL, 17, 2, 1, 350, 1050, 700, 1400, 1260, 0, 0, 0, '2022-05-25 11:48:27', '2022-05-25 11:48:27', NULL),
(462, 7, 2007, 2022, '3700030', 'Fit Kit plataforma 1850x1250mm', NULL, 17, 2, 1, 250, 250, 500, 500, 450, 0, 0, 0, '2022-05-25 11:48:27', '2022-05-25 11:48:27', NULL),
(463, 7, 2007, 2022, 'RD152', 'Bloqueo de diferencial trasero', NULL, 19, 2, 1, 700, 1500, 1400, 2200, 1980, 0, 0, 0, '2022-05-25 11:48:27', '2022-05-25 11:48:27', NULL),
(464, 7, 2007, 2022, 'RD132', 'Bloqueo de diferencial delantero', NULL, 19, 2, 1, 700, 1200, 1400, 1900, 1710, 0, 0, 0, '2022-05-25 11:48:27', '2022-05-25 11:48:27', NULL),
(465, 188, 2007, 2022, '3412470', 'Bumper delantero Deluxe 47,6mm', NULL, 2, 2, 1, 1000, 1000, 2000, 2000, 1800, 0, 0, 0, '2022-05-25 11:48:27', '2022-06-10 01:45:28', NULL),
(466, 188, 2007, 2022, '3412500', 'Bumper delantero Summit 60.3mm', NULL, 2, 2, 1, 1050, 1150, 2100, 2200, 1980, 0, 0, 0, '2022-05-25 11:48:27', '2022-06-10 01:47:33', NULL),
(467, 188, 2007, 2022, '3500590', 'Halógenos neblineros summit', NULL, 6, 3, 1, 100, 150, 200, 250, 225, 0, 0, 0, '2022-05-25 11:48:27', '2022-06-10 01:47:56', NULL),
(468, 188, 2007, 2022, '3500910', 'Halógenos neblineros summit led', NULL, 6, 3, 1, 100, 150, 200, 250, 225, 0, 0, 0, '2022-05-25 11:48:27', '2022-06-10 01:48:23', NULL),
(469, 188, 2007, 2022, '5612010', 'Bumper trasero', NULL, 7, 2, 1, 550, 850, 1100, 1400, 1260, 0, 0, 0, '2022-05-25 11:48:28', '2022-06-10 01:48:47', NULL),
(470, 188, 2007, 2022, 'DOBINSONS-LC76', 'Bumper trasero Dobinsons con porta repuesto', NULL, 7, 2, 1, 1325, 1475, 2650, 2800, 2520, 0, 0, 0, '2022-05-25 11:48:28', '2022-06-10 01:49:14', NULL),
(471, 188, 2007, 2022, 'OME-NS-LC76', 'Suspensión Nitrocharger Sport 40mm / 45mm', NULL, 11, 4, 1, 1350, 1050, 2700, 2400, 2160, 0, 0, 0, '2022-05-25 11:48:28', '2022-06-10 01:49:53', NULL),
(472, 188, 2007, 2022, '2859', 'Resortes delanteros Nitrocharger Sport para bumper', NULL, 11, 3, 1, 150, 150, 300, 300, 270, 0, 0, 0, '2022-05-25 11:48:28', '2022-06-10 06:42:36', NULL),
(473, 188, 2007, 2022, '2853', 'Resortes delanteros Nitrocharger Sport para bumper V8', NULL, 11, 3, 1, 150, 150, 300, 300, 270, 0, 0, 0, '2022-05-25 11:48:28', '2022-06-10 06:43:04', NULL),
(474, 188, 2007, 2022, '60008', 'Compensador delantero Nitrocharger Sport', NULL, 11, 2, 2, 100, 100, 200, 200, 180, 0, 0, 0, '2022-05-25 11:48:28', '2022-06-10 06:43:39', NULL),
(475, 188, 2007, 2022, 'EL057R', 'Hoja de resorte trasera Nitrocharger Sport', NULL, 11, 2, 2, 200, 200, 400, 400, 360, 0, 0, 0, '2022-05-25 11:48:28', '2022-06-10 06:49:42', NULL),
(476, 188, 2007, 2022, '60010', 'Compensador trasero Nitrocharger Sport', NULL, 11, 2, 2, 100, 100, 200, 200, 180, 0, 0, 0, '2022-05-25 11:48:28', '2022-06-10 06:44:15', NULL),
(477, 188, 2007, 2022, '60011', 'Compensador trasero Nitrocharger Sport', NULL, 11, 2, 2, 100, 100, 200, 200, 180, 0, 0, 0, '2022-05-25 11:48:28', '2022-06-10 06:44:29', NULL),
(478, 188, 2007, 2022, 'OMEGS19', 'Balancines engrasables', NULL, 11, 3, 1, 100, 100, 200, 200, 180, 0, 0, 0, '2022-05-25 11:48:28', '2022-06-10 06:45:08', NULL),
(479, 188, 2007, 2022, 'OMEGP7', 'Pines engrasables', NULL, 11, 3, 1, 100, 100, 200, 200, 180, 0, 0, 0, '2022-05-25 11:48:28', '2022-06-10 06:45:48', NULL),
(480, 188, 2007, 2022, 'OMESB85', 'Bushings para hoja de resorte', NULL, 11, 4, 2, 50, 50, 100, 100, 90, 0, 0, 0, '2022-05-25 11:48:28', '2022-06-10 06:46:21', NULL),
(481, 188, 2007, 2022, 'OMEU59B', 'Gasas', NULL, 11, 2, 4, 50, 50, 100, 100, 90, 0, 0, 0, '2022-05-25 11:48:28', '2022-06-10 06:47:07', NULL),
(482, 188, 1998, 2007, 'OMESD24', 'Compensador de Dirección Nitrocharger Sport', NULL, 11, 2, 1, 100, 100, 200, 200, 180, 0, 0, 0, '2022-05-25 11:48:28', '2022-06-10 06:47:47', NULL),
(483, 188, 2007, 2022, 'OMESD47', 'Compensador de Dirección Nitrocharger Sport', NULL, 11, 2, 1, 100, 100, 200, 200, 180, 0, 0, 0, '2022-05-25 11:48:28', '2022-06-10 06:48:20', NULL),
(484, 188, 2007, 2022, 'OME-BP-LC76', 'Suspensión BP-51 40mm / 45mm', NULL, 11, 4, 1, 2710, 1690, 5420, 4400, 3960, 0, 0, 0, '2022-05-25 11:48:28', '2022-06-10 06:48:56', NULL),
(485, 188, 2007, 2022, '2859', 'Resortes delanteros Nitrocharger Sport para bumper', NULL, 11, 3, 1, 150, 150, 300, 300, 270, 0, 0, 0, '2022-05-25 11:48:28', '2022-06-10 06:42:42', NULL),
(486, 188, 2007, 2022, '2853', 'Resortes delanteros Nitrocharger Sport para bumper V8', NULL, 11, 3, 1, 150, 150, 300, 300, 270, 0, 0, 0, '2022-05-25 11:48:28', '2022-06-10 06:43:14', NULL),
(487, 188, 2007, 2022, 'BP5160042', 'Compensador delantero BP51', NULL, 11, 2, 2, 350, 350, 700, 700, 630, 0, 0, 0, '2022-05-25 11:48:28', '2022-06-10 06:49:11', NULL),
(488, 188, 2007, 2022, 'VM80010006', 'Fit kit reservorio', NULL, 11, 2, 1, 50, 50, 100, 100, 90, 0, 0, 0, '2022-05-25 11:48:28', '2022-06-10 06:49:27', NULL),
(489, 188, 2007, 2022, 'EL057R', 'Hoja de resorte trasera Nitrocharger Sport', NULL, 11, 2, 2, 200, 200, 400, 400, 360, 0, 0, 0, '2022-05-25 11:48:28', '2022-06-10 06:43:53', NULL),
(490, 188, 2007, 2022, 'BP5160028', 'Compensador trasero BP51', NULL, 11, 2, 2, 400, 400, 800, 800, 720, 0, 0, 0, '2022-05-25 11:48:28', '2022-06-10 06:49:57', NULL),
(491, 188, 2007, 2022, 'VM80010007', 'Fit kit reservorio', NULL, 11, 2, 1, 50, 50, 100, 100, 90, 0, 0, 0, '2022-05-25 11:48:28', '2022-06-10 06:50:11', NULL),
(492, 188, 2007, 2022, 'OMEGS19', 'Balancines engrasables', NULL, 11, 3, 1, 100, 100, 200, 200, 180, 0, 0, 0, '2022-05-25 11:48:28', '2022-06-10 06:45:13', NULL),
(493, 188, 2007, 2022, 'OMEGP7', 'Pines engrasables', NULL, 11, 3, 1, 100, 100, 200, 200, 180, 0, 0, 0, '2022-05-25 11:48:28', '2022-06-10 06:45:54', NULL),
(494, 188, 2007, 2022, 'OMESB85', 'Bushings para hoja de resorte', NULL, 11, 4, 2, 50, 50, 100, 100, 90, 0, 0, 0, '2022-05-25 11:48:28', '2022-06-10 06:46:28', NULL),
(495, 188, 2007, 2022, 'OMEU59B', 'Gasas', NULL, 11, 2, 4, 50, 50, 100, 100, 90, 0, 0, 0, '2022-05-25 11:48:28', '2022-06-10 06:47:13', NULL),
(496, 188, 1998, 2007, 'OMESD24', 'Compensador de Dirección Nitrocharger Sport', NULL, 11, 2, 1, 100, 100, 200, 200, 180, 0, 0, 0, '2022-05-25 11:48:28', '2022-06-10 06:47:52', NULL),
(497, 188, 2007, 2022, 'OMESD47', 'Compensador de Dirección Nitrocharger Sport', NULL, 11, 2, 1, 100, 100, 200, 200, 180, 0, 0, 0, '2022-05-25 11:48:28', '2022-06-10 06:48:25', NULL),
(498, 188, 2007, 2022, 'SS79HPV', 'Snorkel Armax', NULL, 12, 2, 1, 500, 600, 1000, 1100, 990, 0, 0, 0, '2022-05-25 11:48:28', '2022-06-10 06:50:29', NULL),
(499, 188, 2007, 2022, 'SS76HFZ', 'Snorkel V-Spec', NULL, 12, 2, 1, 450, 500, 900, 950, 855, 0, 0, 0, '2022-05-25 11:48:28', '2022-06-10 06:57:35', NULL),
(500, 188, 2007, 2022, '4412470', 'Side Rails & Steps 47,6mm', NULL, 13, 3, 1, 750, 850, 1500, 1600, 1440, 0, 0, 0, '2022-05-25 11:48:29', '2022-06-10 06:57:48', NULL),
(501, 188, 2007, 2022, '4412510', 'Side Rails & Steps 60,3mm', NULL, 13, 3, 1, 750, 850, 1500, 1600, 1440, 0, 0, 0, '2022-05-25 11:48:29', '2022-06-10 06:58:00', NULL),
(502, 188, 2007, 2022, '4412540', 'Steps 60,3mm', NULL, 13, 3, 1, 650, 750, 1300, 1400, 1260, 0, 0, 0, '2022-05-25 11:48:29', '2022-06-10 06:58:12', NULL),
(503, 188, 2007, 2022, '3512040', 'Protector de radiador', NULL, 14, 3, 1, 150, 200, 300, 350, 315, 0, 0, 0, '2022-05-25 11:48:29', '2022-06-10 06:58:24', NULL),
(504, 188, 2007, 2022, '1770040', 'Base Rack 2125x1285mm con deflector de aire', NULL, 15, 2, 1, 550, 1250, 1100, 1800, 1620, 0, 0, 0, '2022-05-25 11:48:29', '2022-06-10 06:59:22', NULL),
(505, 188, 2007, 2022, '17900030', 'Fit kit Base Rack 2125x1285mm', NULL, 15, 2, 1, 300, 300, 600, 600, 540, 0, 0, 0, '2022-05-25 11:48:29', '2022-06-10 07:00:33', NULL),
(506, 188, 2007, 2022, '17900090', 'Deflector aire Base Rack 2125x1285mm', NULL, 15, 2, 1, 100, 100, 200, 200, 180, 0, 0, 0, '2022-05-25 11:48:29', '2022-06-10 06:54:39', NULL),
(507, 188, 2007, 2022, '1770030', 'Base Rack 1835x1285mm con deflector de aire', NULL, 15, 2, 1, 500, 1300, 1000, 1800, 1620, 0, 0, 0, '2022-05-25 11:48:29', '2022-06-10 06:59:34', NULL),
(508, 188, 2007, 2022, '17900040', 'Fit kit Base Rack 1835x1285mm', NULL, 15, 2, 1, 200, 200, 400, 400, 360, 0, 0, 0, '2022-05-25 11:48:29', '2022-06-10 06:54:03', NULL),
(509, 188, 2007, 2022, '17900090', 'Deflector de aire Base Rack 1835x1285mm', NULL, 15, 2, 1, 100, 100, 200, 200, 180, 0, 0, 0, '2022-05-25 11:48:29', '2022-06-10 06:54:44', NULL),
(510, 188, 2007, 2022, '1770020', 'Base Rack 1545x1285mm con deflector de aire', NULL, 15, 2, 1, 450, 1150, 900, 1600, 1440, 0, 0, 0, '2022-05-25 11:48:29', '2022-06-10 06:59:45', NULL),
(511, 188, 2007, 2022, '17900040', 'Fit kit Base Rack 1545x1285mm', NULL, 15, 2, 1, 200, 200, 400, 400, 360, 0, 0, 0, '2022-05-25 11:48:29', '2022-06-10 06:54:10', NULL),
(512, 188, 2007, 2022, '17900090', 'Deflector de aire Base Rack 1545x1285mm', NULL, 15, 2, 1, 100, 100, 200, 200, 180, 0, 0, 0, '2022-05-25 11:48:29', '2022-06-10 06:54:49', NULL),
(513, 188, 2007, 2022, '1770070', 'Base Rack 1255x1285mm con deflector de aire', NULL, 15, 2, 1, 300, 1300, 600, 1600, 1440, 0, 0, 0, '2022-05-25 11:48:29', '2022-06-10 06:59:55', NULL),
(514, 188, 2007, 2022, '17900040', 'Fit kit Base Rack 1255x1285mm', NULL, 15, 2, 1, 200, 200, 400, 400, 360, 0, 0, 0, '2022-05-25 11:48:29', '2022-06-10 06:54:15', NULL),
(515, 188, 2007, 2022, '17900090', 'Deflector de aire Base Rack 1255x1285mm', NULL, 15, 2, 1, 100, 100, 200, 200, 180, 0, 0, 0, '2022-05-25 11:48:29', '2022-06-10 06:54:54', NULL),
(516, 188, 2007, 2022, '3800010M', 'Canasta acero 2200x1250mm', NULL, 16, 2, 1, 650, 1350, 1300, 2000, 1800, 0, 0, 0, '2022-05-25 11:48:29', '2022-06-10 07:00:09', NULL),
(517, 7, 2007, 2022, '3700100', 'Fit kit canasta 2200x1250mm', NULL, 16, 2, 1, 300, 300, 600, 600, 540, 0, 0, 0, '2022-05-25 11:48:29', '2022-06-10 07:05:09', NULL),
(518, 188, 2007, 2022, '4900010M', 'Canasta aluminio 2200x1250mm', NULL, 16, 2, 1, 850, 1450, 1700, 2300, 2070, 0, 0, 0, '2022-05-25 11:48:29', '2022-06-10 07:01:58', NULL),
(519, 7, 2007, 2022, '3700100', 'Fit kit canasta 2200x1250mm', NULL, 16, 2, 1, 300, 300, 600, 600, 540, 0, 0, 0, '2022-05-25 11:48:29', '2022-06-10 07:05:14', NULL),
(520, 188, 2007, 2022, '3800240', 'Plataforma acero 2200x1250mm', NULL, 17, 2, 1, 400, 1000, 800, 1400, 1260, 0, 0, 0, '2022-05-25 11:48:29', '2022-06-10 07:02:29', NULL),
(521, 7, 2007, 2022, '3700100', 'Fit kit plataforma 2200x1250mm', NULL, 17, 2, 1, 300, 300, 600, 600, 540, 0, 0, 0, '2022-05-25 11:48:29', '2022-06-10 07:05:26', NULL),
(522, 188, 2007, 2022, '4900060M', 'Plataforma aluminio 2200x1250mm', NULL, 17, 2, 1, 750, 1250, 1500, 2000, 1800, 0, 0, 0, '2022-05-25 11:48:29', '2022-06-10 07:02:56', NULL),
(523, 7, 2007, 2022, '3700100', 'Fit kit plataforma 2200x1250mm', NULL, 17, 2, 1, 300, 300, 600, 600, 540, 0, 0, 0, '2022-05-25 11:48:29', '2022-06-10 07:05:32', NULL),
(524, 188, 2007, 2022, '3800020M', 'Canasta acero 1850x1250mm', NULL, 16, 2, 1, 600, 1300, 1800, 1900, 1710, 0, 0, 0, '2022-05-25 11:48:29', '2022-06-10 07:03:20', NULL),
(525, 188, 2007, 2022, '3700100', 'Fit kit canasta 1850x1250mm', NULL, 16, 2, 1, 300, 300, 600, 600, 540, 0, 0, 0, '2022-05-25 11:48:29', '2022-06-10 07:01:45', NULL),
(526, 188, 2007, 2022, '3800220', 'Plataforma acero 1850x1250mm', NULL, 17, 2, 1, 350, 1150, 700, 1500, 1350, 0, 0, 0, '2022-05-25 11:48:29', '2022-06-10 07:03:52', NULL),
(527, 188, 2007, 2022, '3700100', 'Fit kit plataforma 1850x1250mm', NULL, 16, 2, 1, 300, 300, 600, 600, 540, 0, 0, 0, '2022-05-25 11:48:29', '2022-06-10 07:01:40', NULL),
(528, 188, 2007, 2022, 'RD152', 'Bloqueo de diferencial trasero', NULL, 19, 2, 1, 700, 1500, 1400, 2200, 1980, 0, 0, 0, '2022-05-25 11:48:29', '2022-06-10 07:04:10', NULL),
(529, 188, 2007, 2022, 'RD132', 'Bloqueo de diferencial delantero', NULL, 19, 2, 1, 700, 1200, 1400, 1900, 1710, 0, 0, 0, '2022-05-25 11:48:29', '2022-06-10 07:04:19', NULL),
(530, 8, 1985, 2007, '3412130', 'Bumper delantero Deluxe', 'Foco Redondo, Ambulancia y Pick Up', 2, 2, 1, 800, 800, 1600, 1600, 1440, 0, 0, 0, '2022-05-25 11:48:29', '2022-05-25 11:48:29', NULL),
(531, 8, 1985, 2007, '5612010', 'Bumper trasero Deluxe', 'Foco Redondo, Ambulancia y Pick Up', 7, 2, 1, 550, 850, 1100, 1400, 1260, 0, 0, 0, '2022-05-25 11:48:29', '2022-05-25 11:48:29', NULL),
(532, 8, 1985, 2007, 'OME-NS-LC75', 'Suspensión Nitrocharger Sport 50mm / 50mm', 'Foco Redondo, Ambulancia y Pick Up', 11, 4, 1, 1900, 650, 3800, 2550, 2295, 0, 0, 0, '2022-05-25 11:48:29', '2022-05-25 11:48:29', NULL),
(533, 8, 1985, 2007, 'CS006F', 'Hoja de Resorte delantera no bumper', 'Foco Redondo, Ambulancia y Pick Up', 11, 2, 2, 150, 150, 300, 300, 270, 0, 0, 0, '2022-05-25 11:48:29', '2022-05-25 11:48:29', NULL),
(534, 8, 1985, 2007, 'CS007F', 'Hoja de Resorte delantera para bumper', 'Foco Redondo, Ambulancia y Pick Up', 11, 2, 2, 150, 150, 300, 300, 270, 0, 0, 0, '2022-05-25 11:48:30', '2022-05-25 11:48:30', NULL),
(535, 8, 1985, 2007, '60009', 'Compensador delantero Nitrocharger Sport', 'Foco Redondo, Ambulancia y Pick Up', 11, 2, 2, 100, 100, 200, 200, 180, 0, 0, 0, '2022-05-25 11:48:30', '2022-05-25 11:48:30', NULL),
(536, 8, 1985, 2007, '60063', 'Compensador delantero Nitrocharger Sport', 'Foco Redondo, Ambulancia y Pick Up', 11, 2, 2, 100, 100, 200, 200, 180, 0, 0, 0, '2022-05-25 11:48:30', '2022-05-25 11:48:30', NULL),
(537, 8, 1985, 2007, 'OMESB1', 'Bushings delanteros', 'Foco Redondo, Ambulancia y Pick Up', 11, 4, 2, 50, 50, 100, 100, 90, 0, 0, 0, '2022-05-25 11:48:30', '2022-05-25 11:48:30', NULL),
(538, 8, 1985, 2007, 'OMEU51', 'Gasas delanteras', 'Foco Redondo, Ambulancia y Pick Up', 11, 2, 4, 25, 25, 50, 50, 45, 0, 0, 0, '2022-05-25 11:48:30', '2022-05-25 11:48:30', NULL),
(539, 8, 1985, 2007, 'OMEGS2', 'Balancines engrasables delanteros', 'Foco Redondo, Ambulancia y Pick Up', 11, 3, 1, 100, 100, 200, 200, 180, 0, 0, 0, '2022-05-25 11:48:30', '2022-05-25 11:48:30', NULL),
(540, 8, 1985, 2007, 'OMEGP1', 'Pines engrasables delanteros', 'Foco Redondo, Ambulancia y Pick Up', 11, 3, 1, 100, 100, 200, 200, 180, 0, 0, 0, '2022-05-25 11:48:30', '2022-05-25 11:48:30', NULL),
(541, 8, 1985, 2007, 'OMESD24', 'Compensador de Dirección', 'Foco Redondo, Ambulancia y Pick Up', 11, 2, 1, 100, 100, 200, 200, 180, 0, 0, 0, '2022-05-25 11:48:30', '2022-05-25 11:48:30', NULL),
(542, 8, 1985, 2007, 'CS006R', 'Hoja de resorte trasera', 'Foco Redondo, Ambulancia y Pick Up', 11, 2, 2, 250, 250, 500, 500, 450, 0, 0, 0, '2022-05-25 11:48:30', '2022-05-25 11:48:30', NULL),
(543, 8, 1985, 2007, '60010', 'Compensador trasero Nitrocharger Sport', 'Foco Redondo, Ambulancia y Pick Up', 11, 2, 2, 100, 100, 200, 200, 180, 0, 0, 0, '2022-05-25 11:48:30', '2022-05-25 11:48:30', NULL),
(544, 8, 1985, 2007, 'OMEU59B', 'Gasas traseras', 'Foco Redondo, Ambulancia y Pick Up', 11, 2, 4, 25, 25, 50, 50, 45, 0, 0, 0, '2022-05-25 11:48:30', '2022-05-25 11:48:30', NULL),
(545, 8, 1985, 2007, 'OMESB16', 'Bushings traseros', 'Foco Redondo, Ambulancia y Pick Up', 11, 4, 2, 50, 50, 100, 100, 90, 0, 0, 0, '2022-05-25 11:48:30', '2022-05-25 11:48:30', NULL),
(546, 8, 1985, 2007, 'OMEGS1', 'Balancines engrasables traseros', 'Foco Redondo, Ambulancia y Pick Up', 11, 3, 1, 100, 100, 200, 200, 180, 0, 0, 0, '2022-05-25 11:48:30', '2022-05-25 11:48:30', NULL),
(547, 8, 1985, 2007, 'OMEGP2', 'Pines engrasables traseros 50mm spigot', 'Foco Redondo, Ambulancia y Pick Up', 11, 3, 1, 100, 100, 200, 200, 180, 0, 0, 0, '2022-05-25 11:48:30', '2022-05-25 11:48:30', NULL),
(548, 8, 1985, 2007, 'OMEGP4', 'Pines engrasables traseros 51mm spigot', 'Foco Redondo, Ambulancia y Pick Up', 11, 3, 1, 100, 100, 200, 200, 180, 0, 0, 0, '2022-05-25 11:48:30', '2022-05-25 11:48:30', NULL),
(549, 8, 1985, 2007, 'SS70HP', 'Snorkel Armax', 'Foco Redondo, Ambulancia y Pick Up', 12, 2, 1, 400, 450, 800, 850, 765, 0, 0, 0, '2022-05-25 11:48:30', '2022-05-25 11:48:30', NULL),
(550, 8, 1985, 2007, 'SS73HF', 'Snorkel motor 3B', 'Foco Redondo, Ambulancia y Pick Up', 12, 2, 1, 350, 400, 700, 750, 675, 0, 0, 0, '2022-05-25 11:48:30', '2022-05-25 11:48:30', NULL),
(551, 8, 1985, 2007, 'SS78RZ', 'Snorkel motor 1HZ', 'Foco Redondo, Ambulancia y Pick Up', 12, 2, 1, 250, 500, 500, 750, 675, 0, 0, 0, '2022-05-25 11:48:30', '2022-05-25 11:48:30', NULL),
(552, 8, 1990, 2002, '4412050', 'Side Rails & Steps', 'Foco Redondo, Pick Up gasolina 1990-92, diesel 1990-02', 13, 3, 1, 500, 600, 1000, 1100, 990, 0, 0, 0, '2022-05-25 11:48:30', '2022-05-25 11:48:30', NULL),
(553, 8, 1985, 1990, '4412020', 'Side Rails & Steps pick-up ', 'Foco Redondo, Ambulancia y Pick Up', 13, 3, 1, 600, 700, 1200, 1300, 1170, 0, 0, 0, '2022-05-25 11:48:30', '2022-05-25 11:48:30', NULL),
(554, 8, 1985, 2007, '4412040', 'Side Rails & Steps ambulancia', 'Foco Redondo, Ambulancia y Pick Up', 13, 3, 1, 650, 750, 1300, 1400, 1260, 0, 0, 0, '2022-05-25 11:48:30', '2022-05-25 11:48:30', NULL),
(555, 8, 1985, 2007, '1770040', 'Base Rack 2125x1285mm', 'Foco Redondo, Ambulancia y Pick Up', 15, 2, 1, 550, 1150, 1100, 1700, 1530, 0, 0, 0, '2022-05-25 11:48:30', '2022-05-25 11:48:30', NULL),
(556, 8, 1985, 2007, '17900050', 'Fit kit base rack 2125x1285mm', 'Foco Redondo, Ambulancia y Pick Up', 15, 2, 1, 275, 275, 550, 550, 495, 0, 0, 0, '2022-05-25 11:48:30', '2022-05-25 11:48:30', NULL),
(557, 8, 1985, 2007, '1770030', 'Base Rack 1835x1285mm', 'Foco Redondo, Ambulancia y Pick Up', 15, 2, 1, 500, 1100, 1000, 1600, 1440, 0, 0, 0, '2022-05-25 11:48:30', '2022-05-25 11:48:30', NULL),
(558, 8, 1985, 2007, '17900050', 'Fit kit base rack 1835x1285mm', 'Foco Redondo, Ambulancia y Pick Up', 15, 2, 1, 250, 250, 500, 500, 450, 0, 0, 0, '2022-05-25 11:48:30', '2022-05-25 11:48:30', NULL),
(559, 8, 1985, 2007, '1770020', 'Base Rack 1545x1285mm', 'Foco Redondo, Ambulancia y Pick Up', 15, 2, 1, 450, 1050, 900, 1500, 1350, 0, 0, 0, '2022-05-25 11:48:30', '2022-05-25 11:48:30', NULL),
(560, 8, 1985, 2007, '17900060', 'Fit kit base rack 1545x1285mm', 'Foco Redondo, Ambulancia y Pick Up', 15, 2, 1, 250, 250, 500, 500, 450, 0, 0, 0, '2022-05-25 11:48:30', '2022-05-25 11:48:30', NULL),
(561, 8, 1985, 2007, '1770070', 'Base Rack 1255x1285mm', 'Foco Redondo, Ambulancia y Pick Up', 15, 2, 1, 300, 1000, 600, 1300, 1170, 0, 0, 0, '2022-05-25 11:48:30', '2022-05-25 11:48:30', NULL),
(562, 8, 1985, 2007, '17900060', 'Fit kit base rack 1255x1285mm', 'Foco Redondo, Ambulancia y Pick Up', 15, 2, 1, 200, 200, 400, 400, 360, 0, 0, 0, '2022-05-25 11:48:30', '2022-05-25 11:48:30', NULL),
(563, 8, 1985, 2007, '1780500', 'Barra led slim ', 'Foco Redondo, Ambulancia y Pick Up. Se recomienda la barra led ya que no hay deflector de aire', 15, 2, 1, 300, 400, 600, 700, 630, 0, 0, 0, '2022-05-25 11:48:30', '2022-05-25 11:48:30', NULL),
(564, 8, 1985, 2007, '3800010M', 'Canasta acero 2200x1250mm', 'Foco Redondo, Ambulancia y Pick Up', 16, 2, 1, 650, 1250, 1300, 1900, 1710, 0, 0, 0, '2022-05-25 11:48:30', '2022-05-25 11:48:30', NULL),
(565, 8, 1985, 2007, '3700030', 'Fit Kit 2200x1250mm', 'Foco Redondo, Ambulancia y Pick Up', 16, 2, 1, 250, 250, 500, 500, 450, 0, 0, 0, '2022-05-25 11:48:30', '2022-05-25 11:48:30', NULL),
(566, 8, 1985, 2007, '4900010M', 'Canasta aluminio 2200x1250mm', 'Foco Redondo, Ambulancia y Pick Up', 16, 2, 1, 850, 1450, 1700, 2300, 2070, 0, 0, 0, '2022-05-25 11:48:30', '2022-05-25 11:48:30', NULL),
(567, 8, 1985, 2007, '3700030', 'Fit Kit 2200x1250mm', 'Foco Redondo, Ambulancia y Pick Up', 16, 2, 1, 250, 250, 500, 500, 450, 0, 0, 0, '2022-05-25 11:48:30', '2022-05-25 11:48:30', NULL),
(568, 8, 1985, 2007, '3800240', 'Plataforma acero 2200x1250mm', 'Foco Redondo, Ambulancia y Pick Up', 16, 2, 1, 400, 1000, 800, 1400, 1260, 0, 0, 0, '2022-05-25 11:48:30', '2022-05-25 11:48:30', NULL),
(569, 8, 1985, 2007, '3700030', 'Fit Kit 2200x1250mm', 'Foco Redondo, Ambulancia y Pick Up', 16, 2, 1, 250, 250, 500, 500, 450, 0, 0, 0, '2022-05-25 11:48:31', '2022-05-25 11:48:31', NULL),
(570, 8, 1985, 2007, '4900060M', 'Plataforma aluminio 2200x1250mm', 'Foco Redondo, Ambulancia y Pick Up', 16, 2, 1, 750, 1250, 1500, 2000, 1800, 0, 0, 0, '2022-05-25 11:48:31', '2022-05-25 11:48:31', NULL),
(571, 8, 1985, 2007, '3700030', 'Fit Kit 2200x1250mm', 'Foco Redondo, Ambulancia y Pick Up', 16, 2, 1, 250, 250, 500, 500, 450, 0, 0, 0, '2022-05-25 11:48:31', '2022-05-25 11:48:31', NULL),
(572, 8, 1985, 2007, '3800020M', 'Canasta acero 1850x1250mm', 'Foco Redondo, Ambulancia y Pick Up', 16, 2, 1, 600, 1200, 1200, 1800, 1620, 0, 0, 0, '2022-05-25 11:48:31', '2022-05-25 11:48:31', NULL),
(573, 8, 1985, 2007, '3700030', 'Fit Kit 1850x1250mm', 'Foco Redondo, Ambulancia y Pick Up', 16, 2, 1, 250, 250, 500, 500, 450, 0, 0, 0, '2022-05-25 11:48:31', '2022-05-25 11:48:31', NULL),
(574, 8, 1985, 2007, '3800220', 'Plataforma acero 1850x1250mm', 'Foco Redondo, Ambulancia y Pick Up', 16, 2, 1, 350, 1050, 700, 1400, 1260, 0, 0, 0, '2022-05-25 11:48:31', '2022-05-25 11:48:31', NULL),
(575, 8, 1985, 2007, '3700030', 'Fit Kit 1850x1250mm', 'Foco Redondo, Ambulancia y Pick Up', 16, 2, 1, 250, 250, 500, 500, 450, 0, 0, 0, '2022-05-25 11:48:31', '2022-05-25 11:48:31', NULL),
(576, 8, 1985, 2007, '3800030M', 'Canasta de acero 1100x1250mm (pick up)', 'Foco Redondo, Ambulancia y Pick Up', 16, 2, 1, 450, 950, 900, 1400, 1260, 0, 0, 0, '2022-05-25 11:48:31', '2022-05-25 11:48:31', NULL),
(577, 8, 1985, 2007, '3700040', 'Fit kit 1100x1250mm', 'Foco Redondo, Ambulancia y Pick Up', 16, 2, 1, 450, 450, 900, 900, 810, 0, 0, 0, '2022-05-25 11:48:31', '2022-05-25 11:48:31', NULL);
INSERT INTO `partes` (`id_parte`, `id_modelo`, `anio_i`, `anio_f`, `num_parte`, `nombre`, `descripcion`, `id_articulo_categoria`, `id_unidad_medida`, `cantidad_unidad`, `precio_costo`, `margen`, `precio_sugerido`, `precio_establecido`, `precio_distibuidor`, `stock_min`, `stock_max`, `stock_actual`, `created_at`, `updated_at`, `deleted_at`) VALUES
(578, 8, 1969, 1976, 'RD153', 'Bloqueo de diferencial trasero 1969 - 76 semi flotante', 'Foco Redondo, Ambulancia y Pick Up', 19, 2, 1, 700, 1500, 1400, 2200, 1980, 0, 0, 0, '2022-05-25 11:48:31', '2022-05-25 11:48:31', NULL),
(579, 8, 1977, 1997, 'RD142', 'Bloqueo de diferencial trasero 1977 - 97 flotante', 'Foco Redondo, Ambulancia y Pick Up', 19, 2, 1, 700, 1500, 1400, 2200, 1980, 0, 0, 0, '2022-05-25 11:48:31', '2022-05-25 11:48:31', NULL),
(580, 8, 1977, 1992, 'RD153', 'Bloqueo de diferencial trasero 1977 - 92 semi flotante', 'Foco Redondo, Ambulancia y Pick Up', 19, 2, 1, 700, 1500, 1400, 2200, 1980, 0, 0, 0, '2022-05-25 11:48:31', '2022-05-25 11:48:31', NULL),
(581, 8, 1969, 1989, 'RD142', 'Bloqueo de diferencial delantero to 1989 12 bolt', 'Foco Redondo, Ambulancia y Pick Up', 19, 2, 1, 700, 1200, 1400, 1900, 1710, 0, 0, 0, '2022-05-25 11:48:31', '2022-05-25 11:48:31', NULL),
(582, 8, 1990, 1997, 'RD132', 'Bloqueo de diferencial delantero 1990 - 97 10 bolt', 'Foco Redondo, Ambulancia y Pick Up', 19, 2, 1, 700, 1200, 1400, 1900, 1710, 0, 0, 0, '2022-05-25 11:48:31', '2022-05-25 11:48:31', NULL),
(583, 9, 1985, 2007, '3412130', 'Bumper delantero Deluxe', NULL, 2, 2, 1, 800, 800, 1600, 1600, 1440, 0, 0, 0, '2022-05-25 11:48:31', '2022-05-25 11:48:31', NULL),
(584, 9, 1985, 2007, '5612010', 'Bumper trasero', NULL, 7, 2, 1, 600, 800, 1200, 1400, 1260, 0, 0, 0, '2022-05-25 11:48:31', '2022-05-25 11:48:31', NULL),
(585, 9, 1985, 2007, 'OME-NS-LC-70', 'Suspensión Nitrocharger Sport 50mm / 20mm', NULL, 11, 4, 1, 1670, 880, 3340, 2550, 2295, 0, 0, 0, '2022-05-25 11:48:31', '2022-05-25 11:48:31', NULL),
(586, 9, 1985, 2007, 'CS006F', 'Hoja de resorte delantera Nitrocharger Sport', NULL, 11, 2, 2, 150, 150, 300, 300, 270, 0, 0, 0, '2022-05-25 11:48:31', '2022-05-25 11:48:31', NULL),
(587, 9, 1985, 2007, '60009', 'Compensador delantero Nitrocharger Sport', NULL, 11, 2, 2, 100, 100, 200, 200, 180, 0, 0, 0, '2022-05-25 11:48:31', '2022-05-25 11:48:31', NULL),
(588, 9, 1985, 2007, 'OMESB1', 'Bushings delanteros', NULL, 11, 4, 2, 50, 50, 100, 100, 90, 0, 0, 0, '2022-05-25 11:48:31', '2022-05-25 11:48:31', NULL),
(589, 9, 1985, 2007, 'OMEU51', 'Gasas delanteras', NULL, 11, 2, 4, 25, 25, 50, 50, 45, 0, 0, 0, '2022-05-25 11:48:31', '2022-05-25 11:48:31', NULL),
(590, 9, 1985, 2007, 'OMEGS2', 'Balancines engrasables delanteros', NULL, 11, 2, 1, 100, 80, 200, 180, 162, 0, 0, 0, '2022-05-25 11:48:31', '2022-05-25 11:48:31', NULL),
(591, 9, 1985, 2007, 'OMEGP1', 'Pines engrasables delanteros', NULL, 11, 2, 1, 100, 20, 200, 120, 108, 0, 0, 0, '2022-05-25 11:48:31', '2022-05-25 11:48:31', NULL),
(592, 9, 1985, 2007, 'OMESD24', 'Compensador de Dirección Nitrocharger Sport', NULL, 11, 2, 1, 100, 40, 200, 140, 126, 0, 0, 0, '2022-05-25 11:48:31', '2022-05-25 11:48:31', NULL),
(593, 9, 1985, 2007, 'CS017RA/B', 'Hoja de resorte trasera Nitrocharger Sport', NULL, 11, 2, 2, 150, 150, 300, 300, 270, 0, 0, 0, '2022-05-25 11:48:31', '2022-05-25 11:48:31', NULL),
(594, 9, 1985, 2007, '60062', 'Compensador trasero Nitrocharger Sport', NULL, 11, 2, 2, 100, 100, 200, 200, 180, 0, 0, 0, '2022-05-25 11:48:31', '2022-05-25 11:48:31', NULL),
(595, 9, 1985, 2007, 'OMESB1', 'Bushings traseros', NULL, 11, 4, 2, 25, 15, 50, 40, 36, 0, 0, 0, '2022-05-25 11:48:31', '2022-05-25 11:48:31', NULL),
(596, 9, 1985, 2007, 'OMEGS2', 'Balancines engrasables traseros', NULL, 11, 2, 1, 100, 80, 200, 180, 162, 0, 0, 0, '2022-05-25 11:48:31', '2022-05-25 11:48:31', NULL),
(597, 9, 1985, 2007, 'OMEU59A', 'Gasas traseras', NULL, 11, 2, 4, 25, 5, 50, 30, 27, 0, 0, 0, '2022-05-25 11:48:31', '2022-05-25 11:48:31', NULL),
(598, 9, 1985, 2007, 'OMEGP2', 'Pines engrasables traseros', '50mm spigot', 11, 2, 1, 100, 20, 200, 120, 108, 0, 0, 0, '2022-05-25 11:48:31', '2022-05-25 11:48:31', NULL),
(599, 9, 1985, 2007, 'OMEGP4', 'Pines engrasables traseros', '51mm spigot', 11, 2, 1, 100, 0, 200, 100, 90, 0, 0, 0, '2022-05-25 11:48:31', '2022-05-25 11:48:31', NULL),
(600, 9, 1985, 2007, 'SS70HP', 'Snorkel', NULL, 12, 2, 1, 400, 450, 800, 850, 765, 0, 0, 0, '2022-05-25 11:48:31', '2022-05-25 11:48:31', NULL),
(601, 9, 1985, 2007, 'SS73HF', 'Snorkel', NULL, 12, 2, 1, 350, 350, 700, 700, 630, 0, 0, 0, '2022-05-25 11:48:31', '2022-05-25 11:48:31', NULL),
(602, 9, 1985, 2007, 'SS78RZ', 'Snorkel', NULL, 12, 2, 1, 250, 450, 500, 700, 630, 0, 0, 0, '2022-05-25 11:48:31', '2022-05-25 11:48:31', NULL),
(603, 9, 1985, 2007, '1770030', 'Base rack 1835x1285mm', NULL, 15, 2, 1, 500, 1100, 1000, 1600, 1440, 0, 0, 0, '2022-05-25 11:48:32', '2022-05-25 11:48:32', NULL),
(604, 9, 1985, 2007, '17900050', 'Fit Kit base rack 1835 x1285mm', NULL, 15, 2, 1, 250, 250, 500, 500, 450, 0, 0, 0, '2022-05-25 11:48:32', '2022-05-25 11:48:32', NULL),
(605, 9, 1985, 2007, '1770020', 'Base rack 1545x1285mm', NULL, 15, 2, 1, 450, 1050, 900, 1500, 1350, 0, 0, 0, '2022-05-25 11:48:32', '2022-05-25 11:48:32', NULL),
(606, 9, 1985, 2007, '17900060', 'Fit Kit base rack 1545 x1285mm', NULL, 15, 2, 1, 250, 250, 500, 500, 450, 0, 0, 0, '2022-05-25 11:48:32', '2022-05-25 11:48:32', NULL),
(607, 9, 1985, 2007, '1770070', 'Base rack 1255x1285mm', NULL, 15, 2, 1, 300, 1100, 600, 1400, 1260, 0, 0, 0, '2022-05-25 11:48:32', '2022-05-25 11:48:32', NULL),
(608, 9, 1985, 2007, '17900060', 'Fit kit base rack 1255x1285mm', NULL, 15, 2, 1, 250, 250, 500, 500, 450, 0, 0, 0, '2022-05-25 11:48:32', '2022-05-25 11:48:32', NULL),
(609, 9, 1985, 2007, '1780500', 'Barra led slim', 'Recomendable ya que no hay deflector de aire', 22, 2, 1, 300, 400, 600, 700, 630, 0, 0, 0, '2022-05-25 11:48:32', '2022-05-25 11:48:32', NULL),
(610, 9, 1985, 2007, '3800020M', 'Canasta acero 1850x1250mm', NULL, 16, 2, 1, 600, 700, 1200, 1300, 1170, 0, 0, 0, '2022-05-25 11:48:32', '2022-05-25 11:48:32', NULL),
(611, 9, 1985, 2007, '3700100', 'Fit kit canasta 1850x1250mm', NULL, 16, 2, 1, 300, 300, 600, 600, 540, 0, 0, 0, '2022-05-25 11:48:32', '2022-05-25 11:48:32', NULL),
(612, 9, 1985, 2007, '3800220', 'Plataforma acero 1850x1250mm', NULL, 17, 2, 1, 400, 600, 800, 1000, 900, 0, 0, 0, '2022-05-25 11:48:32', '2022-05-25 11:48:32', NULL),
(613, 9, 1985, 2007, '3700030', 'Fit kit plataforma 1850x1250mm', NULL, 17, 2, 1, 250, 250, 500, 500, 450, 0, 0, 0, '2022-05-25 11:48:32', '2022-05-25 11:48:32', NULL),
(614, 9, 1985, 2007, '3800030M', 'Canasta acero 1100x1250mm', NULL, 16, 2, 1, 450, 550, 900, 1000, 900, 0, 0, 0, '2022-05-25 11:48:32', '2022-05-25 11:48:32', NULL),
(615, 9, 1985, 2007, '3700110', 'Fit kit canasta 1100x1250mm', NULL, 16, 2, 1, 250, 250, 500, 500, 450, 0, 0, 0, '2022-05-25 11:48:32', '2022-05-25 11:48:32', NULL),
(616, 9, 1969, 1976, 'RD153', 'Bloqueo de diferencial trasero semi flotante', NULL, 19, 2, 1, 700, 1500, 1400, 2200, 1980, 0, 0, 0, '2022-05-25 11:48:32', '2022-05-25 11:48:32', NULL),
(617, 9, 1977, 1997, 'RD142', 'Bloqueo de diferencial trasero flotante', NULL, 19, 2, 1, 700, 1500, 1400, 2200, 1980, 0, 0, 0, '2022-05-25 11:48:32', '2022-05-25 11:48:32', NULL),
(618, 9, 1977, 1992, 'RD153', 'Bloqueo de diferencial trasero  semi flotante', NULL, 19, 2, 1, 700, 1500, 1400, 2200, 1980, 0, 0, 0, '2022-05-25 11:48:32', '2022-05-25 11:48:32', NULL),
(619, 9, 1985, 1989, 'RD142', 'Bloqueo de diferencial delantero 12 bolt', NULL, 19, 2, 1, 700, 1200, 1400, 1900, 1710, 0, 0, 0, '2022-05-25 11:48:32', '2022-05-25 11:48:32', NULL),
(620, 9, 1990, 1997, 'RD132', 'Bloqueo de diferencial delantero 10 bolt', NULL, 19, 2, 1, 700, 1200, 1400, 1900, 1710, 0, 0, 0, '2022-05-25 11:48:32', '2022-05-25 11:48:32', NULL),
(621, 10, 1999, 2007, '3412130', 'Bumper delantero Deluxe', NULL, 2, 2, 1, 750, 850, 1500, 1600, 1440, 0, 0, 0, '2022-05-25 11:48:32', '2022-05-25 11:48:32', NULL),
(622, 10, 1999, 2007, '5612010', 'Bumper trasero', NULL, 7, 2, 1, 550, 850, 1100, 1400, 1260, 0, 0, 0, '2022-05-25 11:48:32', '2022-05-25 11:48:32', NULL),
(623, 10, 1999, 2007, 'OME-NS-LC-71', 'Suspensión Nitrocharger Sport 50mm / 60mm', NULL, 11, 4, 1, 1240, 1160, 2480, 2400, 2160, 0, 0, 0, '2022-05-25 11:48:32', '2022-05-25 11:48:32', NULL),
(624, 10, 1999, 2007, '2856', 'Resortes delanteros no bumper', NULL, 11, 2, 1, 150, 150, 300, 300, 270, 0, 0, 0, '2022-05-25 11:48:32', '2022-05-25 11:48:32', NULL),
(625, 10, 1999, 2007, '2859', 'Resortes delanteros para bumper', NULL, 11, 2, 1, 150, 150, 300, 300, 270, 0, 0, 0, '2022-05-25 11:48:32', '2022-05-25 11:48:32', NULL),
(626, 10, 1999, 2007, '60008', 'Compensador delantero Nitrocharger Sport', NULL, 11, 2, 2, 100, 100, 200, 200, 180, 0, 0, 0, '2022-05-25 11:48:32', '2022-05-25 11:48:32', NULL),
(627, 10, 1999, 2007, 'OMESD24', 'Compensador de Dirección Nitrocharger Sport', NULL, 11, 2, 1, 100, 30, 200, 130, 117, 0, 0, 0, '2022-05-25 11:48:32', '2022-05-25 11:48:32', NULL),
(628, 10, 1999, 2007, 'CS017RB', 'Hoja de resorte trasera ', NULL, 11, 2, 2, 100, 200, 200, 300, 270, 0, 0, 0, '2022-05-25 11:48:32', '2022-05-25 11:48:32', NULL),
(629, 10, 1999, 2007, '60044', 'Compensador trasero Nitrocharger Sport', NULL, 11, 2, 2, 100, 100, 200, 200, 180, 0, 0, 0, '2022-05-25 11:48:32', '2022-05-25 11:48:32', NULL),
(630, 10, 1999, 2007, 'OMESB93', 'Bushings', NULL, 11, 4, 2, 25, 25, 50, 50, 45, 0, 0, 0, '2022-05-25 11:48:33', '2022-05-25 11:48:33', NULL),
(631, 10, 1999, 2007, 'OMEU59A', 'Gasas', NULL, 11, 2, 4, 25, 25, 50, 50, 45, 0, 0, 0, '2022-05-25 11:48:33', '2022-05-25 11:48:33', NULL),
(632, 10, 1999, 2007, 'OMEGS10', 'Balancin engrasable', NULL, 11, 2, 1, 100, 100, 200, 200, 180, 0, 0, 0, '2022-05-25 11:48:33', '2022-05-25 11:48:33', NULL),
(633, 10, 1999, 2007, 'OMEGP7', 'Pines engrasables', NULL, 11, 2, 1, 100, 100, 200, 200, 180, 0, 0, 0, '2022-05-25 11:48:33', '2022-05-25 11:48:33', NULL),
(634, 10, 1999, 2007, 'SS75HF', 'Snorkel motor 3F & 2H', NULL, 12, 2, 1, 350, 400, 700, 750, 675, 0, 0, 0, '2022-05-25 11:48:33', '2022-05-25 11:48:33', NULL),
(635, 10, 1999, 2007, 'SS75RE', 'Snorkel motor 1FZ-FE', NULL, 12, 2, 1, 250, 500, 500, 750, 675, 0, 0, 0, '2022-05-25 11:48:33', '2022-05-25 11:48:33', NULL),
(636, 10, 1999, 2007, 'SS73HF', 'Snorkel motor 3B', NULL, 12, 2, 1, 350, 400, 700, 750, 675, 0, 0, 0, '2022-05-25 11:48:33', '2022-05-25 11:48:33', NULL),
(637, 10, 1999, 2007, 'SS78RZ', 'Snorkel motor 1HZ', NULL, 12, 2, 1, 250, 500, 500, 750, 675, 0, 0, 0, '2022-05-25 11:48:33', '2022-05-25 11:48:33', NULL),
(638, 10, 1999, 2007, '3800020M', 'Canasta acero 1850x1250mm', NULL, 16, 2, 1, 600, 700, 1200, 1300, 1170, 0, 0, 0, '2022-05-25 11:48:33', '2022-05-25 11:48:33', NULL),
(639, 10, 1999, 2007, '3700100', 'Fit kit 1850x1250mm', NULL, 16, 2, 1, 300, 300, 600, 600, 540, 0, 0, 0, '2022-05-25 11:48:33', '2022-05-25 11:48:33', NULL),
(640, 10, 1999, 2007, '3800220', 'Plataforma 1850x1250mm', NULL, 17, 2, 1, 400, 600, 800, 1000, 900, 0, 0, 0, '2022-05-25 11:48:33', '2022-05-25 11:48:33', NULL),
(641, 10, 1999, 2007, '3700030', 'Fit kit 1850x1250mm', NULL, 17, 2, 1, 250, 250, 500, 500, 450, 0, 0, 0, '2022-05-25 11:48:33', '2022-05-25 11:48:33', NULL),
(642, 10, 1999, 2007, '3800030M', 'Canasta 1100x1250mm', NULL, 16, 2, 1, 450, 550, 900, 1000, 900, 0, 0, 0, '2022-05-25 11:48:33', '2022-05-25 11:48:33', NULL),
(643, 10, 1999, 2007, '3700110', 'Fit kit 1100x1250mm', NULL, 16, 2, 1, 250, 250, 500, 500, 450, 0, 0, 0, '2022-05-25 11:48:33', '2022-05-25 11:48:33', NULL),
(644, 10, 1969, 1976, 'RD153', 'Bloqueo de diferencial trasero semi flotante', NULL, 19, 2, 1, 700, 1500, 1400, 2200, 1980, 0, 0, 0, '2022-05-25 11:48:33', '2022-05-25 11:48:33', NULL),
(645, 10, 1977, 1997, 'RD142', 'Bloqueo de diferencial trasero flotante', NULL, 19, 2, 1, 700, 1500, 1400, 2200, 1980, 0, 0, 0, '2022-05-25 11:48:33', '2022-05-25 11:48:33', NULL),
(646, 10, 1977, 1992, 'RD153', 'Bloqueo de diferencial trasero semi flotante', NULL, 19, 2, 1, 700, 1500, 1400, 2200, 1980, 0, 0, 0, '2022-05-25 11:48:33', '2022-05-25 11:48:33', NULL),
(647, 10, 1977, 1989, 'RD142', 'Bloqueo de diferencial delantero 12 bolt', NULL, 19, 2, 1, 700, 1200, 1400, 1900, 1710, 0, 0, 0, '2022-05-25 11:48:33', '2022-05-25 11:48:33', NULL),
(648, 10, 1990, 1997, 'RD132', 'Bloqueo de diferencial delantero 10 bolt', NULL, 19, 2, 1, 700, 1200, 1400, 1900, 1710, 0, 0, 0, '2022-05-25 11:48:33', '2022-05-25 11:48:33', NULL),
(649, 11, 1999, 2022, '3412130', 'Bumper delantero Deluxe', NULL, 2, 2, 0, 800, 900, 1600, 1700, 1530, 0, 0, 0, '2022-05-25 11:48:33', '2022-05-25 11:48:33', NULL),
(650, 11, 1999, 2022, 'OME-NS-LC-71-II', 'Suspensión Nitrocharger Sport 30mm / 40mm', NULL, 11, 4, 1, 725, 925, 1450, 1650, 1485, 0, 0, 0, '2022-05-25 11:48:33', '2022-05-25 11:48:33', NULL),
(651, 11, 1999, 2022, '2872', 'Resortes delanteros no bumper', NULL, 11, 3, 1, 150, 150, 300, 300, 270, 0, 0, 0, '2022-05-25 11:48:33', '2022-05-25 11:48:33', NULL),
(652, 11, 1999, 2022, '2874', 'Resortes delanteros para bumper', NULL, 11, 3, 1, 150, 150, 300, 300, 270, 0, 0, 0, '2022-05-25 11:48:33', '2022-05-25 11:48:33', NULL),
(653, 11, 1999, 2022, '60089', 'Compensador delantero Nitrocharger Sport', NULL, 11, 2, 2, 100, 100, 200, 200, 180, 0, 0, 0, '2022-05-25 11:48:33', '2022-05-25 11:48:33', NULL),
(654, 11, 1999, 2022, '2873', 'Resortes traseros', NULL, 11, 3, 1, 150, 150, 300, 300, 270, 0, 0, 0, '2022-05-25 11:48:33', '2022-05-25 11:48:33', NULL),
(655, 11, 1999, 2022, '60090', 'Compensador trasero Nitrocharger Sport', NULL, 11, 2, 2, 100, 100, 200, 200, 180, 0, 0, 0, '2022-05-25 11:48:33', '2022-05-25 11:48:33', NULL),
(656, 12, 1984, 1990, '3412130', 'Bumper delantero Deluxe', 'Adaptado', 2, 2, 1, 750, 1050, 1500, 1800, 1620, 0, 0, 0, '2022-05-25 11:48:33', '2022-05-25 11:48:33', NULL),
(657, 12, 1984, 1990, 'OME-NS-RJ70', 'Suspensión Nitrocharger Sport 40mm / 50mm', NULL, 11, 4, 1, 725, 875, 1450, 1600, 1440, 0, 0, 0, '2022-05-25 11:48:33', '2022-05-25 11:48:33', NULL),
(658, 12, 1984, 1990, '2870', 'Resortes delanteros no bumper', NULL, 11, 3, 1, 150, 150, 300, 300, 270, 0, 0, 0, '2022-05-25 11:48:33', '2022-05-25 11:48:33', NULL),
(659, 12, 1984, 1990, '2876', 'Resortes delanteros para bumper', NULL, 11, 3, 1, 150, 150, 300, 300, 270, 0, 0, 0, '2022-05-25 11:48:33', '2022-05-25 11:48:33', NULL),
(660, 12, 1984, 1990, '60094', 'Compensador delantero Nitrocharger Sport', NULL, 11, 2, 2, 100, 100, 200, 200, 180, 0, 0, 0, '2022-05-25 11:48:33', '2022-05-25 11:48:33', NULL),
(661, 12, 1984, 1990, '2871', 'Resortes traseros', NULL, 11, 3, 1, 150, 150, 300, 300, 270, 0, 0, 0, '2022-05-25 11:48:33', '2022-05-25 11:48:33', NULL),
(662, 12, 1984, 1990, '60095', 'Compensador trasero izquierdo', NULL, 11, 2, 1, 100, 100, 200, 200, 180, 0, 0, 0, '2022-05-25 11:48:33', '2022-05-25 11:48:33', NULL),
(663, 12, 1984, 1990, '60096', 'Compensador trasero derecho', NULL, 11, 2, 1, 100, 100, 200, 200, 180, 0, 0, 0, '2022-05-25 11:48:33', '2022-05-25 11:48:33', NULL),
(664, 13, 1960, 1984, '3420020', 'Bumper delantero Deluxe', NULL, 2, 2, 1, 550, 750, 1050, 1300, 1170, 0, 0, 0, '2022-05-25 11:48:33', '2022-05-25 11:48:33', NULL),
(665, 13, 1960, 1984, 'OME-NS-FJ45-18mm', 'Suspensión Nitrocharger Sport 35mm / 50mm (18mm)', NULL, 11, 4, 1, 1770, 830, 3540, 2600, 2340, 0, 0, 0, '2022-05-25 11:48:33', '2022-05-25 11:48:33', NULL),
(666, 13, 1960, 1984, 'CS001F', 'Hoja de Resorte delantera no bumper', NULL, 11, 2, 2, 150, 150, 300, 300, 270, 0, 0, 0, '2022-05-25 11:48:34', '2022-05-25 11:48:34', NULL),
(667, 13, 1960, 1984, 'CS002F', 'Hoja de Resorte delantera para bumper', NULL, 11, 2, 2, 150, 150, 300, 300, 270, 0, 0, 0, '2022-05-25 11:48:34', '2022-05-25 11:48:34', NULL),
(668, 13, 1960, 1984, '60097', 'Compensador Delantero Nitrocharger Sport', NULL, 11, 2, 2, 100, 100, 200, 200, 180, 0, 0, 0, '2022-05-25 11:48:34', '2022-05-25 11:48:34', NULL),
(669, 13, 1960, 1984, 'OMEU59A', 'Gasas 18mm', NULL, 11, 2, 3, 50, 0, 100, 50, 45, 0, 0, 0, '2022-05-25 11:48:34', '2022-05-25 11:48:34', NULL),
(670, 13, 1960, 1984, 'OMEU55', 'Gasas 18mm', NULL, 11, 2, 1, 50, 0, 100, 50, 45, 0, 0, 0, '2022-05-25 11:48:34', '2022-05-25 11:48:34', NULL),
(671, 13, 1960, 1984, 'OMESD23', 'Compensador de Dirección Nitrocharger Sport', NULL, 11, 2, 1, 100, 50, 200, 150, 135, 0, 0, 0, '2022-05-25 11:48:34', '2022-05-25 11:48:34', NULL),
(672, 13, 1960, 1984, 'CS003R', 'Hoja de Resorte trasera', NULL, 11, 2, 2, 250, 150, 500, 400, 360, 0, 0, 0, '2022-05-25 11:48:34', '2022-05-25 11:48:34', NULL),
(673, 13, 1960, 1984, '60032', 'Compensador Trasero Nitrocharger Sport', NULL, 11, 2, 2, 100, 100, 200, 200, 180, 0, 0, 0, '2022-05-25 11:48:34', '2022-05-25 11:48:34', NULL),
(674, 13, 1960, 1984, 'OMEU59B', 'Gasas traseras', NULL, 11, 2, 4, 50, 0, 100, 50, 45, 0, 0, 0, '2022-05-25 11:48:34', '2022-05-25 11:48:34', NULL),
(675, 13, 1960, 1984, 'OMEGS2', 'Balacines engrasables delanteros 18mm', NULL, 11, 3, 1, 100, 100, 200, 200, 180, 0, 0, 0, '2022-05-25 11:48:34', '2022-05-25 11:48:34', NULL),
(676, 13, 1960, 1984, 'OMEGP1', 'Pines engrasables delanteros 18mm', NULL, 11, 3, 1, 100, 50, 200, 150, 135, 0, 0, 0, '2022-05-25 11:48:34', '2022-05-25 11:48:34', NULL),
(677, 13, 1960, 1984, 'OMEGS17', 'Balancines engrasables traseros 18mm', NULL, 11, 3, 1, 100, 100, 200, 200, 180, 0, 0, 0, '2022-05-25 11:48:34', '2022-05-25 11:48:34', NULL),
(678, 13, 1960, 1984, 'GSP02', 'Pines engrasables traseros 18mm', NULL, 11, 3, 2, 50, -25, 100, 25, 22.5, 0, 0, 0, '2022-05-25 11:48:34', '2022-05-25 11:48:34', NULL),
(679, 13, 1960, 1984, 'OMESB1', 'Bushings delanteros 18mm', NULL, 11, 4, 2, 50, 0, 100, 50, 45, 0, 0, 0, '2022-05-25 11:48:34', '2022-05-25 11:48:34', NULL),
(680, 13, 1960, 1984, 'OMESB79', 'Bushings traseros 18mm', NULL, 11, 4, 2, 50, 0, 100, 50, 45, 0, 0, 0, '2022-05-25 11:48:34', '2022-05-25 11:48:34', NULL),
(681, 13, 1960, 1984, 'OME-NS-FJ45-15mm', 'Suspensión Nitrocharger Sport 35mm / 50mm (15mm)', NULL, 11, 4, 1, 1770, 830, 3540, 2600, 2340, 0, 0, 0, '2022-05-25 11:48:34', '2022-05-25 11:48:34', NULL),
(682, 13, 1960, 1984, 'CS001F', 'Hoja de Resorte delantera no bumper', NULL, 11, 2, 2, 150, 150, 300, 300, 270, 0, 0, 0, '2022-05-25 11:48:34', '2022-05-25 11:48:34', NULL),
(683, 13, 1960, 1984, 'CS002F', 'Hoja de Resorte delantera para bumper', NULL, 11, 2, 2, 150, 150, 300, 300, 270, 0, 0, 0, '2022-05-25 11:48:34', '2022-05-25 11:48:34', NULL),
(684, 13, 1960, 1984, '60097', 'Compensador Delantero Nitrocharger Sport', NULL, 11, 2, 2, 100, 100, 200, 200, 180, 0, 0, 0, '2022-05-25 11:48:34', '2022-05-25 11:48:34', NULL),
(685, 13, 1960, 1984, 'OMEU59A', 'Gasas 15mm', NULL, 11, 2, 3, 50, 50, 100, 100, 90, 0, 0, 0, '2022-05-25 11:48:34', '2022-05-25 11:48:34', NULL),
(686, 13, 1960, 1984, 'OMEU59A', 'Gasas 15mm', NULL, 11, 2, 1, 50, 50, 100, 100, 90, 0, 0, 0, '2022-05-25 11:48:34', '2022-05-25 11:48:34', NULL),
(687, 13, 1960, 1984, 'OMESD23', 'Compensador de Dirección Nitrocharger Sport', NULL, 11, 2, 1, 100, 100, 200, 200, 180, 0, 0, 0, '2022-05-25 11:48:34', '2022-05-25 11:48:34', NULL),
(688, 13, 1960, 1984, 'CS003R', 'Hoja de Resorte trasera', NULL, 11, 2, 2, 250, 250, 500, 500, 450, 0, 0, 0, '2022-05-25 11:48:34', '2022-05-25 11:48:34', NULL),
(689, 13, 1960, 1984, '60032', 'Compensador Trasero Nitrocharger Sport', NULL, 11, 2, 2, 100, 100, 200, 200, 180, 0, 0, 0, '2022-05-25 11:48:34', '2022-05-25 11:48:34', NULL),
(690, 13, 1960, 1984, 'OMEU59B', 'Gasas traseras', NULL, 11, 2, 4, 50, 50, 100, 100, 90, 0, 0, 0, '2022-05-25 11:48:34', '2022-05-25 11:48:34', NULL),
(691, 13, 1960, 1984, 'OMGS8', 'Balacines engrasables delanteros 15mm', NULL, 11, 3, 1, 100, 100, 200, 200, 180, 0, 0, 0, '2022-05-25 11:48:34', '2022-05-25 11:48:34', NULL),
(692, 13, 1960, 1984, 'OMEGP8', 'Pines engrasables delanteros y traseros 15mm', NULL, 11, 3, 2, 100, 100, 200, 200, 180, 0, 0, 0, '2022-05-25 11:48:34', '2022-05-25 11:48:34', NULL),
(693, 13, 1960, 1984, 'OMEGS9', 'Balancines engrasables traseros 15mm', NULL, 11, 3, 1, 150, 150, 300, 300, 270, 0, 0, 0, '2022-05-25 11:48:34', '2022-05-25 11:48:34', NULL),
(694, 13, 1960, 1984, 'OMESB30', 'Bushings delanteros y traseros 15mm', NULL, 11, 4, 4, 50, 50, 100, 100, 90, 0, 0, 0, '2022-05-25 11:48:34', '2022-05-25 11:48:34', NULL),
(695, 13, 1960, 1984, 'SS401HF', 'Snorkel motor 2F & 3B', NULL, 12, 2, 1, 350, 400, 700, 750, 675, 0, 0, 0, '2022-05-25 11:48:34', '2022-05-25 11:48:34', NULL),
(696, 13, 1960, 1984, 'SS400R', 'Snorkel motor 2H', NULL, 12, 2, 1, 225, 525, 450, 750, 675, 0, 0, 0, '2022-05-25 11:48:34', '2022-05-25 11:48:34', NULL),
(697, 13, 1960, 1984, 'RD153', 'Bloqueo de diferencial trasero 1969 - 76 semi flotante', NULL, 19, 2, 1, 700, 1500, 1400, 2200, 1980, 0, 0, 0, '2022-05-25 11:48:34', '2022-05-25 11:48:34', NULL),
(698, 13, 1960, 1984, 'RD142', 'Bloqueo de diferencial trasero 1977 - 97 flotante', NULL, 19, 2, 1, 700, 1500, 1400, 2200, 1980, 0, 0, 0, '2022-05-25 11:48:34', '2022-05-25 11:48:34', NULL),
(699, 13, 1960, 1984, 'RD153', 'Bloqueo de diferencial trasero 1977 - 92 semi flotante', NULL, 19, 2, 1, 700, 1500, 1400, 2200, 1980, 0, 0, 0, '2022-05-25 11:48:35', '2022-05-25 11:48:35', NULL),
(700, 13, 1960, 1984, 'RD142', 'Bloqueo de diferencial delantero to 1989 12 bolt', NULL, 19, 2, 1, 700, 1200, 1400, 1900, 1710, 0, 0, 0, '2022-05-25 11:48:35', '2022-05-25 11:48:35', NULL),
(701, 13, 1960, 1984, 'RD132', 'Bloqueo de diferencial delantero 1990 - 97 10 bolt', NULL, 19, 2, 1, 700, 1200, 1400, 1900, 1710, 0, 0, 0, '2022-05-25 11:48:35', '2022-05-25 11:48:35', NULL),
(702, 14, 1960, 1984, '3420020', 'Bumper delantero Deluxe', NULL, 2, 2, 1, 550, 750, 1100, 1300, 1170, 0, 0, 0, '2022-05-25 11:48:35', '2022-05-25 11:48:35', NULL),
(703, 14, 1960, 1984, 'OME-NS-FJ40-18mm', 'Suspensión Nitrocharger Sport 35mm / 50mm (18mm)', NULL, 11, 4, 1, 1770, 830, 3540, 2600, 2340, 0, 0, 0, '2022-05-25 11:48:35', '2022-05-25 11:48:35', NULL),
(704, 14, 1960, 1984, 'CS001F', 'Hoja de Resorte delantera no bumper', NULL, 11, 2, 2, 150, 150, 300, 300, 270, 0, 0, 0, '2022-05-25 11:48:35', '2022-05-25 11:48:35', NULL),
(705, 14, 1960, 1984, 'CS002F', 'Hoja de Resorte delantera para bumper', NULL, 11, 2, 2, 150, 150, 300, 300, 270, 0, 0, 0, '2022-05-25 11:48:35', '2022-05-25 11:48:35', NULL),
(706, 14, 1960, 1984, '60097', 'Compensador Delantero Nitrocharger Sport', NULL, 11, 2, 2, 100, 100, 200, 200, 180, 0, 0, 0, '2022-05-25 11:48:35', '2022-05-25 11:48:35', NULL),
(707, 14, 1960, 1984, 'OMEU59A', 'Gasas 18mm', NULL, 11, 2, 3, 50, 0, 100, 50, 45, 0, 0, 0, '2022-05-25 11:48:35', '2022-05-25 11:48:35', NULL),
(708, 14, 1960, 1984, 'OMEU55', 'Gasas 18mm', NULL, 11, 2, 1, 50, 0, 100, 50, 45, 0, 0, 0, '2022-05-25 11:48:35', '2022-05-25 11:48:35', NULL),
(709, 14, 1960, 1984, 'OMESD23', 'Compensador de Dirección Nitrocharger Sport', NULL, 11, 2, 1, 100, 50, 200, 150, 135, 0, 0, 0, '2022-05-25 11:48:35', '2022-05-25 11:48:35', NULL),
(710, 14, 1960, 1984, 'CS001R', 'Hoja de Resorte trasera', NULL, 11, 2, 2, 150, 250, 300, 400, 360, 0, 0, 0, '2022-05-25 11:48:35', '2022-05-25 11:48:35', NULL),
(711, 14, 1960, 1984, '60032', 'Compensador Trasero Nitrocharger Sport', NULL, 11, 2, 2, 100, 100, 200, 200, 180, 0, 0, 0, '2022-05-25 11:48:35', '2022-05-25 11:48:35', NULL),
(712, 14, 1960, 1984, 'OMEU59A', 'Gasas traseras', NULL, 11, 2, 4, 50, 0, 100, 50, 45, 0, 0, 0, '2022-05-25 11:48:35', '2022-05-25 11:48:35', NULL),
(713, 14, 1960, 1984, 'OMEGS2', 'Balacines engrasables delanteros 18mm', NULL, 11, 3, 1, 100, 100, 200, 200, 180, 0, 0, 0, '2022-05-25 11:48:35', '2022-05-25 11:48:35', NULL),
(714, 14, 1960, 1984, 'OMEGP1', 'Pines engrasables delanteros y traseros 18mm', NULL, 11, 3, 2, 100, -25, 200, 75, 67.5, 0, 0, 0, '2022-05-25 11:48:35', '2022-05-25 11:48:35', NULL),
(715, 14, 1960, 1984, 'OMEGS1', 'Balancines engrasables traseros 18mm', NULL, 11, 3, 1, 100, 100, 200, 200, 180, 0, 0, 0, '2022-05-25 11:48:35', '2022-05-25 11:48:35', NULL),
(716, 14, 1960, 1984, 'OMESB1', 'Bushings delanteros y traseros 18mm', NULL, 11, 4, 4, 50, -25, 100, 25, 22.5, 0, 0, 0, '2022-05-25 11:48:35', '2022-05-25 11:48:35', NULL),
(717, 14, 1960, 1984, 'OME-NS-FJ40-15mm', 'Suspensión Nitrocharger Sport 35mm / 50mm (15mm)', NULL, 11, 4, 1, 1770, 830, 3540, 2600, 2340, 0, 0, 0, '2022-05-25 11:48:35', '2022-05-25 11:48:35', NULL),
(718, 14, 1960, 1984, 'CS001F', 'Hoja de Resorte delantera no bumper', NULL, 11, 2, 2, 150, 150, 300, 300, 270, 0, 0, 0, '2022-05-25 11:48:35', '2022-05-25 11:48:35', NULL),
(719, 14, 1960, 1984, 'CS002F', 'Hoja de Resorte delantera para bumper', NULL, 11, 2, 2, 150, 150, 300, 300, 270, 0, 0, 0, '2022-05-25 11:48:35', '2022-05-25 11:48:35', NULL),
(720, 14, 1960, 1984, '60097', 'Compensador Delantero Nitrocharger Sport', NULL, 11, 2, 2, 100, 100, 200, 200, 180, 0, 0, 0, '2022-05-25 11:48:35', '2022-05-25 11:48:35', NULL),
(721, 14, 1960, 1984, 'OMEU59A', 'Gasas 15mm', NULL, 11, 2, 3, 50, 50, 100, 100, 90, 0, 0, 0, '2022-05-25 11:48:35', '2022-05-25 11:48:35', NULL),
(722, 14, 1960, 1984, 'OMEU59A', 'Gasas 15mm', NULL, 11, 2, 1, 50, 50, 100, 100, 90, 0, 0, 0, '2022-05-25 11:48:35', '2022-05-25 11:48:35', NULL),
(723, 14, 1960, 1984, 'OMESD23', 'Compensador de Dirección Nitrocharger Sport', NULL, 11, 2, 1, 100, 100, 200, 200, 180, 0, 0, 0, '2022-05-25 11:48:35', '2022-05-25 11:48:35', NULL),
(724, 14, 1960, 1984, 'CS001R', 'Hoja de Resorte trasera', NULL, 11, 2, 2, 150, 150, 300, 300, 270, 0, 0, 0, '2022-05-25 11:48:35', '2022-05-25 11:48:35', NULL),
(725, 14, 1960, 1984, '60032', 'Compensador Trasero Nitrocharger Sport', NULL, 11, 2, 2, 100, 100, 200, 200, 180, 0, 0, 0, '2022-05-25 11:48:35', '2022-05-25 11:48:35', NULL),
(726, 14, 1960, 1984, 'OMEU59A', 'Gasas traseras', NULL, 11, 2, 4, 50, 50, 100, 100, 90, 0, 0, 0, '2022-05-25 11:48:35', '2022-05-25 11:48:35', NULL),
(727, 14, 1960, 1984, 'OMGS8', 'Balacines engrasables delanteros 15mm', NULL, 11, 3, 1, 100, 100, 200, 200, 180, 0, 0, 0, '2022-05-25 11:48:35', '2022-05-25 11:48:35', NULL),
(728, 14, 1960, 1984, 'OMEGP8', 'Pines engrasables delanteros y traseros 15mm', NULL, 11, 3, 2, 100, 100, 200, 200, 180, 0, 0, 0, '2022-05-25 11:48:35', '2022-05-25 11:48:35', NULL),
(729, 14, 1960, 1984, 'OMEGS9', 'Balancines engrasables traseros 15mm', NULL, 11, 3, 1, 150, 150, 300, 300, 270, 0, 0, 0, '2022-05-25 11:48:35', '2022-05-25 11:48:35', NULL),
(730, 14, 1960, 1984, 'OMESB30', 'Bushings delanteros y traseros 15mm', NULL, 11, 4, 4, 50, 50, 100, 100, 90, 0, 0, 0, '2022-05-25 11:48:35', '2022-05-25 11:48:35', NULL),
(731, 14, 1960, 1984, 'SS401HF', 'Snorkel motor 2F & 3B', NULL, 12, 2, 1, 350, 400, 700, 750, 675, 0, 0, 0, '2022-05-25 11:48:35', '2022-05-25 11:48:35', NULL),
(732, 14, 1960, 1984, 'SS400R', 'Snorkel motor 2H', NULL, 12, 2, 1, 225, 525, 450, 750, 675, 0, 0, 0, '2022-05-25 11:48:35', '2022-05-25 11:48:35', NULL),
(733, 14, 1960, 1984, 'RD153', 'Bloqueo de diferencial trasero 1969 - 76 semi flotante', NULL, 19, 2, 1, 700, 1500, 1400, 2200, 1980, 0, 0, 0, '2022-05-25 11:48:35', '2022-05-25 11:48:35', NULL),
(734, 14, 1960, 1984, 'RD142', 'Bloqueo de diferencial trasero 1977 - 97 flotante', NULL, 19, 2, 1, 700, 1500, 1400, 2200, 1980, 0, 0, 0, '2022-05-25 11:48:35', '2022-05-25 11:48:35', NULL),
(735, 14, 1960, 1984, 'RD153', 'Bloqueo de diferencial trasero 1977 - 92 semi flotante', NULL, 19, 2, 1, 700, 1500, 1400, 2200, 1980, 0, 0, 0, '2022-05-25 11:48:36', '2022-05-25 11:48:36', NULL),
(736, 14, 1960, 1984, 'RD142', 'Bloqueo de diferencial delantero to 1989 12 bolt', NULL, 19, 2, 1, 700, 1200, 1400, 1900, 1710, 0, 0, 0, '2022-05-25 11:48:36', '2022-05-25 11:48:36', NULL),
(737, 14, 1960, 1984, 'RD132', 'Bloqueo de diferencial delantero 1990 - 97 10 bolt', NULL, 19, 2, 1, 700, 1200, 1400, 1900, 1710, 0, 0, 0, '2022-05-25 11:48:36', '2022-05-25 11:48:36', NULL),
(738, 15, 2007, 2010, '3420210', 'Bumper delantero Deluxe', NULL, 2, 2, 1, 800, 1100, 1600, 1900, 1710, 0, 0, 0, '2022-05-25 11:48:36', '2022-05-25 11:48:36', NULL),
(739, 15, 2007, 2010, '3520010', 'Fit kit bumper Deluxe', NULL, 2, 2, 1, 100, 100, 200, 200, 180, 0, 0, 0, '2022-05-25 11:48:36', '2022-05-25 11:48:36', NULL),
(740, 16, 2010, 2022, '3420210', 'Bumper delantero Deluxe', NULL, 2, 2, 1, 800, 1200, 1600, 2000, 1800, 0, 0, 0, '2022-05-25 11:48:36', '2022-05-25 11:48:36', NULL),
(741, 16, 2010, 2022, '3520020', 'Fit kit bumper Deluxe', NULL, 2, 2, 1, 100, 150, 200, 250, 225, 0, 0, 0, '2022-05-25 11:48:36', '2022-05-25 11:48:36', NULL),
(742, 15, 2007, 2022, '6821201', 'Halógenos neblineros deluxe', NULL, 6, 3, 1, 100, 150, 200, 250, 225, 0, 0, 0, '2022-05-25 11:48:36', '2022-06-03 17:14:53', NULL),
(743, 15, 2007, 2022, '3500890', 'Halógenos neblineros deluxe led', NULL, 6, 3, 1, 100, 150, 200, 250, 225, 0, 0, 0, '2022-05-25 11:48:36', '2022-06-03 17:14:53', NULL),
(744, 15, 2007, 2010, '5620010', 'Bumper trasero', NULL, 7, 2, 1, 650, 850, 1300, 1500, 1350, 0, 0, 0, '2022-05-25 11:48:36', '2022-05-25 11:48:36', NULL),
(745, 16, 2010, 2022, '5620020', 'Bumper trasero ', NULL, 7, 2, 1, 850, 950, 1700, 1800, 1620, 0, 0, 0, '2022-05-25 11:48:36', '2022-05-25 11:48:36', NULL),
(746, 15, 2007, 2010, '5720010', 'Tow Hitch para 5620010', NULL, 7, 2, 1, 350, 450, 700, 800, 720, 0, 0, 0, '2022-05-25 11:48:36', '2022-05-25 11:48:36', NULL),
(747, 15, 2007, 2010, 'OME-NS-FJC-1GEN', 'Suspensión Nitrocharger Sport 50mm / 50mm', NULL, 11, 4, 1, 800, 850, 1600, 1650, 1485, 0, 0, 0, '2022-05-25 11:48:36', '2022-05-25 11:48:36', NULL),
(748, 15, 2007, 2010, '2883', 'Resortes delanteros Nitrocharger Sport no bumper', NULL, 11, 3, 1, 150, 150, 300, 300, 270, 0, 0, 0, '2022-05-25 11:48:36', '2022-05-25 11:48:36', NULL),
(749, 15, 2007, 2010, '2884', 'Resortes delanteros Nitrocharger Sport para bumper', NULL, 11, 3, 1, 150, 150, 300, 300, 270, 0, 0, 0, '2022-05-25 11:48:36', '2022-05-25 11:48:36', NULL),
(750, 15, 2007, 2010, '90000', 'Compensador delantero Nitrocharger Sport', NULL, 11, 2, 2, 150, 150, 300, 300, 270, 0, 0, 0, '2022-05-25 11:48:36', '2022-05-25 11:48:36', NULL),
(751, 15, 2007, 2010, '90021', 'Compensador delantero Nitrocharger Sport', NULL, 11, 2, 2, 150, 150, 300, 300, 270, 0, 0, 0, '2022-05-25 11:48:36', '2022-05-25 11:48:36', NULL),
(752, 15, 2007, 2010, '2895E', 'Resortes traseros Nitrocharger Sport', NULL, 11, 3, 1, 150, 150, 300, 300, 270, 0, 0, 0, '2022-05-25 11:48:36', '2022-05-25 11:48:36', NULL),
(753, 15, 2007, 2010, '60004', 'Compensador trasero Nitrocharger Sport', NULL, 11, 2, 2, 100, 100, 200, 200, 180, 0, 0, 0, '2022-05-25 11:48:36', '2022-05-25 11:48:36', NULL),
(754, 15, 2007, 2010, '60112', 'Compensador trasero Nitrocharger Sport', NULL, 11, 2, 2, 100, 100, 200, 200, 180, 0, 0, 0, '2022-05-25 11:48:36', '2022-05-25 11:48:36', NULL),
(755, 16, 2010, 2022, 'OME-NS-FJC-2GEN', 'Suspensión Nitrocharger Sport 50mm / 50mm', NULL, 11, 4, 1, 800, 850, 1600, 1650, 1485, 0, 0, 0, '2022-05-25 11:48:36', '2022-05-25 11:48:36', NULL),
(756, 16, 2010, 2022, '2883', 'Resortes delanteros Nitrocharger Sport no bumper', NULL, 11, 3, 1, 150, 150, 300, 300, 270, 0, 0, 0, '2022-05-25 11:48:36', '2022-05-25 11:48:36', NULL),
(757, 16, 2010, 2022, '2884', 'Resortes delanteros Nitrocharger Sport para bumper', NULL, 11, 3, 1, 150, 150, 300, 300, 270, 0, 0, 0, '2022-05-25 11:48:36', '2022-05-25 11:48:36', NULL),
(758, 16, 2010, 2022, '90010', 'Compensador delantero Nitrocharger Sport', NULL, 11, 2, 2, 150, 150, 300, 300, 270, 0, 0, 0, '2022-05-25 11:48:36', '2022-05-25 11:48:36', NULL),
(759, 16, 2010, 2022, '90016', 'Compensador delantero Nitrocharger Sport', NULL, 11, 2, 2, 150, 150, 300, 300, 270, 0, 0, 0, '2022-05-25 11:48:36', '2022-05-25 11:48:36', NULL),
(760, 16, 2010, 2022, '2895E', 'Resortes traseros Nitrocharger Sport', NULL, 11, 3, 1, 150, 150, 300, 300, 270, 0, 0, 0, '2022-05-25 11:48:36', '2022-05-25 11:48:36', NULL),
(761, 16, 2010, 2022, '60080', 'Compensador trasero Nitrocharger Sport', NULL, 11, 2, 2, 100, 100, 200, 200, 180, 0, 0, 0, '2022-05-25 11:48:36', '2022-05-25 11:48:36', NULL),
(762, 16, 2010, 2022, '60086', 'Compensador trasero Nitrocharger Sport', NULL, 11, 2, 2, 100, 100, 200, 200, 180, 0, 0, 0, '2022-05-25 11:48:36', '2022-05-25 11:48:36', NULL),
(763, 16, 2010, 2022, 'OME-BP-FJC-2GEN', 'Suspensión BP-51 50mm / 50mm', NULL, 11, 4, 1, 2275, 1625, 4550, 3900, 3510, 0, 0, 0, '2022-05-25 11:48:36', '2022-05-25 11:48:36', NULL),
(764, 16, 2010, 2022, 'BP5190002L', 'Coilover izquierdo BP51', NULL, 11, 2, 1, 600, 600, 1200, 1200, 1080, 0, 0, 0, '2022-05-25 11:48:36', '2022-05-25 11:48:36', NULL),
(765, 16, 2010, 2022, 'BP5190002R', 'Coilover derecho BP51', NULL, 11, 2, 1, 600, 600, 1200, 1200, 1080, 0, 0, 0, '2022-05-25 11:48:36', '2022-05-25 11:48:36', NULL),
(766, 16, 2010, 2022, 'VM80010008', 'Fit kit reservorio', NULL, 11, 2, 1, 100, 100, 200, 200, 180, 0, 0, 0, '2022-05-25 11:48:36', '2022-05-25 11:48:36', NULL),
(767, 16, 2010, 2022, '2895E', 'Resortes traseros Nitrocharger Sport', NULL, 11, 3, 1, 150, 150, 300, 300, 270, 0, 0, 0, '2022-05-25 11:48:36', '2022-05-25 11:48:36', NULL),
(768, 16, 2010, 2022, 'BP5160025', 'Compensador trasero BP51', NULL, 11, 2, 2, 400, 400, 800, 800, 720, 0, 0, 0, '2022-05-25 11:48:36', '2022-05-25 11:48:36', NULL),
(769, 16, 2010, 2022, 'VM80010010', 'Fit kit reservorio', NULL, 11, 2, 1, 50, 50, 100, 100, 90, 0, 0, 0, '2022-05-25 11:48:36', '2022-05-25 11:48:36', NULL),
(770, 15, 2007, 2010, 'UCA0004', 'Tijeretas', NULL, 11, 3, 1, 400, 450, 800, 850, 765, 0, 0, 0, '2022-05-25 11:48:36', '2022-06-03 17:14:53', NULL),
(771, 15, 2007, 2008, 'SS410HF', 'Snorkel V-Spec motor gasolina 4.0 ', NULL, 12, 2, 1, 350, 400, 700, 750, 675, 0, 0, 0, '2022-05-25 11:48:37', '2022-05-25 11:48:37', NULL),
(772, 15, 2008, 2010, 'SS415HF', 'Snorkel V-Spec motor gasolina 4.0 ', NULL, 12, 2, 1, 350, 400, 700, 750, 675, 0, 0, 0, '2022-05-25 11:48:37', '2022-05-25 11:48:37', NULL),
(773, 16, 2010, 2022, 'SS420HF', 'Snorkel V-Spec motor gasolina 4.0 V6 ', NULL, 12, 2, 1, 350, 400, 700, 750, 675, 0, 0, 0, '2022-05-25 11:48:37', '2022-05-25 11:48:37', NULL),
(774, 15, 2007, 2022, '4420100', 'Rock Sliders', NULL, 23, 3, 1, 300, 450, 600, 750, 675, 0, 0, 0, '2022-05-25 11:48:37', '2022-06-03 17:14:53', NULL),
(775, 15, 2007, 2022, '4420110', 'Rock Sliders con Planchas (opcional)', NULL, 23, 3, 1, 150, 850, 300, 1000, 900, 0, 0, 0, '2022-05-25 11:48:37', '2022-06-03 17:14:53', NULL),
(776, 15, 2007, 2022, '5421100', 'Planchas', NULL, 14, 4, 1, 350, 400, 700, 750, 675, 0, 0, 0, '2022-05-25 11:48:37', '2022-06-03 17:14:53', NULL),
(777, 15, 2007, 2022, '1770040', 'Base Rack 2125x1285mm con deflector de aire', NULL, 15, 2, 1, 550, 1050, 1100, 1600, 1440, 0, 0, 0, '2022-05-25 11:48:37', '2022-06-03 17:14:53', NULL),
(778, 15, 2007, 2022, '17920020', 'Fit kit Base Rack 2125x1285mm', NULL, 15, 2, 1, 100, 300, 200, 400, 360, 0, 0, 0, '2022-05-25 11:48:37', '2022-06-03 17:14:53', NULL),
(779, 15, 2007, 2022, '17920040', 'Deflector de Base Rack 2125x1285mm ', NULL, 15, 2, 1, 100, 100, 200, 200, 180, 0, 0, 0, '2022-05-25 11:48:37', '2022-06-03 17:14:53', NULL),
(780, 15, 2007, 2022, '1770020', 'Base Rack 1545x1285mm con deflector de aire', NULL, 15, 2, 1, 450, 1150, 900, 1600, 1440, 0, 0, 0, '2022-05-25 11:48:37', '2022-06-03 17:14:53', NULL),
(781, 15, 2007, 2022, '17920010', 'Fit kit Base Rack 1545x1285mm ', NULL, 15, 2, 1, 200, 200, 400, 400, 360, 0, 0, 0, '2022-05-25 11:48:37', '2022-06-03 17:14:53', NULL),
(782, 15, 2007, 2022, '17920030', 'Deflector de aire Base Rack 1545x1285mm', NULL, 15, 2, 1, 100, 100, 200, 200, 180, 0, 0, 0, '2022-05-25 11:48:37', '2022-06-03 17:14:53', NULL),
(783, 15, 2007, 2022, '3800040M', 'Canasta acero 2200x1120mm', NULL, 16, 2, 1, 650, 1050, 1300, 1700, 1530, 0, 0, 0, '2022-05-25 11:48:37', '2022-06-03 17:14:53', NULL),
(784, 15, 2007, 2022, '3720100', 'Fit kit canasta 2200x1120mm', NULL, 16, 2, 1, 200, 200, 400, 400, 360, 0, 0, 0, '2022-05-25 11:48:37', '2022-06-03 17:14:53', NULL),
(785, 15, 2007, 2022, '4900040M', 'Canasta aluminio 2200x1120mm', NULL, 16, 2, 1, 850, 1250, 1700, 2100, 1890, 0, 0, 0, '2022-05-25 11:48:37', '2022-06-03 17:14:53', NULL),
(786, 15, 2007, 2022, '3720100', 'Fit kit canasta 2200x1120mm', NULL, 16, 2, 1, 200, 200, 400, 400, 360, 0, 0, 0, '2022-05-25 11:48:37', '2022-06-03 17:14:53', NULL),
(787, 15, 2007, 2022, '3800250', 'Canasta acero 1250x1120mm', NULL, 16, 2, 1, 400, 700, 800, 1100, 990, 0, 0, 0, '2022-05-25 11:48:37', '2022-06-03 17:14:53', NULL),
(788, 15, 2007, 2022, '3720110', 'Fit kit canasta 1250x1120mm', NULL, 16, 2, 1, 100, 100, 200, 200, 180, 0, 0, 0, '2022-05-25 11:48:37', '2022-06-03 17:14:53', NULL),
(789, 15, 2007, 2022, '2821020', 'Recovery Point', NULL, 18, 2, 1, 200, 250, 400, 450, 405, 0, 0, 0, '2022-05-25 11:48:37', '2022-06-03 17:14:53', NULL),
(790, 15, 2007, 2009, 'RD132', 'Bloqueo de diferencial trasero 2006-09', NULL, 19, 2, 1, 700, 1500, 1400, 2200, 1980, 0, 0, 0, '2022-05-25 11:48:37', '2022-05-25 11:48:37', NULL),
(791, 16, 2010, 2022, 'RD193', 'Bloqueo de diferencial trasero 2010 on', NULL, 19, 2, 1, 700, 1500, 1400, 2200, 1980, 0, 0, 0, '2022-05-25 11:48:37', '2022-05-25 11:48:37', NULL),
(792, 15, 2007, 2022, 'RD111', 'Bloqueo de diferencial delantero 3.91 & UP', NULL, 19, 2, 1, 700, 1200, 1400, 1900, 1710, 0, 0, 0, '2022-05-25 11:48:37', '2022-06-03 17:14:53', NULL),
(793, 15, 2007, 2022, 'RD121', 'Bloqueo de diferencial delantero 3.73 & DN', NULL, 19, 2, 1, 700, 1200, 1400, 1900, 1710, 0, 0, 0, '2022-05-25 11:48:37', '2022-06-03 17:14:53', NULL),
(794, 18, 2006, 2011, '3421600', 'Bumper delantero', NULL, 2, 2, 1, 1100, 1200, 2200, 2300, 2070, 0, 0, 0, '2022-05-25 11:48:37', '2022-05-25 11:48:37', NULL),
(795, 18, 2011, 2015, '3421610', 'Bumper delantero', NULL, 2, 2, 1, 1150, 1250, 2300, 2400, 2160, 0, 0, 0, '2022-05-25 11:48:37', '2022-05-25 11:48:37', NULL),
(796, 18, 2004, 2015, '6821201', 'Halogeno neblineros', NULL, 24, 3, 1, 100, 150, 200, 250, 225, 0, 0, 0, '2022-05-25 11:48:37', '2022-05-25 11:48:37', NULL),
(797, 18, 2004, 2015, 'OME-NS-FORTUNER-1', 'Suspensión Nitrocharger Sport 40mm / 40mm', NULL, 11, 4, 1, 800, 850, 1600, 1650, 1485, 0, 0, 0, '2022-05-25 11:48:37', '2022-05-25 11:48:37', NULL),
(798, 18, 2004, 2015, '2883', 'Resortes delanteros no bumper', NULL, 11, 2, 1, 150, 150, 300, 300, 270, 0, 0, 0, '2022-05-25 11:48:37', '2022-05-25 11:48:37', NULL),
(799, 18, 2004, 2015, '2884', 'Resortes delanteros para bumper', NULL, 11, 2, 1, 150, 150, 300, 300, 270, 0, 0, 0, '2022-05-25 11:48:37', '2022-05-25 11:48:37', NULL),
(800, 18, 2004, 2015, '90002', 'Compensador delantero Nitrocharger Sport no bumper', NULL, 11, 2, 2, 150, 150, 300, 300, 270, 0, 0, 0, '2022-05-25 11:48:37', '2022-05-25 11:48:37', NULL),
(801, 18, 2004, 2015, '90011', 'Compensador delantero Nitrocharger Sport para bumper', NULL, 11, 2, 2, 150, 150, 300, 300, 270, 0, 0, 0, '2022-05-25 11:48:37', '2022-05-25 11:48:37', NULL),
(802, 18, 2004, 2015, '2802', 'Resortes traseros', NULL, 11, 2, 1, 150, 150, 300, 300, 270, 0, 0, 0, '2022-05-25 11:48:37', '2022-05-25 11:48:37', NULL),
(803, 18, 2004, 2015, '60078', 'Compensador trasero Nitricharger Sport', NULL, 11, 2, 2, 100, 100, 200, 200, 180, 0, 0, 0, '2022-05-25 11:48:37', '2022-05-25 11:48:37', NULL),
(804, 18, 2004, 2015, 'SS120R', 'Snorkel', NULL, 12, 2, 1, 250, 550, 500, 800, 720, 0, 0, 0, '2022-05-25 11:48:38', '2022-05-25 11:48:38', NULL),
(805, 18, 2004, 2015, '4414430', 'Side Rails & Steps', 'Adaptados', 13, 2, 1, 250, 250, 500, 500, 450, 0, 0, 0, '2022-05-25 11:48:38', '2022-05-25 11:48:38', NULL),
(806, 18, 2004, 2015, '4414400', 'Side Rails  ', 'Adaptados', 13, 2, 1, 600, 700, 1200, 1300, 1170, 0, 0, 0, '2022-05-25 11:48:38', '2022-05-25 11:48:38', NULL),
(807, 18, 2004, 2015, '4414440', 'Codos steps', 'Adaptados', 13, 2, 1, 100, 100, 200, 200, 180, 0, 0, 0, '2022-05-25 11:48:38', '2022-05-25 11:48:38', NULL),
(808, 18, 2004, 2015, '4414400', 'Steps adaptados', 'Adaptados', 13, 2, 1, 600, 700, 1200, 1300, 1170, 0, 0, 0, '2022-05-25 11:48:38', '2022-05-25 11:48:38', NULL),
(809, 18, 2004, 2015, '5414100', 'Planchas', NULL, 14, 2, 1, 350, 400, 700, 750, 675, 0, 0, 0, '2022-05-25 11:48:38', '2022-05-25 11:48:38', NULL),
(810, 18, 2004, 2015, '4913010M', 'Canasta aluminio 1790x1120mm', NULL, 16, 2, 1, 800, 900, 1600, 1700, 1530, 0, 0, 0, '2022-05-25 11:48:38', '2022-05-25 11:48:38', NULL),
(811, 18, 2004, 2015, '3714020', 'Fit kit 1790x1120mm', NULL, 16, 2, 1, 250, 250, 500, 500, 450, 0, 0, 0, '2022-05-25 11:48:38', '2022-05-25 11:48:38', NULL),
(812, 18, 2004, 2015, '3813030', 'Plataforma acero 1790x1120mm no mesh', NULL, 17, 2, 1, 350, 650, 700, 1000, 900, 0, 0, 0, '2022-05-25 11:48:38', '2022-05-25 11:48:38', NULL),
(813, 18, 2004, 2015, '3714020', 'Fit kit 1790x1120mm', NULL, 16, 2, 1, 350, 150, 700, 500, 450, 0, 0, 0, '2022-05-25 11:48:38', '2022-05-25 11:48:38', NULL),
(814, 18, 2004, 2015, '4913020M', 'Plataforma aluminio 1790x1120mm', NULL, 17, 2, 1, 700, 1300, 1400, 2000, 1800, 0, 0, 0, '2022-05-25 11:48:38', '2022-05-25 11:48:38', NULL),
(815, 18, 2004, 2015, '3714020', 'Fit kit 1790x1120mm', NULL, 16, 2, 1, 350, 150, 700, 500, 450, 0, 0, 0, '2022-05-25 11:48:38', '2022-05-25 11:48:38', NULL),
(816, 18, 2004, 2015, 'RD132', 'Bloqueo de diferencial trasero', NULL, 19, 2, 1, 700, 1500, 1400, 2200, 1980, 0, 0, 0, '2022-05-25 11:48:38', '2022-05-25 11:48:38', NULL),
(817, 18, 2004, 2015, 'RD111', 'Bloqueo de diferencial delantero 3.91 & UP', NULL, 19, 2, 1, 700, 1200, 1400, 1900, 1710, 0, 0, 0, '2022-05-25 11:48:38', '2022-05-25 11:48:38', NULL),
(818, 18, 2004, 2015, 'RD121', 'Bloqueo de diferencial delantero 3.73 & DN', NULL, 19, 2, 1, 700, 1200, 1400, 1900, 1710, 0, 0, 0, '2022-05-25 11:48:38', '2022-05-25 11:48:38', NULL),
(819, 18, 2015, 2022, '3414600', 'Bumper delantero Summit', NULL, 2, 2, 1, 1500, 1100, 3000, 2600, 2340, 0, 0, 0, '2022-05-25 11:48:38', '2022-05-25 11:48:38', NULL),
(820, 18, 2015, 2022, '3914600', 'Bumper delantero Sahara con tubo', NULL, 2, 2, 1, 1450, 850, 2900, 2300, 2070, 0, 0, 0, '2022-05-25 11:48:38', '2022-05-25 11:48:38', NULL),
(821, 18, 2015, 2022, '5114010', 'Tubo cromado central bumper Sahara', NULL, 2, 2, 1, 200, 150, 400, 350, 315, 0, 0, 0, '2022-05-25 11:48:38', '2022-05-25 11:48:38', NULL),
(822, 18, 2015, 2022, '3914600', 'Bumper delantero Sahara sin tubo', NULL, 2, 2, 1, 1450, 1250, 2900, 2700, 2430, 0, 0, 0, '2022-05-25 11:48:38', '2022-05-25 11:48:38', NULL),
(823, 18, 2015, 2022, '5100351', 'Buffer kit para bumper Sahara  sin tubo', NULL, 2, 2, 1, 50, 0, 100, 50, 45, 0, 0, 0, '2022-05-25 11:48:38', '2022-05-25 11:48:38', NULL),
(824, 18, 2015, 2022, '3500590', 'Halógenos neblineros', NULL, 25, 3, 1, 100, 150, 200, 250, 225, 0, 0, 0, '2022-05-25 11:48:38', '2022-05-25 11:48:38', NULL),
(825, 18, 2015, 2022, '3500910', 'Halógenos neblineros LED', NULL, 25, 3, 1, 100, 150, 200, 250, 225, 0, 0, 0, '2022-05-25 11:48:38', '2022-05-25 11:48:38', NULL),
(826, 18, 2015, 2022, 'OME-NS-FORTUNER-2', 'Suspension Nitrocharger Sport 35mm/25mm', NULL, 11, 4, 1, 825, 825, 1650, 1650, 1485, 0, 0, 0, '2022-05-25 11:48:38', '2022-05-25 11:48:38', NULL),
(827, 18, 2015, 2022, '2869', 'Resortes delanteros no bumper', NULL, 11, 2, 1, 150, 150, 300, 300, 270, 0, 0, 0, '2022-05-25 11:48:38', '2022-05-25 11:48:38', NULL),
(828, 18, 2015, 2022, '2884', 'Resortes delanteros para bumper', NULL, 11, 2, 1, 150, 150, 300, 300, 270, 0, 0, 0, '2022-05-25 11:48:38', '2022-05-25 11:48:38', NULL),
(829, 18, 2015, 2022, '2885', 'Resortes delanteros para bumper y winch', NULL, 11, 2, 1, 150, 150, 300, 300, 270, 0, 0, 0, '2022-05-25 11:48:38', '2022-05-25 11:48:38', NULL),
(830, 18, 2015, 2022, '90028', 'Compresador delantero Nitrocharger Sport ', NULL, 11, 2, 2, 150, 150, 300, 300, 270, 0, 0, 0, '2022-05-25 11:48:38', '2022-05-25 11:48:38', NULL),
(831, 18, 2015, 2022, '2802', 'Resortes traseros', NULL, 11, 2, 1, 150, 150, 300, 300, 270, 0, 0, 0, '2022-05-25 11:48:38', '2022-05-25 11:48:38', NULL),
(832, 18, 2015, 2022, '60141', 'Compensador trasero Nitrocharger Sport', NULL, 11, 2, 2, 100, 100, 200, 200, 180, 0, 0, 0, '2022-05-25 11:48:38', '2022-05-25 11:48:38', NULL),
(833, 18, 2015, 2022, 'FK29', 'Espaciador', NULL, 11, 2, 1, 50, 0, 100, 50, 45, 0, 0, 0, '2022-05-25 11:48:38', '2022-05-25 11:48:38', NULL),
(834, 18, 2015, 2022, 'SS156HF', 'Snorkel', NULL, 12, 2, 1, 400, 500, 800, 900, 810, 0, 0, 0, '2022-05-25 11:48:38', '2022-05-25 11:48:38', NULL),
(835, 18, 2015, 2022, '4414680', 'Side rails & steps', NULL, 26, 2, 1, 400, 1500, 800, 1900, 1710, 0, 0, 0, '2022-05-25 11:48:38', '2022-05-25 11:48:38', NULL),
(836, 18, 2015, 2022, '4414600', 'Side Rails  ', NULL, 13, 2, 1, 500, 500, 1000, 1000, 900, 0, 0, 0, '2022-05-25 11:48:39', '2022-05-25 11:48:39', NULL),
(837, 18, 2015, 2022, '4414600', 'Steps', NULL, 13, 2, 1, 500, 1000, 1000, 1500, 1350, 0, 0, 0, '2022-05-25 11:48:39', '2022-05-25 11:48:39', NULL),
(838, 18, 2015, 2022, '4414610', 'Codos Steps', NULL, 13, 2, 1, 200, 200, 400, 400, 360, 0, 0, 0, '2022-05-25 11:48:39', '2022-05-25 11:48:39', NULL),
(839, 18, 2015, 2022, '5414200', 'Planchas', NULL, 14, 2, 1, 550, 550, 1100, 1100, 990, 0, 0, 0, '2022-05-25 11:48:39', '2022-05-25 11:48:39', NULL),
(840, 18, 2015, 2022, '4913010M', 'Canasta aluminio 1790x1120mm', NULL, 16, 2, 1, 800, 1200, 1600, 2000, 1800, 0, 0, 0, '2022-05-25 11:48:39', '2022-05-25 11:48:39', NULL),
(841, 18, 2015, 2022, '3722020', 'Fit kit 1790x1120mm', 'Se adapta el de 4Runner', 16, 2, 1, 200, 200, 400, 400, 360, 0, 0, 0, '2022-05-25 11:48:39', '2022-05-25 11:48:39', NULL),
(842, 18, 2015, 2022, '3813010M', 'Canasta acero 1790x1120mm', NULL, 16, 2, 1, 600, 1200, 1200, 1800, 1620, 0, 0, 0, '2022-05-25 11:48:39', '2022-05-25 11:48:39', NULL),
(843, 18, 2015, 2022, '3722020', 'Fit kit 1790x1120mm', 'Se adapta el de 4Runner', 16, 2, 1, 200, 200, 400, 400, 360, 0, 0, 0, '2022-05-25 11:48:39', '2022-05-25 11:48:39', NULL),
(844, 18, 2015, 2022, '3813030', 'Plataforma acero 1790x1120mm (no mesh)', NULL, 17, 2, 1, 350, 850, 700, 1200, 1080, 0, 0, 0, '2022-05-25 11:48:39', '2022-05-25 11:48:39', NULL),
(845, 18, 2015, 2022, '3722020', 'Fit kit 1790x1120mm', 'Se adapta el de 4Runner', 17, 2, 1, 200, 200, 400, 400, 360, 0, 0, 0, '2022-05-25 11:48:39', '2022-05-25 11:48:39', NULL),
(846, 18, 2015, 2022, '4913020M', 'Plataforma aluminio 1790x1120mm ', NULL, 17, 2, 1, 700, 1100, 1400, 1800, 1620, 0, 0, 0, '2022-05-25 11:48:39', '2022-05-25 11:48:39', NULL),
(847, 18, 2015, 2022, '3722020', 'Fit kit 1790x1120mm', 'Se adapta el de 4Runner', 17, 2, 1, 200, 200, 400, 400, 360, 0, 0, 0, '2022-05-25 11:48:39', '2022-05-25 11:48:39', NULL),
(848, 18, 2015, 2022, '2814020', 'Recovery Point izquierdo', NULL, 18, 2, 1, 200, 200, 400, 400, 360, 0, 0, 0, '2022-05-25 11:48:39', '2022-05-25 11:48:39', NULL),
(849, 18, 2015, 2022, '2814030', 'Recovery Point derecho', NULL, 18, 2, 1, 200, 200, 400, 400, 360, 0, 0, 0, '2022-05-25 11:48:39', '2022-05-25 11:48:39', NULL),
(850, 18, 2015, 2022, 'RD232', 'Bloqueo de diferencial trasero', NULL, 19, 2, 1, 700, 1500, 1400, 2200, 1980, 0, 0, 0, '2022-05-25 11:48:39', '2022-05-25 11:48:39', NULL),
(851, 18, 2015, 2022, 'RD132', 'Bloqueo de diferencial delantero', NULL, 19, 2, 1, 700, 1200, 1400, 1900, 1710, 0, 0, 0, '2022-05-25 11:48:39', '2022-05-25 11:48:39', NULL),
(852, 19, 2021, 2023, '3414650', 'Bumper delantero Summit 2021 on', NULL, 2, 2, 1, 1450, 1150, 2900, 2600, 2340, 0, 0, 0, '2022-05-25 11:48:39', '2022-05-25 11:48:39', NULL),
(853, 19, 2021, 2023, '3414660', 'Bumper delantero Summit negro mate', NULL, 2, 2, 1, 1100, 1500, 2200, 2600, 2340, 0, 0, 0, '2022-05-25 11:48:39', '2022-05-25 11:48:39', NULL),
(854, 19, 2018, 2020, '3414630', 'Bumper delantero Summit Rocco wide body', NULL, 2, 2, 1, 1450, 1150, 2900, 2600, 2340, 0, 0, 0, '2022-05-25 11:48:39', '2022-05-25 11:48:39', NULL),
(855, 19, 2016, 2018, '3414560', 'Bumper delantero Summit Revo wide body', NULL, 2, 2, 1, 1450, 1150, 2900, 2600, 2340, 0, 0, 0, '2022-05-25 11:48:39', '2022-05-25 11:48:39', NULL),
(856, 19, 2016, 2018, '3414570', 'Bumper delantero Summit Revo narrow body', NULL, 2, 2, 1, 1450, 1150, 2900, 2600, 2340, 0, 0, 0, '2022-05-25 11:48:39', '2022-05-25 11:48:39', NULL),
(857, 19, 2021, 2023, '3914650', 'Bumper delantero Sahara con tubo cromado central', NULL, 2, 2, 1, 1350, 1650, 2700, 3000, 2700, 0, 0, 0, '2022-05-25 11:48:39', '2022-05-25 11:48:39', NULL),
(858, 19, 2021, 2023, '5100350', 'Tubo cromado central para bumper sahara', NULL, 4, 2, 1, 150, 150, 300, 300, 270, 0, 0, 0, '2022-05-25 11:48:39', '2022-05-25 11:48:39', NULL),
(859, 19, 2021, 2023, '3914650', 'Bumper delantero Sahara con tubo negro central con barra led', NULL, 2, 2, 1, 1650, 1650, 3300, 3300, 2970, 0, 0, 0, '2022-05-25 11:48:39', '2022-05-25 11:48:39', NULL),
(860, 19, 2021, 2023, '5100410', 'Tubo negro central con barra led para bumper sahara', NULL, 27, 2, 1, 400, 270, 800, 670, 603, 0, 0, 0, '2022-05-25 11:48:39', '2022-05-25 11:48:39', NULL),
(861, 19, 2021, 2023, '3500810', 'Arnés barra led de tubo negro central para bumper sahara', NULL, 27, 2, 1, 50, 50, 100, 100, 90, 0, 0, 0, '2022-05-25 11:48:39', '2022-05-25 11:48:39', NULL),
(862, 19, 2021, 2023, '3914650', 'Bumper delantero Sahara sin tubo', NULL, 2, 2, 1, 1350, 1350, 2700, 2700, 2430, 0, 0, 0, '2022-05-25 11:48:39', '2022-05-25 11:48:39', NULL),
(863, 19, 2021, 2023, '5100230', 'Buffer kit para bumper sahara sin tubo', NULL, 28, 2, 1, 50, 0, 100, 50, 45, 0, 0, 0, '2022-05-25 11:48:39', '2022-05-25 11:48:39', NULL),
(864, 19, 2018, 2020, '3914630', 'Bumper delantero Sahara Rocco con tubo cromado central', NULL, 2, 2, 1, 1550, 1450, 3100, 3000, 2700, 0, 0, 0, '2022-05-25 11:48:39', '2022-05-25 11:48:39', NULL),
(865, 19, 2018, 2020, '5100350', 'Tubo cromado central para bumper sahara', NULL, 4, 2, 1, 150, 150, 300, 300, 270, 0, 0, 0, '2022-05-25 11:48:39', '2022-05-25 11:48:39', NULL),
(866, 19, 2018, 2020, '5100220', 'Buffer kit para bumper sahara con tubo', NULL, 28, 2, 1, 10, 40, 20, 50, 45, 0, 0, 0, '2022-05-25 11:48:39', '2022-05-25 11:48:39', NULL),
(867, 19, 2018, 2020, '3914630', 'Bumper delantero Sahara Rocco con tubo negro y barra led', NULL, 2, 2, 1, 1550, 1750, 3100, 3300, 2970, 0, 0, 0, '2022-05-25 11:48:40', '2022-05-25 11:48:40', NULL),
(868, 19, 2018, 2020, '5100410', 'Tubo negro central con barra led para bumper sahara', NULL, 27, 2, 1, 400, 400, 800, 800, 720, 0, 0, 0, '2022-05-25 11:48:40', '2022-05-25 11:48:40', NULL);
INSERT INTO `partes` (`id_parte`, `id_modelo`, `anio_i`, `anio_f`, `num_parte`, `nombre`, `descripcion`, `id_articulo_categoria`, `id_unidad_medida`, `cantidad_unidad`, `precio_costo`, `margen`, `precio_sugerido`, `precio_establecido`, `precio_distibuidor`, `stock_min`, `stock_max`, `stock_actual`, `created_at`, `updated_at`, `deleted_at`) VALUES
(869, 19, 2018, 2020, '3500810', 'Arnés barra led de tubo negro central para bumper sahara', NULL, 27, 2, 1, 50, 50, 100, 100, 90, 0, 0, 0, '2022-05-25 11:48:40', '2022-05-25 11:48:40', NULL),
(870, 19, 2018, 2020, '3914630', 'Bumper delantero Sahara Rocco sin tubo', NULL, 2, 2, 1, 1550, 1150, 3100, 2700, 2430, 0, 0, 0, '2022-05-25 11:48:40', '2022-05-25 11:48:40', NULL),
(871, 19, 2018, 2020, '5100230', 'Buffer kit para bumper sahara sin tubo', NULL, 28, 2, 1, 50, 0, 100, 50, 45, 0, 0, 0, '2022-05-25 11:48:40', '2022-05-25 11:48:40', NULL),
(872, 19, 2016, 2018, '3914530', 'Bumper delantero Sahara Revo con tubo cromado central', NULL, 2, 2, 1, 1350, 1650, 2700, 3000, 2700, 0, 0, 0, '2022-05-25 11:48:40', '2022-05-25 11:48:40', NULL),
(873, 19, 2016, 2018, '5138030', 'Tubo cromado central para bumper sahara', NULL, 4, 2, 1, 150, 150, 300, 300, 270, 0, 0, 0, '2022-05-25 11:48:40', '2022-05-25 11:48:40', NULL),
(874, 19, 2016, 2018, '5100220', 'Buffer kit para bumper sahara con tubo', NULL, 28, 2, 1, 10, 40, 20, 50, 45, 0, 0, 0, '2022-05-25 11:48:40', '2022-05-25 11:48:40', NULL),
(875, 19, 2016, 2018, '3914530', 'Bumper delantero Sahara Revo sin tubo', NULL, 2, 2, 1, 1350, 1350, 2700, 2700, 2430, 0, 0, 0, '2022-05-25 11:48:40', '2022-05-25 11:48:40', NULL),
(876, 19, 2016, 2018, '5100230', 'Buffer kit para bumper sahara sin tubo', NULL, 28, 2, 1, 50, 0, 100, 50, 45, 0, 0, 0, '2022-05-25 11:48:40', '2022-05-25 11:48:40', NULL),
(877, 19, 2016, 2023, '3500590', 'Halógenos neblineros summit', NULL, 6, 2, 1, 100, 150, 200, 250, 225, 0, 0, 0, '2022-05-25 11:48:40', '2022-05-25 11:48:40', NULL),
(878, 19, 2016, 2023, '3500910', 'Halógenos neblineros summit LED', NULL, 6, 2, 1, 100, 150, 200, 250, 225, 0, 0, 0, '2022-05-25 11:48:40', '2022-05-25 11:48:40', NULL),
(879, 19, 2021, 2023, '3614110', 'Bumper trasero Summit ', NULL, 7, 2, 1, 1100, 1100, 2200, 2200, 1980, 0, 0, 0, '2022-05-25 11:48:40', '2022-05-25 11:48:40', NULL),
(880, 19, 2021, 2023, '3414160', 'Bumper trasero Summit Raw', NULL, 7, 2, 1, 1000, 1000, 2000, 2000, 1800, 0, 0, 0, '2022-05-25 11:48:40', '2022-05-25 11:48:40', NULL),
(881, 19, 2016, 2020, '3614120', 'Bumper trasero Summit', NULL, 7, 2, 1, 1100, 1100, 2200, 2200, 1980, 0, 0, 0, '2022-05-25 11:48:40', '2022-05-25 11:48:40', NULL),
(882, 19, 2016, 2020, '3614140', 'Bumper trasero Summit Raw', NULL, 7, 2, 1, 950, 1050, 1900, 2000, 1800, 0, 0, 0, '2022-05-25 11:48:40', '2022-05-25 11:48:40', NULL),
(883, 19, 2021, 2023, 'OME-NS-HILUX-21ON', 'Suspensión Nitrocharger Sport 40mm / 40mm', NULL, 11, 4, 1, 1400, 1000, 2800, 2400, 2160, 0, 0, 0, '2022-05-25 11:48:40', '2022-05-25 11:48:40', NULL),
(884, 19, 2021, 2023, '3176', 'Resortes delanteros Nitrocharger Sport no bumper', NULL, 11, 3, 1, 150, 150, 300, 300, 270, 0, 0, 0, '2022-05-25 11:48:40', '2022-05-25 11:48:40', NULL),
(885, 19, 2021, 2023, '3177', 'Resortes delanteros Nitrocharger Sport para bumper', NULL, 11, 3, 1, 150, 150, 300, 300, 270, 0, 0, 0, '2022-05-25 11:48:40', '2022-05-25 11:48:40', NULL),
(886, 19, 2021, 2023, '3178', 'Resortes delanteros Nitrocharger Sport para bumper y winch', NULL, 11, 3, 1, 150, 150, 300, 300, 270, 0, 0, 0, '2022-05-25 11:48:40', '2022-05-25 11:48:40', NULL),
(887, 19, 2021, 2023, '90028', 'Compensador delantero Nitrocharger Sport no bumper', NULL, 11, 2, 2, 150, 150, 300, 300, 270, 0, 0, 0, '2022-05-25 11:48:40', '2022-05-25 11:48:40', NULL),
(888, 19, 2021, 2023, '90029', 'Compensador delantero Nitrocharger Sport para bumper y winch', NULL, 11, 2, 2, 150, 150, 300, 300, 270, 0, 0, 0, '2022-05-25 11:48:40', '2022-05-25 11:48:40', NULL),
(889, 19, 2021, 2023, 'EL105R', 'Hoja de Resorte trasera Nitrocharger Sport', NULL, 11, 2, 2, 200, 200, 400, 400, 360, 0, 0, 0, '2022-05-25 11:48:40', '2022-05-25 11:48:40', NULL),
(890, 19, 2021, 2023, '60132', 'Compensador trasero Nitrocharger sport', NULL, 11, 2, 2, 100, 100, 200, 200, 180, 0, 0, 0, '2022-05-25 11:48:40', '2022-05-25 11:48:40', NULL),
(891, 19, 2021, 2023, 'OMESB98', 'Bushings traseros', NULL, 11, 4, 2, 50, 50, 100, 100, 90, 0, 0, 0, '2022-05-25 11:48:40', '2022-05-25 11:48:40', NULL),
(892, 19, 2021, 2023, 'OMEU53A', 'Gasas traseras', NULL, 11, 2, 4, 50, 50, 100, 100, 90, 0, 0, 0, '2022-05-25 11:48:40', '2022-05-25 11:48:40', NULL),
(893, 19, 2021, 2023, 'FK86', 'Platina correctora de ángulo de luces', NULL, 11, 2, 1, 50, 50, 100, 100, 90, 0, 0, 0, '2022-05-25 11:48:40', '2022-05-25 11:48:40', NULL),
(894, 19, 2021, 2023, 'OMEGS25', 'Balancines engrasables', NULL, 11, 3, 1, 150, 150, 300, 300, 270, 0, 0, 0, '2022-05-25 11:48:40', '2022-05-25 11:48:40', NULL),
(895, 19, 2021, 2023, 'OMEGP9', 'Pines engrasables', NULL, 11, 3, 1, 50, 50, 100, 100, 90, 0, 0, 0, '2022-05-25 11:48:40', '2022-05-25 11:48:40', NULL),
(896, 19, 2016, 2020, 'OME-NS-HILUX-16-20', 'Suspensión Nitrocharger Sport 40mm / 40mm', NULL, 11, 4, 1, 1400, 1000, 2800, 2400, 2160, 0, 0, 0, '2022-05-25 11:48:40', '2022-05-25 11:48:40', NULL),
(897, 19, 2016, 2020, '2869', 'Resortes delanteros Nitrocharger Sport no bumper', NULL, 11, 3, 1, 150, 150, 300, 300, 270, 0, 0, 0, '2022-05-25 11:48:40', '2022-05-25 11:48:40', NULL),
(898, 19, 2016, 2020, '2884', 'Resortes delanteros Nitrocharger Sport para bumper', NULL, 11, 3, 1, 150, 150, 300, 300, 270, 0, 0, 0, '2022-05-25 11:48:41', '2022-05-25 11:48:41', NULL),
(899, 19, 2016, 2020, '2885', 'Resortes delanteros Nitrocharger Sport para bumper y winch', NULL, 11, 3, 1, 150, 150, 300, 300, 270, 0, 0, 0, '2022-05-25 11:48:41', '2022-05-25 11:48:41', NULL),
(900, 19, 2016, 2020, '90028', 'Compensador delantero Nitrocharger Sport no bumper', NULL, 11, 2, 2, 150, 150, 300, 300, 270, 0, 0, 0, '2022-05-25 11:48:41', '2022-05-25 11:48:41', NULL),
(901, 19, 2016, 2020, '90029', 'Compensador delantero Nitrocharger Sport para bumper y winch', NULL, 11, 2, 2, 150, 150, 300, 300, 270, 0, 0, 0, '2022-05-25 11:48:41', '2022-05-25 11:48:41', NULL),
(902, 19, 2016, 2020, 'EL105R', 'Hoja de Resorte trasera Nitrocharger Sport', NULL, 11, 2, 2, 200, 200, 400, 400, 360, 0, 0, 0, '2022-05-25 11:48:41', '2022-05-25 11:48:41', NULL),
(903, 19, 2016, 2020, '60132', 'Compensador trasero Nitrocharger sport', NULL, 11, 2, 2, 100, 100, 200, 200, 180, 0, 0, 0, '2022-05-25 11:48:41', '2022-05-25 11:48:41', NULL),
(904, 19, 2016, 2020, 'OMESB98', 'Bushings traseros', NULL, 11, 4, 2, 50, 50, 100, 100, 90, 0, 0, 0, '2022-05-25 11:48:41', '2022-05-25 11:48:41', NULL),
(905, 19, 2016, 2020, 'OMEU53A', 'Gasas traseras', NULL, 11, 2, 4, 50, 50, 100, 100, 90, 0, 0, 0, '2022-05-25 11:48:41', '2022-05-25 11:48:41', NULL),
(906, 19, 2016, 2020, 'FK86', 'Platina correctora de ángulo de luces', NULL, 11, 2, 1, 50, 50, 100, 100, 90, 0, 0, 0, '2022-05-25 11:48:41', '2022-05-25 11:48:41', NULL),
(907, 19, 2016, 2020, 'OMEGS25', 'Balancines engrasables', NULL, 11, 3, 1, 150, 150, 300, 300, 270, 0, 0, 0, '2022-05-25 11:48:41', '2022-05-25 11:48:41', NULL),
(908, 19, 2016, 2020, 'OMEGP9', 'Pines engrasables', NULL, 11, 3, 1, 50, 50, 100, 100, 90, 0, 0, 0, '2022-05-25 11:48:41', '2022-05-25 11:48:41', NULL),
(909, 19, 2016, 2023, 'OME-BP-HILUX-16ON', 'Suspensión BP-51 40mm / 40mm', NULL, 11, 4, 1, 2950, 1450, 5900, 4400, 3960, 0, 0, 0, '2022-05-25 11:48:41', '2022-05-25 11:48:41', NULL),
(910, 19, 2016, 2023, 'BP5190007R', 'Coilover BP51 derecho', NULL, 11, 2, 1, 600, 600, 1200, 1200, 1080, 0, 0, 0, '2022-05-25 11:48:41', '2022-05-25 11:48:41', NULL),
(911, 19, 2016, 2023, 'BP5190007L', 'Coilover BP51 izquierdo', NULL, 11, 2, 1, 600, 600, 1200, 1200, 1080, 0, 0, 0, '2022-05-25 11:48:41', '2022-05-25 11:48:41', NULL),
(912, 19, 2016, 2023, 'VM80010018', 'Fit kit reservorio', NULL, 11, 2, 1, 150, 150, 300, 300, 270, 0, 0, 0, '2022-05-25 11:48:41', '2022-05-25 11:48:41', NULL),
(913, 19, 2016, 2023, 'BP5160018R', 'Compensador BP51 trasero derecho', NULL, 11, 2, 1, 400, 400, 800, 800, 720, 0, 0, 0, '2022-05-25 11:48:41', '2022-05-25 11:48:41', NULL),
(914, 19, 2016, 2023, 'BP5160018L', 'Compensador BP51 trasero izquierdo', NULL, 11, 2, 1, 400, 400, 800, 800, 720, 0, 0, 0, '2022-05-25 11:48:41', '2022-05-25 11:48:41', NULL),
(915, 19, 2016, 2023, 'VM80010019', 'Fit kit reservorio', NULL, 11, 2, 1, 50, 50, 100, 100, 90, 0, 0, 0, '2022-05-25 11:48:41', '2022-05-25 11:48:41', NULL),
(916, 19, 2016, 2023, 'EL105R', 'Hoja de Resorte trasera Nitrocharger Sport', NULL, 11, 2, 2, 200, 200, 400, 400, 360, 0, 0, 0, '2022-05-25 11:48:41', '2022-05-25 11:48:41', NULL),
(917, 19, 2016, 2023, 'OMESB98', 'Bushings traseros', NULL, 11, 4, 2, 50, 50, 100, 100, 90, 0, 0, 0, '2022-05-25 11:48:41', '2022-05-25 11:48:41', NULL),
(918, 19, 2016, 2023, 'OMEU53A', 'Gasas traseras', NULL, 11, 2, 4, 50, 50, 100, 100, 90, 0, 0, 0, '2022-05-25 11:48:41', '2022-05-25 11:48:41', NULL),
(919, 19, 2016, 2023, 'FK86', 'Platina correctora de ángulo de luces', NULL, 11, 2, 1, 50, 50, 100, 100, 90, 0, 0, 0, '2022-05-25 11:48:41', '2022-05-25 11:48:41', NULL),
(920, 19, 2016, 2023, 'OMEGS25', 'Balancines engrasables', NULL, 11, 3, 1, 150, 150, 300, 300, 270, 0, 0, 0, '2022-05-25 11:48:41', '2022-05-25 11:48:41', NULL),
(921, 19, 2016, 2023, 'OMEGP9', 'Pines engrasables', NULL, 11, 3, 1, 50, 50, 100, 100, 90, 0, 0, 0, '2022-05-25 11:48:41', '2022-05-25 11:48:41', NULL),
(922, 19, 2016, 2023, 'UCA0003', 'Tijeretas', NULL, 11, 3, 1, 400, 450, 800, 850, 765, 0, 0, 0, '2022-05-25 11:48:41', '2022-05-25 11:48:41', NULL),
(923, 19, 2016, 2023, 'SS123HP', 'Snorkel ARMAX', NULL, 12, 2, 1, 400, 450, 800, 850, 765, 0, 0, 0, '2022-05-25 11:48:41', '2022-05-25 11:48:41', NULL),
(924, 19, 2016, 2023, 'SS123HF', 'Snorkel wide body', NULL, 12, 2, 1, 300, 550, 600, 850, 765, 0, 0, 0, '2022-05-25 11:48:41', '2022-05-25 11:48:41', NULL),
(925, 19, 2016, 2023, 'SS124HF', 'Snorkel narrow body', NULL, 12, 2, 1, 400, 450, 800, 850, 765, 0, 0, 0, '2022-05-25 11:48:41', '2022-05-25 11:48:41', NULL),
(926, 19, 2021, 2023, '4414690', 'Side Rails & Steps DC & EC wide body', NULL, 13, 3, 1, 550, 1450, 1100, 2000, 1800, 0, 0, 0, '2022-05-25 11:48:41', '2022-05-25 11:48:41', NULL),
(927, 19, 2021, 2023, '4414700', 'Side Rails DC & EC wide body', NULL, 13, 3, 1, 400, 400, 800, 800, 720, 0, 0, 0, '2022-05-25 11:48:41', '2022-05-25 11:48:41', NULL),
(928, 19, 2016, 2020, '4414620', 'Side Rails & Steps DC & EC wide body', NULL, 13, 3, 1, 550, 1450, 1100, 2000, 1800, 0, 0, 0, '2022-05-25 11:48:41', '2022-05-25 11:48:41', NULL),
(929, 19, 2016, 2020, '4414630', 'Side Rails DC & EC wide body', NULL, 13, 3, 1, 400, 600, 800, 1000, 900, 0, 0, 0, '2022-05-25 11:48:41', '2022-05-25 11:48:41', NULL),
(930, 19, 2016, 2020, '4414660', 'Side Rails & Steps CS narrow body', NULL, 13, 3, 1, 400, 1600, 800, 2000, 1800, 0, 0, 0, '2022-05-25 11:48:41', '2022-05-25 11:48:41', NULL),
(931, 19, 2016, 2020, '4414640', 'Side Rails CS narrow body', NULL, 13, 3, 1, 400, 600, 800, 1000, 900, 0, 0, 0, '2022-05-25 11:48:41', '2022-05-25 11:48:41', NULL),
(932, 19, 2021, 2023, '4414690', 'Steps DC & EC wide body ', NULL, 13, 3, 1, 550, 1150, 1100, 1700, 1530, 0, 0, 0, '2022-05-25 11:48:41', '2022-05-25 11:48:41', NULL),
(933, 19, 2021, 2023, '4414710', 'Codos Steps', NULL, 13, 3, 1, 200, 200, 400, 400, 360, 0, 0, 0, '2022-05-25 11:48:42', '2022-05-25 11:48:42', NULL),
(934, 19, 2016, 2020, '4414620', 'Steps DC & EC wide body', NULL, 13, 3, 1, 550, 1150, 1100, 1700, 1530, 0, 0, 0, '2022-05-25 11:48:42', '2022-05-25 11:48:42', NULL),
(935, 19, 2016, 2020, '4414650', 'Codos Steps', NULL, 13, 3, 1, 200, 3800, 400, 4000, 3600, 0, 0, 0, '2022-05-25 11:48:42', '2022-05-25 11:48:42', NULL),
(936, 19, 2016, 2020, '4414660', 'Steps CS narrow body', NULL, 13, 3, 1, 400, 1000, 800, 1400, 1260, 0, 0, 0, '2022-05-25 11:48:42', '2022-05-25 11:48:42', NULL),
(937, 19, 2016, 2020, '4414670', 'Codos Steps', NULL, 13, 3, 1, 200, 300, 400, 500, 450, 0, 0, 0, '2022-05-25 11:48:42', '2022-05-25 11:48:42', NULL),
(938, 19, 2016, 2020, '5414200', 'Planchas', NULL, 14, 4, 1, 550, 650, 1100, 1200, 1080, 0, 0, 0, '2022-05-25 11:48:42', '2022-05-25 11:48:42', NULL),
(939, 19, 2016, 2020, '1770070', 'Base Rack 1255x1285mm con deflector de aire', NULL, 15, 2, 1, 300, 1300, 600, 1600, 1440, 0, 0, 0, '2022-05-25 11:48:42', '2022-05-25 11:48:42', NULL),
(940, 19, 2016, 2020, '17914050', 'Fit kit Base Rack 1255x1285mm ', NULL, 15, 2, 1, 200, 200, 400, 400, 360, 0, 0, 0, '2022-05-25 11:48:42', '2022-05-25 11:48:42', NULL),
(941, 19, 2016, 2020, '17914060', 'Deflector de aire Base Rack 1255x1285mm ', NULL, 15, 2, 1, 100, 100, 200, 200, 180, 0, 0, 0, '2022-05-25 11:48:42', '2022-05-25 11:48:42', NULL),
(942, 19, 2016, 2020, '1770060', 'Base Rack 1255x1155mm con deflector de aire', NULL, 15, 2, 1, 300, 1300, 600, 1600, 1440, 0, 0, 0, '2022-05-25 11:48:42', '2022-05-25 11:48:42', NULL),
(943, 19, 2016, 2020, '17914050', 'Fit kit Base Rack 1255x1155mm', NULL, 15, 2, 1, 200, 200, 400, 400, 360, 0, 0, 0, '2022-05-25 11:48:42', '2022-05-25 11:48:42', NULL),
(944, 19, 2016, 2020, '17914060', 'Deflector de aire Base Rack 1255x1155mm ', NULL, 15, 2, 1, 100, 100, 200, 200, 180, 0, 0, 0, '2022-05-25 11:48:42', '2022-05-25 11:48:42', NULL),
(945, 19, 2016, 2020, '3800250', 'Canasta acero 1250x1120mm', NULL, 16, 2, 1, 400, 900, 800, 1300, 1170, 0, 0, 0, '2022-05-25 11:48:42', '2022-05-25 11:48:42', NULL),
(946, 19, 2016, 2020, '3714030', 'Fit kit canasta 1250x1120mm', NULL, 16, 2, 1, 200, 200, 400, 400, 360, 0, 0, 0, '2022-05-25 11:48:42', '2022-05-25 11:48:42', NULL),
(947, 19, 2016, 2020, '3800180', 'Plataforma 1250x1120', NULL, 17, 2, 1, 300, 800, 600, 1100, 990, 0, 0, 0, '2022-05-25 11:48:42', '2022-05-25 11:48:42', NULL),
(948, 19, 2016, 2020, '3714030', 'Fit kit plataforma 1250x1120mm', NULL, 16, 2, 1, 200, 200, 400, 400, 360, 0, 0, 0, '2022-05-25 11:48:42', '2022-05-25 11:48:42', NULL),
(949, 19, 2016, 2020, '2814020', 'Recovery Point izquierdo', NULL, 18, 2, 1, 200, 200, 400, 400, 360, 0, 0, 0, '2022-05-25 11:48:42', '2022-05-25 11:48:42', NULL),
(950, 19, 2016, 2020, '2814030', 'Recovery Point derecho', NULL, 18, 2, 1, 200, 200, 400, 400, 360, 0, 0, 0, '2022-05-25 11:48:42', '2022-05-25 11:48:42', NULL),
(951, 19, 2016, 2020, 'RD232', 'Bloqueo de diferencial trasero', NULL, 19, 2, 1, 700, 1500, 1400, 2200, 1980, 0, 0, 0, '2022-05-25 11:48:42', '2022-05-25 11:48:42', NULL),
(952, 19, 2016, 2020, 'RD132', 'Bloqueo de diferencial delantero', NULL, 19, 2, 1, 700, 1200, 1400, 1900, 1710, 0, 0, 0, '2022-05-25 11:48:42', '2022-05-25 11:48:42', NULL),
(953, 20, 2005, 2011, '3414510', 'Bumper delantero Deluxe ', NULL, 2, 2, 1, 1350, 1150, 2700, 2500, 2250, 0, 0, 0, '2022-05-25 11:48:42', '2022-05-25 11:48:42', NULL),
(954, 20, 2005, 2011, '3914510', 'Bumper delantero Sahara con tubo', NULL, 2, 2, 1, 1200, 1400, 2400, 2600, 2340, 0, 0, 0, '2022-05-25 11:48:42', '2022-05-25 11:48:42', NULL),
(955, 20, 2005, 2011, '5100020', 'Tubo cromado central para bumper sahara', NULL, 4, 2, 1, 100, 100, 200, 200, 180, 0, 0, 0, '2022-05-25 11:48:42', '2022-05-25 11:48:42', NULL),
(956, 20, 2005, 2011, '5100070', 'Buffer kit para bumper sahara con tubo', NULL, 28, 2, 1, 100, 100, 200, 200, 180, 0, 0, 0, '2022-05-25 11:48:42', '2022-05-25 11:48:42', NULL),
(957, 20, 2005, 2011, '3914510', 'Bumper delantero Sahara sin tubo', NULL, 2, 2, 1, 1150, 1250, 2300, 2400, 2160, 0, 0, 0, '2022-05-25 11:48:42', '2022-05-25 11:48:42', NULL),
(958, 20, 2005, 2011, '5100030', 'Buffer kit para bumper sahara sin tubo', NULL, 28, 2, 1, 100, 50, 200, 150, 135, 0, 0, 0, '2022-05-25 11:48:42', '2022-05-25 11:48:42', NULL),
(959, 20, 2005, 2011, '3500590', 'Halógenos neblineros summit', NULL, 6, 3, 1, 100, 150, 200, 250, 225, 0, 0, 0, '2022-05-25 11:48:42', '2022-05-25 11:48:42', NULL),
(960, 20, 2005, 2011, '3500910', 'Halógenos neblineros summit LED', NULL, 6, 3, 1, 100, 150, 200, 250, 225, 0, 0, 0, '2022-05-25 11:48:42', '2022-05-25 11:48:42', NULL),
(961, 20, 2005, 2011, '3614100', 'Bumper trasero', NULL, 7, 2, 1, 650, 750, 1300, 1400, 1260, 0, 0, 0, '2022-05-25 11:48:42', '2022-05-25 11:48:42', NULL),
(962, 20, 2005, 2011, 'OME-NS-HILUX2005-15', 'Suspensión Nitrocharger Sport 30mm / 45mm', NULL, 11, 4, 1, 1255, 1145, 2510, 2400, 2160, 0, 0, 0, '2022-05-25 11:48:42', '2022-05-25 11:48:42', NULL),
(963, 20, 2005, 2011, '2883', 'Resortes delanteros Nitrocharger Sport no bumper', NULL, 11, 3, 1, 150, 150, 300, 300, 270, 0, 0, 0, '2022-05-25 11:48:42', '2022-05-25 11:48:42', NULL),
(964, 20, 2005, 2011, '2884', 'Resortes delanteros Nitrocharger Sport para bumper', NULL, 11, 3, 1, 150, 150, 300, 300, 270, 0, 0, 0, '2022-05-25 11:48:42', '2022-05-25 11:48:42', NULL),
(965, 20, 2005, 2011, '2885', 'Resortes delanteros Nitrocharger Sport para bumper y winch', NULL, 11, 3, 1, 150, 150, 300, 300, 270, 0, 0, 0, '2022-05-25 11:48:42', '2022-05-25 11:48:42', NULL),
(966, 20, 2005, 2011, '90002', 'Compensador delantero Nitrocharger Sport', NULL, 11, 2, 2, 150, 150, 300, 300, 270, 0, 0, 0, '2022-05-25 11:48:43', '2022-05-25 11:48:43', NULL),
(967, 20, 2005, 2011, '90011', 'Compensador delantero Nitrocharger Sport', NULL, 11, 2, 2, 150, 150, 300, 300, 270, 0, 0, 0, '2022-05-25 11:48:43', '2022-05-25 11:48:43', NULL),
(968, 20, 2005, 2011, 'EL043R', 'Hoja de Resorte Nitrocharger Sport', NULL, 11, 2, 2, 150, 150, 300, 300, 270, 0, 0, 0, '2022-05-25 11:48:43', '2022-05-25 11:48:43', NULL),
(969, 20, 2005, 2011, '60006', 'Compensador trasero Nitrocharger Sport', NULL, 11, 2, 2, 100, 100, 200, 200, 180, 0, 0, 0, '2022-05-25 11:48:43', '2022-05-25 11:48:43', NULL),
(970, 20, 2005, 2011, 'OMESB98', 'Bushings', NULL, 11, 4, 2, 50, 50, 100, 100, 90, 0, 0, 0, '2022-05-25 11:48:43', '2022-05-25 11:48:43', NULL),
(971, 20, 2005, 2011, 'OMEGS14', 'Balancines engrasables', NULL, 11, 3, 1, 150, 150, 300, 300, 270, 0, 0, 0, '2022-05-25 11:48:43', '2022-05-25 11:48:43', NULL),
(972, 20, 2005, 2011, 'OMEU53A', 'Gasas', NULL, 11, 2, 4, 10, 10, 20, 20, 18, 0, 0, 0, '2022-05-25 11:48:43', '2022-05-25 11:48:43', NULL),
(973, 20, 2005, 2011, 'OMEGP9', 'Pines engrasables', NULL, 11, 3, 1, 50, 50, 100, 100, 90, 0, 0, 0, '2022-05-25 11:48:43', '2022-05-25 11:48:43', NULL),
(974, 20, 2005, 2011, 'OME-BP-HILUX2005-15', 'Suspensión BP-51 30mm / 45mm', NULL, 11, 4, 1, 2730, 1670, 5460, 4400, 3960, 0, 0, 0, '2022-05-25 11:48:43', '2022-05-25 11:48:43', NULL),
(975, 20, 2005, 2011, 'BP5190001L', 'Coilover BP51 izquierdo', NULL, 11, 2, 1, 600, 600, 1200, 1200, 1080, 0, 0, 0, '2022-05-25 11:48:43', '2022-05-25 11:48:43', NULL),
(976, 20, 2005, 2011, 'BP5190001R', 'Coilover BP51 derecho', NULL, 11, 2, 1, 700, 700, 1400, 1400, 1260, 0, 0, 0, '2022-05-25 11:48:43', '2022-05-25 11:48:43', NULL),
(977, 20, 2005, 2011, 'VM80010001', 'Fit kit reservorio', NULL, 11, 2, 1, 100, 100, 200, 200, 180, 0, 0, 0, '2022-05-25 11:48:43', '2022-05-25 11:48:43', NULL),
(978, 20, 2005, 2011, 'BP5160024L', 'Compensador trasero BP51 izquierdo', NULL, 11, 2, 1, 400, 400, 800, 800, 720, 0, 0, 0, '2022-05-25 11:48:43', '2022-05-25 11:48:43', NULL),
(979, 20, 2005, 2011, 'BP5160024R', 'Compensador trasero BP51 derecho', NULL, 11, 2, 1, 400, 400, 800, 800, 720, 0, 0, 0, '2022-05-25 11:48:43', '2022-05-25 11:48:43', NULL),
(980, 20, 2005, 2011, 'VM80010002', 'Fit kit reservorio', NULL, 11, 2, 1, 25, 25, 50, 50, 45, 0, 0, 0, '2022-05-25 11:48:43', '2022-05-25 11:48:43', NULL),
(981, 20, 2005, 2011, 'EL043R', 'Hoja de Resorte Nitrocharger Sport', NULL, 11, 2, 2, 150, 150, 300, 300, 270, 0, 0, 0, '2022-05-25 11:48:43', '2022-05-25 11:48:43', NULL),
(982, 20, 2005, 2011, 'OMESB98', 'Bushings', NULL, 11, 4, 2, 20, 20, 40, 40, 36, 0, 0, 0, '2022-05-25 11:48:43', '2022-05-25 11:48:43', NULL),
(983, 20, 2005, 2011, 'OMEGS14', 'Balancines engrasables', NULL, 11, 3, 1, 150, 150, 300, 300, 270, 0, 0, 0, '2022-05-25 11:48:43', '2022-05-25 11:48:43', NULL),
(984, 20, 2005, 2011, 'OMEU53A', 'Gasas', NULL, 11, 2, 4, 10, 10, 20, 20, 18, 0, 0, 0, '2022-05-25 11:48:43', '2022-05-25 11:48:43', NULL),
(985, 20, 2005, 2011, 'OMEGP9', 'Pines engrasables', NULL, 11, 3, 1, 50, 50, 100, 100, 90, 0, 0, 0, '2022-05-25 11:48:43', '2022-05-25 11:48:43', NULL),
(986, 20, 2005, 2011, 'UCA0003', 'Tijeretas', NULL, 11, 2, 1, 400, 450, 800, 850, 765, 0, 0, 0, '2022-05-25 11:48:43', '2022-05-25 11:48:43', NULL),
(987, 20, 2005, 2011, 'SS122HP', 'Snorkel ARMAX', NULL, 12, 2, 1, 400, 450, 800, 850, 765, 0, 0, 0, '2022-05-25 11:48:43', '2022-05-25 11:48:43', NULL),
(988, 20, 2005, 2011, 'SS120HF', 'Snorkel V-Spec', NULL, 12, 2, 1, 300, 550, 600, 850, 765, 0, 0, 0, '2022-05-25 11:48:43', '2022-05-25 11:48:43', NULL),
(989, 20, 2005, 2011, '4414400', 'Side Rails & Steps DC & EC con flares', NULL, 13, 3, 1, 600, 700, 600, 1300, 1170, 0, 0, 0, '2022-05-25 11:48:43', '2022-05-25 11:48:43', NULL),
(990, 20, 2005, 2011, '4414430', 'Side Rails  ', NULL, 13, 3, 1, 250, 250, 500, 500, 450, 0, 0, 0, '2022-05-25 11:48:43', '2022-05-25 11:48:43', NULL),
(991, 20, 2005, 2011, '4414400', 'Side Rails & Steps DC & EC sin flares', NULL, 13, 3, 1, 600, 700, 1200, 1300, 1170, 0, 0, 0, '2022-05-25 11:48:43', '2022-05-25 11:48:43', NULL),
(992, 20, 2005, 2011, '4414420', 'Side Rails  ', NULL, 13, 3, 1, 300, 300, 600, 600, 540, 0, 0, 0, '2022-05-25 11:48:43', '2022-05-25 11:48:43', NULL),
(993, 20, 2005, 2011, '4414450', 'Side Rails & Steps CS con flares', NULL, 13, 3, 1, 450, 850, 900, 1300, 1170, 0, 0, 0, '2022-05-25 11:48:43', '2022-05-25 11:48:43', NULL),
(994, 20, 2005, 2011, '4414430', 'Side Rails  ', NULL, 13, 3, 1, 250, 250, 500, 500, 450, 0, 0, 0, '2022-05-25 11:48:43', '2022-05-25 11:48:43', NULL),
(995, 20, 2005, 2011, '4414450', 'Side Rails & Steps CS sin flares', NULL, 13, 3, 1, 450, 850, 900, 1300, 1170, 0, 0, 0, '2022-05-25 11:48:43', '2022-05-25 11:48:43', NULL),
(996, 20, 2005, 2011, '4414420', 'Side Rails  ', NULL, 13, 3, 1, 300, 300, 600, 600, 540, 0, 0, 0, '2022-05-25 11:48:43', '2022-05-25 11:48:43', NULL),
(997, 20, 2005, 2011, '4414400', 'Steps DC & EC', NULL, 13, 3, 1, 600, 700, 1200, 1300, 1170, 0, 0, 0, '2022-05-25 11:48:43', '2022-05-25 11:48:43', NULL),
(998, 20, 2005, 2011, '4414440', 'Codos Steps', NULL, 13, 3, 1, 100, 100, 200, 200, 180, 0, 0, 0, '2022-05-25 11:48:43', '2022-05-25 11:48:43', NULL),
(999, 20, 2005, 2011, '4414450', 'Steps CS ', NULL, 13, 3, 1, 450, 850, 900, 1300, 1170, 0, 0, 0, '2022-05-25 11:48:43', '2022-05-25 11:48:43', NULL),
(1000, 20, 2005, 2011, '441440', 'Codos Steps', NULL, 13, 3, 1, 100, 100, 200, 200, 180, 0, 0, 0, '2022-05-25 11:48:43', '2022-05-25 11:48:43', NULL),
(1001, 20, 2005, 2011, '5414100', 'Planchas', NULL, 14, 4, 1, 350, 450, 700, 800, 720, 0, 0, 0, '2022-05-25 11:48:44', '2022-05-25 11:48:44', NULL),
(1002, 20, 2005, 2011, '1770070', 'Base Rack 1255x1285mm con deflector de aire', NULL, 15, 2, 1, 300, 900, 600, 1200, 1080, 0, 0, 0, '2022-05-25 11:48:44', '2022-05-25 11:48:44', NULL),
(1003, 20, 2005, 2011, '17914030', 'Fit kit Base Rack 1255x1285mm ', NULL, 15, 2, 1, 165, 235, 330, 400, 360, 0, 0, 0, '2022-05-25 11:48:44', '2022-05-25 11:48:44', NULL),
(1004, 20, 2005, 2011, '17914060', 'Deflector de aire Base Rack 1255x1285mm', NULL, 15, 2, 1, 100, 100, 200, 200, 180, 0, 0, 0, '2022-05-25 11:48:44', '2022-05-25 11:48:44', NULL),
(1005, 20, 2005, 2011, '1770060', 'Base Rack 1255x1155mm con deflector de aire', NULL, 15, 2, 1, 300, 900, 600, 1200, 1080, 0, 0, 0, '2022-05-25 11:48:44', '2022-05-25 11:48:44', NULL),
(1006, 20, 2005, 2011, '17914030', 'Fit kit Base Rack 1255x1155mm ', NULL, 15, 2, 1, 165, 235, 330, 400, 360, 0, 0, 0, '2022-05-25 11:48:44', '2022-05-25 11:48:44', NULL),
(1007, 20, 2005, 2011, '17914060', 'Deflector de aire Base Rack 1255x1155mm ', NULL, 15, 2, 1, 100, 100, 200, 200, 180, 0, 0, 0, '2022-05-25 11:48:44', '2022-05-25 11:48:44', NULL),
(1008, 20, 2005, 2011, '3800250', 'Canasta acero 1250x1120mm', NULL, 16, 2, 1, 400, 900, 800, 1300, 1170, 0, 0, 0, '2022-05-25 11:48:44', '2022-05-25 11:48:44', NULL),
(1009, 20, 2005, 2011, '3714010', 'Fit kit canasta 1250x1120mm', NULL, 16, 2, 1, 200, 200, 400, 400, 360, 0, 0, 0, '2022-05-25 11:48:44', '2022-05-25 11:48:44', NULL),
(1010, 20, 2005, 2011, '3800180', 'Plataforma 1250x1120', NULL, 17, 2, 1, 300, 800, 600, 1100, 990, 0, 0, 0, '2022-05-25 11:48:44', '2022-05-25 11:48:44', NULL),
(1011, 20, 2005, 2011, '3714010', 'Fit kit plataforma 1250x1120mm', NULL, 16, 2, 1, 200, 200, 400, 400, 360, 0, 0, 0, '2022-05-25 11:48:44', '2022-05-25 11:48:44', NULL),
(1012, 20, 2005, 2011, '2814010', 'Recovery Point', NULL, 18, 2, 1, 200, 250, 400, 450, 405, 0, 0, 0, '2022-05-25 11:48:44', '2022-05-25 11:48:44', NULL),
(1013, 20, 2005, 2011, 'RD232', 'Bloqueo de diferencial trasero', NULL, 19, 2, 1, 700, 1500, 1400, 2200, 1980, 0, 0, 0, '2022-05-25 11:48:44', '2022-05-25 11:48:44', NULL),
(1014, 20, 2005, 2011, 'RD132', 'Bloqueo de diferencial delantero', NULL, 19, 2, 1, 700, 1200, 1400, 1900, 1710, 0, 0, 0, '2022-05-25 11:48:44', '2022-05-25 11:48:44', NULL),
(1015, 20, 2005, 2011, '3414520', 'Bumper delantero Deluxe ', NULL, 2, 2, 1, 1600, 1000, 3200, 2600, 2340, 0, 0, 0, '2022-05-25 11:48:44', '2022-05-25 11:48:44', NULL),
(1016, 20, 2005, 2011, '3914520', 'Bumper delantero Sahara con tubo', NULL, 2, 2, 1, 1200, 1300, 2400, 2500, 2250, 0, 0, 0, '2022-05-25 11:48:44', '2022-05-25 11:48:44', NULL),
(1017, 20, 2005, 2011, '5100180', 'Tubo cromado central para bumper sahara', NULL, 4, 2, 1, 150, 0, 300, 150, 135, 0, 0, 0, '2022-05-25 11:48:44', '2022-05-25 11:48:44', NULL),
(1018, 20, 2005, 2011, '5100020', 'Buffer kit para bumper sahara con tubo', NULL, 28, 2, 1, 100, 0, 200, 100, 90, 0, 0, 0, '2022-05-25 11:48:44', '2022-05-25 11:48:44', NULL),
(1019, 20, 2005, 2011, '3914520', 'Bumper delantero Sahara sin tubo', NULL, 2, 2, 1, 1200, 1100, 2400, 2300, 2070, 0, 0, 0, '2022-05-25 11:48:44', '2022-05-25 11:48:44', NULL),
(1020, 20, 2005, 2011, '5100030', 'Buffer kit para bumper sahara sin tubo', NULL, 28, 2, 1, 100, 50, 200, 150, 135, 0, 0, 0, '2022-05-25 11:48:44', '2022-05-25 11:48:44', NULL),
(1021, 20, 2005, 2011, '3500590', 'Halógenos neblineros summit', NULL, 6, 3, 1, 100, 150, 200, 250, 225, 0, 0, 0, '2022-05-25 11:48:44', '2022-05-25 11:48:44', NULL),
(1022, 20, 2005, 2011, '3500910', 'Halógenos neblineros summit LED', NULL, 6, 3, 1, 100, 150, 200, 250, 225, 0, 0, 0, '2022-05-25 11:48:44', '2022-05-25 11:48:44', NULL),
(1023, 20, 2005, 2011, '3614100', 'Bumper trasero', NULL, 7, 2, 1, 650, 750, 1300, 1400, 1260, 0, 0, 0, '2022-05-25 11:48:44', '2022-05-25 11:48:44', NULL),
(1024, 20, 2005, 2011, 'OME-NS-HILUX2005-15', 'Suspensión Nitrocharger Sport 30mm / 45mm', NULL, 11, 4, 1, 1255, 1145, 2510, 2400, 2160, 0, 0, 0, '2022-05-25 11:48:44', '2022-05-25 11:48:44', NULL),
(1025, 20, 2005, 2011, '2883', 'Resortes delanteros Nitrocharger Sport no bumper', NULL, 11, 3, 1, 150, 150, 300, 300, 270, 0, 0, 0, '2022-05-25 11:48:44', '2022-05-25 11:48:44', NULL),
(1026, 20, 2005, 2011, '2884', 'Resortes delanteros Nitrocharger Sport para bumper', NULL, 11, 3, 1, 150, 150, 300, 300, 270, 0, 0, 0, '2022-05-25 11:48:44', '2022-05-25 11:48:44', NULL),
(1027, 20, 2005, 2011, '2885', 'Resortes delanteros Nitrocharger Sport para bumper y winch', NULL, 11, 3, 1, 150, 150, 300, 300, 270, 0, 0, 0, '2022-05-25 11:48:44', '2022-05-25 11:48:44', NULL),
(1028, 20, 2005, 2011, '90002', 'Compensador delantero Nitrocharger Sport', NULL, 11, 2, 2, 150, 150, 300, 300, 270, 0, 0, 0, '2022-05-25 11:48:44', '2022-05-25 11:48:44', NULL),
(1029, 20, 2005, 2011, '90011', 'Compensador delantero Nitrocharger Sport', NULL, 11, 2, 2, 150, 150, 300, 300, 270, 0, 0, 0, '2022-05-25 11:48:44', '2022-05-25 11:48:44', NULL),
(1030, 20, 2005, 2011, 'EL043R', 'Hoja de Resorte Nitrocharger Sport', NULL, 11, 2, 2, 150, 150, 300, 300, 270, 0, 0, 0, '2022-05-25 11:48:44', '2022-05-25 11:48:44', NULL),
(1031, 20, 2005, 2011, '60006', 'Compensador trasero Nitrocharger Sport', NULL, 11, 2, 2, 100, 100, 200, 200, 180, 0, 0, 0, '2022-05-25 11:48:44', '2022-05-25 11:48:44', NULL),
(1032, 20, 2005, 2011, 'OMESB98', 'Bushings', NULL, 11, 4, 2, 50, 50, 100, 100, 90, 0, 0, 0, '2022-05-25 11:48:44', '2022-05-25 11:48:44', NULL),
(1033, 20, 2005, 2011, 'OMEGS14', 'Balancines engrasables', NULL, 11, 3, 1, 150, 150, 300, 300, 270, 0, 0, 0, '2022-05-25 11:48:44', '2022-05-25 11:48:44', NULL),
(1034, 20, 2005, 2011, 'OMEU53A', 'Gasas', NULL, 11, 2, 4, 50, 50, 100, 100, 90, 0, 0, 0, '2022-05-25 11:48:44', '2022-05-25 11:48:44', NULL),
(1035, 20, 2005, 2011, 'OMEGP9', 'Pines engrasables', NULL, 11, 3, 1, 50, 50, 100, 100, 90, 0, 0, 0, '2022-05-25 11:48:45', '2022-05-25 11:48:45', NULL),
(1036, 20, 2005, 2011, 'OME-BP-HILUX2005-15', 'Suspensión BP-51 30mm / 45mm', NULL, 11, 4, 1, 2730, 1670, 5460, 4400, 3960, 0, 0, 0, '2022-05-25 11:48:45', '2022-05-25 11:48:45', NULL),
(1037, 20, 2005, 2011, 'BP5190001L', 'Coilover BP51 izquierdo', NULL, 11, 2, 1, 600, 600, 1200, 1200, 1080, 0, 0, 0, '2022-05-25 11:48:45', '2022-05-25 11:48:45', NULL),
(1038, 20, 2005, 2011, 'BP5190001R', 'Coilover BP51 derecho', NULL, 11, 2, 1, 600, 600, 1200, 1200, 1080, 0, 0, 0, '2022-05-25 11:48:45', '2022-05-25 11:48:45', NULL),
(1039, 20, 2005, 2011, 'VM80010001', 'Fit kit reservorio', NULL, 11, 2, 1, 100, 100, 200, 200, 180, 0, 0, 0, '2022-05-25 11:48:45', '2022-05-25 11:48:45', NULL),
(1040, 20, 2005, 2011, 'BP5160024L', 'Compensador trasero BP51 izquierdo', NULL, 11, 2, 1, 400, 400, 800, 800, 720, 0, 0, 0, '2022-05-25 11:48:45', '2022-05-25 11:48:45', NULL),
(1041, 20, 2005, 2011, 'BP5160024R', 'Compensador trasero BP51 derecho', NULL, 11, 2, 1, 400, 400, 800, 800, 720, 0, 0, 0, '2022-05-25 11:48:45', '2022-05-25 11:48:45', NULL),
(1042, 20, 2005, 2011, 'VM80010002', 'Fit kit reservorio', NULL, 11, 2, 1, 50, 50, 100, 100, 90, 0, 0, 0, '2022-05-25 11:48:45', '2022-05-25 11:48:45', NULL),
(1043, 20, 2005, 2011, 'EL043R', 'Hoja de Resorte Nitrocharger Sport', NULL, 11, 2, 2, 150, 150, 300, 300, 270, 0, 0, 0, '2022-05-25 11:48:45', '2022-05-25 11:48:45', NULL),
(1044, 20, 2005, 2011, 'OMESB98', 'Bushings', NULL, 11, 4, 2, 50, 50, 100, 100, 90, 0, 0, 0, '2022-05-25 11:48:45', '2022-05-25 11:48:45', NULL),
(1045, 20, 2005, 2011, 'OMEGS14', 'Balancines engrasables', NULL, 11, 3, 1, 150, 150, 300, 300, 270, 0, 0, 0, '2022-05-25 11:48:45', '2022-05-25 11:48:45', NULL),
(1046, 20, 2005, 2011, 'OMEU53A', 'Gasas', NULL, 11, 2, 4, 50, 50, 100, 100, 90, 0, 0, 0, '2022-05-25 11:48:45', '2022-05-25 11:48:45', NULL),
(1047, 20, 2005, 2011, 'OMEGP9', 'Pines engrasables', NULL, 11, 3, 1, 50, 50, 100, 100, 90, 0, 0, 0, '2022-05-25 11:48:45', '2022-05-25 11:48:45', NULL),
(1048, 20, 2005, 2011, 'UCA0003', 'Tijeretas', NULL, 11, 2, 1, 400, 450, 800, 850, 765, 0, 0, 0, '2022-05-25 11:48:45', '2022-05-25 11:48:45', NULL),
(1049, 20, 2005, 2011, 'SS122HP', 'Snorkel ARMAX', NULL, 12, 2, 1, 400, 450, 800, 850, 765, 0, 0, 0, '2022-05-25 11:48:45', '2022-05-25 11:48:45', NULL),
(1050, 20, 2005, 2011, 'SS120HF', 'Snorkel V-Spec', NULL, 12, 2, 1, 300, 550, 600, 850, 765, 0, 0, 0, '2022-05-25 11:48:45', '2022-05-25 11:48:45', NULL),
(1051, 20, 2005, 2011, '4414400', 'Side Rails & Steps DC & EC con flares', NULL, 13, 3, 1, 600, 1100, 1200, 1700, 1530, 0, 0, 0, '2022-05-25 11:48:45', '2022-05-25 11:48:45', NULL),
(1052, 20, 2005, 2011, '4414430', 'Side Rails  ', NULL, 13, 3, 1, 250, 250, 500, 500, 450, 0, 0, 0, '2022-05-25 11:48:45', '2022-05-25 11:48:45', NULL),
(1053, 20, 2005, 2011, '4414400', 'Side Rails & Steps DC & EC sin flares', NULL, 13, 3, 1, 600, 1100, 1200, 1700, 1530, 0, 0, 0, '2022-05-25 11:48:45', '2022-05-25 11:48:45', NULL),
(1054, 20, 2005, 2011, '4414420', 'Side Rails  ', NULL, 13, 3, 1, 300, 300, 600, 600, 540, 0, 0, 0, '2022-05-25 11:48:45', '2022-05-25 11:48:45', NULL),
(1055, 20, 2005, 2011, '4414450', 'Side Rails & Steps CS con flares', NULL, 13, 3, 1, 450, 1050, 900, 1500, 1350, 0, 0, 0, '2022-05-25 11:48:45', '2022-05-25 11:48:45', NULL),
(1056, 20, 2005, 2011, '4414430', 'Side Rails  ', NULL, 13, 3, 1, 250, 250, 500, 500, 450, 0, 0, 0, '2022-05-25 11:48:45', '2022-05-25 11:48:45', NULL),
(1057, 20, 2005, 2011, '4414450', 'Side Rails & Steps CS sin flares', NULL, 13, 3, 1, 450, 1150, 900, 1600, 1440, 0, 0, 0, '2022-05-25 11:48:45', '2022-05-25 11:48:45', NULL),
(1058, 20, 2005, 2011, '4414420', 'Side Rails  ', NULL, 13, 3, 1, 300, 300, 600, 600, 540, 0, 0, 0, '2022-05-25 11:48:45', '2022-05-25 11:48:45', NULL),
(1059, 20, 2005, 2011, '4414400', 'Steps DC & EC', NULL, 13, 3, 1, 600, 900, 1200, 1500, 1350, 0, 0, 0, '2022-05-25 11:48:45', '2022-05-25 11:48:45', NULL),
(1060, 20, 2005, 2011, '4414440', 'Codos Steps', NULL, 13, 3, 1, 100, 100, 200, 200, 180, 0, 0, 0, '2022-05-25 11:48:45', '2022-05-25 11:48:45', NULL),
(1061, 20, 2005, 2011, '4414450', 'Steps CS ', NULL, 13, 3, 1, 450, 750, 900, 1200, 1080, 0, 0, 0, '2022-05-25 11:48:45', '2022-05-25 11:48:45', NULL),
(1062, 20, 2005, 2011, '441440', 'Codos Steps', NULL, 13, 3, 1, 100, 100, 200, 200, 180, 0, 0, 0, '2022-05-25 11:48:45', '2022-05-25 11:48:45', NULL),
(1063, 20, 2005, 2011, '5414100', 'Planchas', NULL, 14, 4, 1, 350, 400, 700, 750, 675, 0, 0, 0, '2022-05-25 11:48:45', '2022-05-25 11:48:45', NULL),
(1064, 20, 2005, 2011, '1770070', 'Base Rack 1255x1285mm con deflector de aire', NULL, 15, 2, 1, 300, 1000, 600, 1300, 1170, 0, 0, 0, '2022-05-25 11:48:45', '2022-05-25 11:48:45', NULL),
(1065, 20, 2005, 2011, '17914030', 'Fit kit Base Rack 1255x1285mm ', NULL, 15, 2, 1, 165, 235, 330, 400, 360, 0, 0, 0, '2022-05-25 11:48:45', '2022-05-25 11:48:45', NULL),
(1066, 20, 2005, 2011, '17914060', 'Deflector de aire Base Rack 1255x1285mm', NULL, 15, 2, 1, 100, 100, 200, 200, 180, 0, 0, 0, '2022-05-25 11:48:45', '2022-05-25 11:48:45', NULL),
(1067, 20, 2005, 2011, '1770060', 'Base Rack 1255x1155mm con deflector de aire', NULL, 15, 2, 1, 300, 1000, 600, 1300, 1170, 0, 0, 0, '2022-05-25 11:48:46', '2022-05-25 11:48:46', NULL),
(1068, 20, 2005, 2011, '17914030', 'Fit kit Base Rack 1255x1155mm ', NULL, 15, 2, 1, 165, 235, 330, 400, 360, 0, 0, 0, '2022-05-25 11:48:46', '2022-05-25 11:48:46', NULL),
(1069, 20, 2005, 2011, '17914060', 'Deflector de aire Base Rack 1255x1155mm ', NULL, 15, 2, 1, 100, 100, 200, 200, 180, 0, 0, 0, '2022-05-25 11:48:46', '2022-05-25 11:48:46', NULL),
(1070, 20, 2005, 2011, '3800250', 'Canasta acero 1250x1120mm', NULL, 16, 2, 1, 400, 900, 800, 1300, 1170, 0, 0, 0, '2022-05-25 11:48:46', '2022-05-25 11:48:46', NULL),
(1071, 20, 2005, 2011, '3714010', 'Fit kit canasta 1250x1120mm', NULL, 16, 2, 1, 200, 200, 400, 400, 360, 0, 0, 0, '2022-05-25 11:48:46', '2022-05-25 11:48:46', NULL),
(1072, 20, 2005, 2011, '3800180', 'Plataforma 1250x1120', NULL, 17, 2, 1, 300, 800, 600, 1100, 990, 0, 0, 0, '2022-05-25 11:48:46', '2022-05-25 11:48:46', NULL),
(1073, 20, 2005, 2011, '3714010', 'Fit kit plataforma 1250x1120mm', NULL, 16, 2, 1, 200, 200, 400, 400, 360, 0, 0, 0, '2022-05-25 11:48:46', '2022-05-25 11:48:46', NULL),
(1074, 20, 2005, 2011, '2814010', 'Recovery Point', NULL, 18, 2, 1, 200, 250, 400, 450, 405, 0, 0, 0, '2022-05-25 11:48:46', '2022-05-25 11:48:46', NULL),
(1075, 20, 2005, 2011, 'RD232', 'Bloqueo de diferencial trasero', NULL, 19, 2, 1, 700, 1500, 1400, 2200, 1980, 0, 0, 0, '2022-05-25 11:48:46', '2022-05-25 11:48:46', NULL),
(1076, 20, 2005, 2011, 'RD132', 'Bloqueo de diferencial delantero', NULL, 19, 2, 1, 700, 1200, 1400, 1900, 1710, 0, 0, 0, '2022-05-25 11:48:46', '2022-05-25 11:48:46', NULL),
(1077, 21, 1997, 2002, '3414160', 'Bumper delantero Deluxe con flares & air bag', NULL, 2, 2, 1, 1000, 1100, 2000, 2100, 1890, 0, 0, 0, '2022-05-25 11:48:46', '2022-05-25 11:48:46', NULL),
(1078, 21, 1997, 2002, '3414150', 'Bumper delantero Deluxe 2 con flares ', NULL, 2, 2, 1, 850, 950, 1700, 1800, 1620, 0, 0, 0, '2022-05-25 11:48:46', '2022-05-25 11:48:46', NULL),
(1079, 21, 1997, 2002, '3414140', 'Bumper delantero Deluxe sin flares', NULL, 2, 2, 1, 750, 850, 1500, 1600, 1440, 0, 0, 0, '2022-05-25 11:48:46', '2022-05-25 11:48:46', NULL),
(1080, 21, 2002, 2005, '3414220', 'Bumper delantero Deluxe con flares', NULL, 2, 2, 1, 850, 950, 1700, 1800, 1620, 0, 0, 0, '2022-05-25 11:48:46', '2022-05-25 11:48:46', NULL),
(1081, 21, 2002, 2005, '3414210', 'Bumper delantero Deluxe sin flares', NULL, 2, 2, 1, 1050, 1150, 2050, 2200, 1980, 0, 0, 0, '2022-05-25 11:48:46', '2022-05-25 11:48:46', NULL),
(1082, 21, 1997, 2005, '3614040', 'Bumper trasero', NULL, 7, 2, 1, 650, 750, 1300, 1400, 1260, 0, 0, 0, '2022-05-25 11:48:46', '2022-05-25 11:48:46', NULL),
(1083, 21, 1997, 2005, 'OME-NS-TIGER', 'Suspensión Nitrocharger Sport 0mm / 50mm', NULL, 11, 4, 1, 1225, 1175, 2450, 2400, 2160, 0, 0, 0, '2022-05-25 11:48:46', '2022-05-25 11:48:46', NULL),
(1084, 21, 1997, 2005, '303003', 'Barras de Torsión', NULL, 11, 3, 1, 200, 200, 400, 400, 360, 0, 0, 0, '2022-05-25 11:48:46', '2022-05-25 11:48:46', NULL),
(1085, 21, 1997, 2005, '60042', 'Compensador delantero Nitrocharger Sport', NULL, 11, 2, 2, 100, 100, 200, 200, 180, 0, 0, 0, '2022-05-25 11:48:46', '2022-05-25 11:48:46', NULL),
(1086, 21, 1997, 2005, 'OMESD33', 'Compensador de Dirección Nitrocharger Sport', NULL, 11, 2, 1, 100, 100, 200, 200, 180, 0, 0, 0, '2022-05-25 11:48:46', '2022-05-25 11:48:46', NULL),
(1087, 21, 1997, 2005, 'CS018R', 'Hoja de Resorte trasera Nitrocharger Sport', NULL, 11, 2, 2, 150, 150, 300, 300, 270, 0, 0, 0, '2022-05-25 11:48:46', '2022-05-25 11:48:46', NULL),
(1088, 21, 1997, 2005, '60043', 'Compensador trasero Nitrocharger Sport', NULL, 11, 2, 1, 100, 100, 200, 200, 180, 0, 0, 0, '2022-05-25 11:48:46', '2022-05-25 11:48:46', NULL),
(1089, 21, 1997, 2005, '60044', 'Compensador trasero Nitrocharger Sport', NULL, 11, 2, 1, 100, 100, 200, 200, 180, 0, 0, 0, '2022-05-25 11:48:46', '2022-05-25 11:48:46', NULL),
(1090, 21, 1997, 2005, 'OMESB43', 'Bushings traseros', NULL, 11, 4, 2, 50, 50, 100, 100, 90, 0, 0, 0, '2022-05-25 11:48:46', '2022-05-25 11:48:46', NULL),
(1091, 21, 1997, 2005, 'OMEGS7', 'Balancines engrasables', NULL, 11, 3, 1, 100, 100, 200, 200, 180, 0, 0, 0, '2022-05-25 11:48:46', '2022-05-25 11:48:46', NULL),
(1092, 21, 1997, 2005, 'OMEU53A', 'Gasas', NULL, 11, 2, 4, 50, 0, 50, 50, 45, 0, 0, 0, '2022-05-25 11:48:46', '2022-05-25 11:48:46', NULL),
(1093, 21, 1997, 2005, 'SS136R', 'Snorkel gasolina V6 3.0 & 3.4L', NULL, 12, 2, 1, 250, 450, 500, 700, 630, 0, 0, 0, '2022-05-25 11:48:46', '2022-05-25 11:48:46', NULL),
(1094, 21, 1997, 2005, 'SS135R', 'Snorkel gasolina 2.7L', NULL, 12, 2, 1, 250, 450, 500, 700, 630, 0, 0, 0, '2022-05-25 11:48:46', '2022-05-25 11:48:46', NULL),
(1095, 21, 1997, 2005, 'SS143R', 'Snorkel diesel 1KZ-TE', NULL, 12, 2, 1, 250, 450, 500, 700, 630, 0, 0, 0, '2022-05-25 11:48:46', '2022-05-25 11:48:46', NULL),
(1096, 21, 1997, 2005, 'SS145R', 'Snorkel diesel 3.0L 5L', NULL, 12, 2, 1, 250, 450, 500, 700, 630, 0, 0, 0, '2022-05-25 11:48:46', '2022-05-25 11:48:46', NULL),
(1097, 21, 1997, 2005, 'SS146RE', 'Snorkel diesel 3.0L 5L-E', NULL, 12, 2, 1, 250, 450, 500, 700, 630, 0, 0, 0, '2022-05-25 11:48:46', '2022-05-25 11:48:46', NULL),
(1098, 21, 1997, 2005, 'SS135HF', 'Snorkel diesel 2.8L', NULL, 12, 2, 1, 350, 350, 700, 700, 630, 0, 0, 0, '2022-05-25 11:48:46', '2022-05-25 11:48:46', NULL),
(1099, 21, 1997, 2002, '4414340/50', 'Side Rails & Steps ', '*depende de si tiene flares o air bag*', 13, 2, 1, 690, 810, 1380, 1500, 1350, 0, 0, 0, '2022-05-25 11:48:46', '2022-05-25 11:48:46', NULL),
(1100, 21, 1997, 2005, '4414230/40/50', 'Side Rails  ', NULL, 13, 2, 1, 190, 190, 380, 380, 342, 0, 0, 0, '2022-05-25 11:48:46', '2022-05-25 11:48:46', NULL),
(1101, 21, 2002, 2005, '4414340/50', 'Side Rails & Steps ', '*depende de si tiene flares o air bag*', 13, 2, 1, 710, 790, 1420, 1500, 1350, 0, 0, 0, '2022-05-25 11:48:46', '2022-05-25 11:48:46', NULL),
(1102, 21, 2002, 2005, '4414320/30', 'Side Rails  ', NULL, 13, 2, 1, 210, 210, 420, 420, 378, 0, 0, 0, '2022-05-25 11:48:46', '2022-05-25 11:48:46', NULL),
(1103, 21, 1997, 2005, '3800250', 'Canasta acero 1250x1120mm', NULL, 16, 2, 1, 400, 900, 800, 1300, 1170, 0, 0, 0, '2022-05-25 11:48:47', '2022-05-25 11:48:47', NULL),
(1104, 21, 1997, 2005, '3714010', 'Fit kit canasta 1250x1120mm', NULL, 16, 2, 1, 200, 200, 400, 400, 360, 0, 0, 0, '2022-05-25 11:48:47', '2022-05-25 11:48:47', NULL),
(1105, 21, 1997, 2005, '3800180', 'Plataforma 1250x1120mm', NULL, 17, 2, 1, 300, 800, 600, 1100, 990, 0, 0, 0, '2022-05-25 11:48:47', '2022-05-25 11:48:47', NULL),
(1106, 21, 1997, 2005, '3714010', 'Fit kit plataforma 1250x1120mm', NULL, 16, 2, 1, 200, 200, 400, 400, 360, 0, 0, 0, '2022-05-25 11:48:47', '2022-05-25 11:48:47', NULL),
(1107, 21, 1997, 2005, 'RD132', 'Bloqueo de diferencial trasero', NULL, 19, 2, 1, 700, 1500, 1400, 2200, 1980, 0, 0, 0, '2022-05-25 11:48:47', '2022-05-25 11:48:47', NULL),
(1108, 21, 1997, 2005, 'RD90', 'Bloqueo de diferencial delantero', NULL, 19, 2, 1, 700, 1200, 1400, 1900, 1710, 0, 0, 0, '2022-05-25 11:48:47', '2022-05-25 11:48:47', NULL),
(1109, 22, 1984, 1988, '3414090', 'Bumper delantero Deluxe live axle', NULL, 2, 2, 1, 750, 850, 1500, 1600, 1440, 0, 0, 0, '2022-05-25 11:48:47', '2022-05-25 11:48:47', NULL),
(1110, 22, 1988, 1997, '3414020', 'Bumper delantero Deluxe live axle', NULL, 2, 2, 1, 850, 950, 1700, 1800, 1620, 0, 0, 0, '2022-05-25 11:48:47', '2022-05-25 11:48:47', NULL),
(1111, 22, 1987, 1997, '3414070', 'Bumper delantero Deluxe IFS sin flares', NULL, 2, 2, 1, 850, 950, 1700, 1800, 1620, 0, 0, 0, '2022-05-25 11:48:47', '2022-05-25 11:48:47', NULL),
(1112, 22, 1984, 1997, '3614020', 'Bumper trasero DC & EC IFS SR5', NULL, 7, 2, 1, 650, 750, 1300, 1400, 1260, 0, 0, 0, '2022-05-25 11:48:47', '2022-05-25 11:48:47', NULL),
(1113, 22, 1984, 1997, '3614030', 'Bumper trasero CS & DC (no SR5)', NULL, 7, 2, 1, 800, 900, 1600, 1700, 1530, 0, 0, 0, '2022-05-25 11:48:47', '2022-05-25 11:48:47', NULL),
(1114, 22, 1984, 1997, 'OME-NS-SURF', 'Suspensión Nitrocharger Sport Hilux & 4Runner 45mm / 50mm', NULL, 11, 4, 1, 1515, 1035, 3030, 2550, 2295, 0, 0, 0, '2022-05-25 11:48:47', '2022-05-25 11:48:47', NULL),
(1115, 22, 1984, 1997, 'CS008FA', 'Hoja de Resorte delantera motor gasolina sin bumper izquierda', NULL, 11, 2, 1, 100, 100, 200, 200, 180, 0, 0, 0, '2022-05-25 11:48:47', '2022-05-25 11:48:47', NULL),
(1116, 22, 1984, 1997, 'CS008FB', 'Hoja de Resorte delantera motor gasolina sin bumper derecha', NULL, 11, 2, 1, 100, 100, 200, 200, 180, 0, 0, 0, '2022-05-25 11:48:47', '2022-05-25 11:48:47', NULL),
(1117, 22, 1984, 1997, 'CS009FA', 'Hoja de Resorte delantera motor gasolina con bumper izquierda', NULL, 11, 2, 1, 100, 100, 200, 200, 180, 0, 0, 0, '2022-05-25 11:48:47', '2022-05-25 11:48:47', NULL),
(1118, 22, 1984, 1997, 'CS009FB', 'Hoja de Resorte delantera motor gasolina con bumper derecha', NULL, 11, 2, 1, 100, 100, 200, 200, 180, 0, 0, 0, '2022-05-25 11:48:47', '2022-05-25 11:48:47', NULL),
(1119, 22, 1984, 1997, 'CS009FA', 'Hoja de Resorte delantera motor diesel sin bumper izquierda', NULL, 11, 2, 1, 100, 100, 200, 200, 180, 0, 0, 0, '2022-05-25 11:48:47', '2022-05-25 11:48:47', NULL),
(1120, 22, 1984, 1997, 'CS009FB', 'Hoja de Resorte delantera motor diesel sin bumper derecha', NULL, 11, 2, 1, 100, 100, 200, 200, 180, 0, 0, 0, '2022-05-25 11:48:47', '2022-05-25 11:48:47', NULL),
(1121, 22, 1984, 1997, 'CS009FA', 'Hoja de Resorte delantera motor diesel con bumper izquierda', NULL, 11, 2, 1, 100, 100, 200, 200, 180, 0, 0, 0, '2022-05-25 11:48:47', '2022-05-25 11:48:47', NULL),
(1122, 22, 1984, 1997, 'CS009FB', 'Hoja de Resorte delantera motor diesel con bumper derecha', NULL, 11, 2, 1, 100, 100, 200, 200, 180, 0, 0, 0, '2022-05-25 11:48:47', '2022-05-25 11:48:47', NULL),
(1123, 22, 1984, 1997, '60061', 'Compensador delantero Nitrocharger Sport', NULL, 11, 2, 2, 100, 100, 200, 200, 180, 0, 0, 0, '2022-05-25 11:48:47', '2022-05-25 11:48:47', NULL),
(1124, 22, 1984, 1997, 'OMESB5', 'Bushings delanteros', NULL, 11, 4, 2, 50, 50, 100, 100, 90, 0, 0, 0, '2022-05-25 11:48:47', '2022-05-25 11:48:47', NULL),
(1125, 22, 1984, 1997, 'OMEU52', 'Gasa delantera', NULL, 11, 2, 1, 50, 50, 100, 100, 90, 0, 0, 0, '2022-05-25 11:48:47', '2022-05-25 11:48:47', NULL),
(1126, 22, 1984, 1997, 'OMEU53', 'Gasas delanteras', NULL, 11, 2, 2, 50, 0, 50, 50, 45, 0, 0, 0, '2022-05-25 11:48:47', '2022-05-25 11:48:47', NULL),
(1127, 22, 1984, 1997, 'OMEU53B', 'Gasa delantera', NULL, 11, 2, 1, 50, 50, 100, 100, 90, 0, 0, 0, '2022-05-25 11:48:47', '2022-05-25 11:48:47', NULL),
(1128, 22, 1984, 1997, 'OMEGS4', 'Balancines engrasables delanteros', NULL, 11, 3, 1, 150, 150, 300, 300, 270, 0, 0, 0, '2022-05-25 11:48:47', '2022-05-25 11:48:47', NULL),
(1129, 22, 1984, 1997, 'OMEGP3', 'Pines engrasables delanteros y traseros', NULL, 11, 3, 2, 100, 100, 200, 200, 180, 0, 0, 0, '2022-05-25 11:48:47', '2022-05-25 11:48:47', NULL),
(1130, 22, 1984, 1997, 'OMESD21', 'Compensador de Dirección Nitrocharger Sport', NULL, 11, 2, 1, 100, 100, 200, 200, 180, 0, 0, 0, '2022-05-25 11:48:47', '2022-05-25 11:48:47', NULL),
(1131, 22, 1984, 1997, 'CS009R', 'Hoja de Resorte trasera', NULL, 11, 2, 2, 100, 100, 200, 200, 180, 0, 0, 0, '2022-05-25 11:48:47', '2022-05-25 11:48:47', NULL),
(1132, 22, 1984, 1997, '60062', 'Compensador trasero Nitrocharger Sport', NULL, 11, 2, 2, 100, 100, 200, 200, 180, 0, 0, 0, '2022-05-25 11:48:47', '2022-05-25 11:48:47', NULL),
(1133, 22, 1984, 1997, '60065', 'Compensador trasero Nitrocharger Sport', NULL, 11, 2, 2, 100, 100, 200, 200, 180, 0, 0, 0, '2022-05-25 11:48:47', '2022-05-25 11:48:47', NULL),
(1134, 22, 1980, 1984, '60032', 'Compensador trasero Nitrocharger Sport', NULL, 11, 2, 2, 100, 100, 200, 200, 180, 0, 0, 0, '2022-05-25 11:48:47', '2022-05-25 11:48:47', NULL),
(1135, 22, 1980, 1984, '60064', 'Compensador trasero Nitrocharger Sport', NULL, 11, 2, 2, 100, 100, 200, 200, 0, 0, 0, 0, '2022-05-25 11:48:47', '2022-05-25 11:48:47', NULL),
(1136, 22, 1984, 1997, 'OMEU53', 'Gasas traseras', NULL, 11, 2, 4, 50, 50, 100, 100, 90, 0, 0, 0, '2022-05-25 11:48:47', '2022-05-25 11:48:47', NULL),
(1137, 22, 1984, 1997, 'OMEB6', 'Bushings traseros', NULL, 11, 4, 2, 25, 25, 50, 50, 45, 0, 0, 0, '2022-05-25 11:48:47', '2022-05-25 11:48:47', NULL),
(1138, 22, 1984, 1997, 'OMEGS3', 'Balancines engrasables traseros', NULL, 11, 3, 1, 100, 100, 200, 200, 180, 0, 0, 0, '2022-05-25 11:48:48', '2022-05-25 11:48:48', NULL),
(1139, 22, 1984, 1997, 'OME-NS-SURF-IFS', 'Suspensión Nitrocharger Sport Hilux pre 1997 IFS 0mm / 50mm', NULL, 11, 4, 1, 1090, 1310, 2180, 2400, 2160, 0, 0, 0, '2022-05-25 11:48:48', '2022-05-25 11:48:48', NULL),
(1140, 22, 1984, 1997, '303003', 'Barras de Torsión', NULL, 11, 3, 1, 200, 200, 400, 400, 360, 0, 0, 0, '2022-05-25 11:48:48', '2022-05-25 11:48:48', NULL),
(1141, 22, 1984, 1997, '60072', 'Compensador delantero Nitrocharger Sport', NULL, 11, 2, 2, 100, 100, 200, 200, 180, 0, 0, 0, '2022-05-25 11:48:48', '2022-05-25 11:48:48', NULL),
(1142, 22, 1984, 1997, 'OMESD33', 'Compensador de Dirección Nitrocharger Sport', NULL, 11, 2, 1, 100, 100, 200, 200, 180, 0, 0, 0, '2022-05-25 11:48:48', '2022-05-25 11:48:48', NULL),
(1143, 22, 1984, 1997, 'CS019R', 'Hoja de Resorte trasera', NULL, 11, 2, 2, 150, 150, 300, 300, 270, 0, 0, 0, '2022-05-25 11:48:48', '2022-05-25 11:48:48', NULL),
(1144, 22, 1984, 1997, '60065', 'Compensador trasero Nitrocharger Sport', NULL, 11, 2, 2, 100, 100, 200, 200, 180, 0, 0, 0, '2022-05-25 11:48:48', '2022-05-25 11:48:48', NULL),
(1145, 22, 1984, 1997, 'OMESB43', 'Bushings traseros', NULL, 11, 4, 2, 50, 50, 100, 100, 90, 0, 0, 0, '2022-05-25 11:48:48', '2022-05-25 11:48:48', NULL),
(1146, 22, 1984, 1997, 'OMEU53/B', 'Gasas traseras', NULL, 11, 2, 4, 25, 25, 50, 50, 45, 0, 0, 0, '2022-05-25 11:48:48', '2022-05-25 11:48:48', NULL),
(1147, 22, 1984, 1997, 'OMEGS7', 'Balancines engrasables traseros', NULL, 11, 3, 1, 100, 100, 200, 200, 180, 0, 0, 0, '2022-05-25 11:48:48', '2022-05-25 11:48:48', NULL),
(1148, 22, 1984, 1997, 'SS130R', 'Snorkel gasolina 3.0L V6', NULL, 12, 2, 1, 250, 450, 500, 700, 630, 0, 0, 0, '2022-05-25 11:48:48', '2022-05-25 11:48:48', NULL),
(1149, 22, 1984, 1997, 'SS65R', 'Snorkel gasolina 2.0 & 2.2L', NULL, 12, 2, 1, 250, 450, 500, 700, 630, 0, 0, 0, '2022-05-25 11:48:48', '2022-05-25 11:48:48', NULL),
(1150, 22, 1984, 1997, 'SS105HF', 'Snorkel gasolina 2.4L', NULL, 12, 2, 1, 300, 400, 600, 700, 630, 0, 0, 0, '2022-05-25 11:48:48', '2022-05-25 11:48:48', NULL),
(1151, 22, 1984, 1997, 'SS106HF', 'Snorkel diesel 2.8L', NULL, 12, 2, 1, 300, 450, 600, 750, 675, 0, 0, 0, '2022-05-25 11:48:48', '2022-05-25 11:48:48', NULL),
(1152, 22, 1984, 1997, '4414060', 'Side Rails & Steps', NULL, 13, 3, 1, 550, 650, 1100, 1200, 1080, 0, 0, 0, '2022-05-25 11:48:48', '2022-05-25 11:48:48', NULL),
(1153, 22, 1984, 1988, '3800060', 'Canasta acero 1100x110mm DC 1984-1988', NULL, 16, 2, 1, 400, 900, 800, 1300, 1170, 0, 0, 0, '2022-05-25 11:48:48', '2022-05-25 11:48:48', NULL),
(1154, 22, 1984, 1997, '3700060', 'Fit kit 1100x1100mm', NULL, 16, 2, 1, 200, 200, 400, 400, 360, 0, 0, 0, '2022-05-25 11:48:48', '2022-05-25 11:48:48', NULL),
(1155, 22, 1984, 1997, 'RD132', 'Bloqueo de diferencial trasero', NULL, 19, 2, 1, 700, 1500, 1400, 2200, 1980, 0, 0, 0, '2022-05-25 11:48:48', '2022-05-25 11:48:48', NULL),
(1156, 22, 1984, 1997, 'RD90', 'Bloqueo de diferencial delantero', NULL, 19, 2, 1, 700, 1200, 1400, 1900, 1710, 0, 0, 0, '2022-05-25 11:48:48', '2022-05-25 11:48:48', NULL),
(1157, 23, 2014, 2022, '3421560K', 'Bumper delantero 2014 a 2019 (texturizado)', NULL, 2, 2, 1, 1300, 1300, 2600, 2600, 2340, 0, 0, 0, '2022-05-25 11:48:48', '2022-05-25 11:48:48', NULL),
(1158, 23, 2010, 2013, '3421520', 'Bumper delantero 2010 a 2013', NULL, 2, 2, 1, 950, 1150, 1900, 2100, 1890, 0, 0, 0, '2022-05-25 11:48:48', '2022-05-25 11:48:48', NULL),
(1159, 24, 2006, 2009, '3421540', 'Bumper delantero 2006 a 2009', NULL, 2, 2, 1, 1100, 1200, 2200, 2300, 2070, 0, 0, 0, '2022-05-25 11:48:48', '2022-05-25 11:48:48', NULL),
(1160, 24, 2003, 2006, '3421530', 'Bumper delantero 2003 a 2006', NULL, 2, 2, 1, 1050, 1150, 2100, 2200, 1980, 0, 0, 0, '2022-05-25 11:48:48', '2022-05-25 11:48:48', NULL),
(1161, 25, 1989, 1997, '3414060', 'Bumper delantero 1989 a 1997', NULL, 2, 2, 1, 1150, 1250, 2300, 2400, 2160, 0, 0, 0, '2022-05-25 11:48:48', '2022-05-25 11:48:48', NULL),
(1162, 25, 1984, 1996, '3414090', 'Bumper delantero 1984 a 1996', NULL, 2, 2, 1, 750, 850, 1500, 1600, 1440, 0, 0, 0, '2022-05-25 11:48:48', '2022-06-03 17:15:13', NULL);
INSERT INTO `partes` (`id_parte`, `id_modelo`, `anio_i`, `anio_f`, `num_parte`, `nombre`, `descripcion`, `id_articulo_categoria`, `id_unidad_medida`, `cantidad_unidad`, `precio_costo`, `margen`, `precio_sugerido`, `precio_establecido`, `precio_distibuidor`, `stock_min`, `stock_max`, `stock_actual`, `created_at`, `updated_at`, `deleted_at`) VALUES
(1163, 23, 2014, 2022, '3500590', 'Halógenos neblineros summit', NULL, 6, 3, 1, 100, 150, 200, 250, 225, 0, 0, 0, '2022-05-25 11:48:48', '2022-05-25 11:48:48', NULL),
(1164, 23, 2014, 2022, '3500910', 'Halógenos neblineros summit LED', NULL, 6, 3, 1, 100, 150, 200, 250, 225, 0, 0, 0, '2022-05-25 11:48:48', '2022-05-25 11:48:48', NULL),
(1165, 24, 2003, 2013, '6821201', 'Halógenos neblineros deluxe', NULL, 6, 3, 1, 100, 150, 200, 250, 225, 0, 0, 0, '2022-05-25 11:48:48', '2022-05-25 11:48:48', NULL),
(1166, 24, 2003, 2013, '3500890', 'Halógenos neblineros deluxe led', NULL, 6, 3, 1, 100, 150, 200, 250, 225, 0, 0, 0, '2022-05-25 11:48:48', '2022-05-25 11:48:48', NULL),
(1167, 23, 2010, 2022, 'OME-NS-4RUNNER-5', 'Suspensión Nitrocharger Sport 50mm / 50mm', NULL, 11, 4, 1, 800, 850, 1600, 1650, 1485, 0, 0, 0, '2022-05-25 11:48:48', '2022-05-25 11:48:48', NULL),
(1168, 23, 2010, 2022, '2883', 'Resortes delanteros Nitrocharger Sport no bumper', NULL, 11, 3, 1, 150, 150, 300, 300, 270, 0, 0, 0, '2022-05-25 11:48:48', '2022-05-25 11:48:48', NULL),
(1169, 23, 2010, 2022, '2884', 'Resortes delanteros Nitrocharger Sport para bumper', NULL, 11, 3, 1, 150, 150, 300, 300, 270, 0, 0, 0, '2022-05-25 11:48:48', '2022-05-25 11:48:48', NULL),
(1170, 23, 2010, 2022, '2885', 'Resortes delanteros Nitrocharger Sport para bumper y winch', NULL, 11, 3, 1, 150, 150, 300, 300, 270, 0, 0, 0, '2022-05-25 11:48:48', '2022-05-25 11:48:48', NULL),
(1171, 23, 2010, 2022, '90010', 'Compensador delantero Nitrocharger Sport', NULL, 11, 2, 2, 75, 225, 300, 300, 270, 0, 0, 0, '2022-05-25 11:48:48', '2022-05-25 11:48:48', NULL),
(1172, 23, 2010, 2022, '2895', 'Resortes traseros Nitrocharger Sport', NULL, 11, 3, 1, 150, 150, 300, 300, 270, 0, 0, 0, '2022-05-25 11:48:48', '2022-05-25 11:48:48', NULL),
(1173, 23, 2010, 2022, '60080', 'Compensador trasero Nitrocharger Sport', NULL, 11, 2, 2, 100, 100, 200, 200, 180, 0, 0, 0, '2022-05-25 11:48:48', '2022-05-25 11:48:48', NULL),
(1174, 23, 2010, 2022, 'OME-BP-4RUNNER-5', 'Suspensión BP-51 50mm / 50mm', NULL, 11, 4, 1, 2300, 1700, 4600, 4000, 3600, 0, 0, 0, '2022-05-25 11:48:48', '2022-05-25 11:48:48', NULL),
(1175, 23, 2010, 2022, 'BP5190002L', 'Coilover BP51 izquierdo', NULL, 11, 2, 1, 600, 600, 1200, 1200, 1080, 0, 0, 0, '2022-05-25 11:48:48', '2022-05-25 11:48:48', NULL),
(1176, 23, 2010, 2022, 'BP5190002R', 'Coilover BP51 derecho', NULL, 11, 2, 1, 600, 600, 1200, 1200, 1080, 0, 0, 0, '2022-05-25 11:48:48', '2022-05-25 11:48:48', NULL),
(1177, 23, 2010, 2022, 'VM80010028', 'Fit kit reservorio', NULL, 11, 2, 1, 100, 100, 200, 200, 180, 0, 0, 0, '2022-05-25 11:48:49', '2022-05-25 11:48:49', NULL),
(1178, 23, 2010, 2022, '2895', 'Resortes traseros Nitrocharger Sport', NULL, 11, 3, 1, 150, 150, 300, 300, 270, 0, 0, 0, '2022-05-25 11:48:49', '2022-05-25 11:48:49', NULL),
(1179, 23, 2010, 2022, 'BP5160025', 'Compensador trasero BP51', NULL, 11, 2, 2, 400, 400, 800, 800, 720, 0, 0, 0, '2022-05-25 11:48:49', '2022-05-25 11:48:49', NULL),
(1180, 23, 2010, 2022, 'VM80010010', 'Fit kit reservorio', NULL, 11, 2, 1, 50, 50, 100, 100, 90, 0, 0, 0, '2022-05-25 11:48:49', '2022-05-25 11:48:49', NULL),
(1181, 23, 2010, 2022, 'BP5190004L', 'Coilover BP51 izquierdo con KDSS', NULL, 11, 2, 1, 600, 600, 1200, 1200, 1080, 0, 0, 0, '2022-05-25 11:48:49', '2022-05-25 11:48:49', NULL),
(1182, 23, 2010, 2022, 'BP5190004R', 'Coilover BP51 derecho con KDSS', NULL, 11, 2, 1, 600, 600, 1200, 1200, 1080, 0, 0, 0, '2022-05-25 11:48:49', '2022-05-25 11:48:49', NULL),
(1183, 23, 2010, 2022, 'VM80010009', 'fit kit reservorio KDSS', NULL, 11, 2, 1, 100, 50, 150, 150, 135, 0, 0, 0, '2022-05-25 11:48:49', '2022-05-25 11:48:49', NULL),
(1184, 24, 2003, 2010, 'OME-NS-4RUNNER-4', 'Suspensión Nitrocharger Sport 25-50mm / 50mm', NULL, 11, 4, 1, 800, 850, 1600, 1650, 1485, 0, 0, 0, '2022-05-25 11:48:49', '2022-05-25 11:48:49', NULL),
(1185, 24, 2003, 2010, '2884', 'Resortes delanteros Nitrocharger Sport no bumper', NULL, 11, 3, 1, 150, 150, 300, 300, 270, 0, 0, 0, '2022-05-25 11:48:49', '2022-05-25 11:48:49', NULL),
(1186, 24, 2003, 2010, '2885', 'Resortes delanteros Nitrocharger Sport para bumper', NULL, 11, 3, 1, 150, 150, 300, 300, 270, 0, 0, 0, '2022-05-25 11:48:49', '2022-05-25 11:48:49', NULL),
(1187, 24, 2003, 2010, '9000', 'Compensador delantero Nitrocharger Sport', NULL, 11, 2, 2, 150, 150, 300, 300, 270, 0, 0, 0, '2022-05-25 11:48:49', '2022-05-25 11:48:49', NULL),
(1188, 24, 2003, 2010, '2895', 'Resortes traseros Nitrocharger Sport', NULL, 11, 3, 1, 150, 150, 300, 300, 270, 0, 0, 0, '2022-05-25 11:48:49', '2022-05-25 11:48:49', NULL),
(1189, 24, 2003, 2010, '60004', 'Compensador trasero Nitrocharger Sport', NULL, 11, 2, 2, 100, 100, 200, 200, 180, 0, 0, 0, '2022-05-25 11:48:49', '2022-05-25 11:48:49', NULL),
(1190, 23, 2003, 2022, 'UCA0004', 'Tijeretas', NULL, 11, 3, 1, 400, 400, 800, 800, 720, 0, 0, 0, '2022-05-25 11:48:49', '2022-06-03 17:14:28', NULL),
(1191, 28, 1996, 2002, 'OME-NS-4RUNNER-3', 'Suspensión Nitrocharger Sport (USA) 30mm / 50mm', NULL, 11, 4, 2, 400, 425, 800, 825, 742.5, 0, 0, 0, '2022-05-25 11:48:49', '2022-05-25 11:48:49', NULL),
(1192, 28, 1996, 2002, '2880', 'Resortes delanteros Nitrocharger Sport no bumper', NULL, 11, 3, 1, 150, 150, 300, 300, 270, 0, 0, 0, '2022-05-25 11:48:49', '2022-05-25 11:48:49', NULL),
(1193, 28, 1996, 2002, '2881', 'Resortes delanteros Nitrocharger Sport para bumper', NULL, 11, 3, 1, 150, 150, 300, 300, 270, 0, 0, 0, '2022-05-25 11:48:49', '2022-05-25 11:48:49', NULL),
(1194, 28, 1996, 2002, '90004', 'Compensador delantero Nitrocharger Sport', NULL, 11, 2, 2, 150, 150, 300, 300, 270, 0, 0, 0, '2022-05-25 11:48:49', '2022-05-25 11:48:49', NULL),
(1195, 28, 1996, 2002, '2906', 'Resortes traseros Nitrocharger Sport', NULL, 11, 3, 1, 150, 150, 300, 300, 270, 0, 0, 0, '2022-05-25 11:48:49', '2022-05-25 11:48:49', NULL),
(1196, 28, 1996, 2002, '60027', 'Compensador trasero Nitrocharger Sport', NULL, 11, 2, 2, 100, 100, 200, 200, 180, 0, 0, 0, '2022-05-25 11:48:49', '2022-05-25 11:48:49', NULL),
(1197, 28, 1996, 2002, '60028', 'Compensador trasero Nitrocharger Sport', NULL, 11, 2, 2, 100, 100, 200, 200, 180, 0, 0, 0, '2022-05-25 11:48:49', '2022-05-25 11:48:49', NULL),
(1198, 25, 1990, 1996, 'OME-NS-4RUNNER-2', 'Suspensión Nitrocharger Sport 1990-1996 (USA) 0mm / 40mm', NULL, 11, 4, 1, 825, 825, 1650, 1650, 1485, 0, 0, 0, '2022-05-25 11:48:49', '2022-05-25 11:48:49', NULL),
(1199, 25, 1990, 1996, '303003', 'Barras de Torsión', NULL, 11, 3, 1, 200, 200, 400, 400, 360, 0, 0, 0, '2022-05-25 11:48:49', '2022-05-25 11:48:49', NULL),
(1200, 25, 1990, 1996, '60072', 'Compensador delantero Nitrocharger Sport', NULL, 11, 2, 2, 100, 100, 200, 200, 180, 0, 0, 0, '2022-05-25 11:48:49', '2022-05-25 11:48:49', NULL),
(1201, 25, 1990, 1996, 'OMESD33', 'Compensador de Dirección Nitrocharger Sport', NULL, 11, 2, 1, 100, 100, 200, 200, 180, 0, 0, 0, '2022-05-25 11:48:49', '2022-05-25 11:48:49', NULL),
(1202, 25, 1990, 1996, '2900', 'Resortes traseros Nitrocharger Sport', NULL, 11, 3, 1, 100, 100, 200, 200, 180, 0, 0, 0, '2022-05-25 11:48:49', '2022-05-25 11:48:49', NULL),
(1203, 25, 1990, 1996, '60073', 'Compensador trasero Nitrocharger Sport', NULL, 11, 2, 2, 100, 100, 200, 200, 180, 0, 0, 0, '2022-05-25 11:48:49', '2022-05-25 11:48:49', NULL),
(1204, 29, 1986, 1990, 'OME-NS-4RUNNER-1', 'Suspensión Nitrocharger Sport (USA) 0mm / 50mm', NULL, 11, 4, 1, 1200, 1200, 2400, 2400, 2160, 0, 0, 0, '2022-05-25 11:48:49', '2022-05-25 11:48:49', NULL),
(1205, 29, 1986, 1990, '303003', 'Barras de Torsión', NULL, 11, 3, 1, 200, 200, 400, 400, 360, 0, 0, 0, '2022-05-25 11:48:49', '2022-05-25 11:48:49', NULL),
(1206, 29, 1986, 1990, '60072', 'Compensador delantero Nitrocharger Sport', NULL, 11, 2, 2, 100, 100, 200, 200, 180, 0, 0, 0, '2022-05-25 11:48:49', '2022-05-25 11:48:49', NULL),
(1207, 29, 1986, 1990, 'OMESD33', 'Compensador de Dirección Nitrocharger Sport', NULL, 11, 2, 1, 100, 100, 200, 200, 180, 0, 0, 0, '2022-05-25 11:48:49', '2022-05-25 11:48:49', NULL),
(1208, 29, 1986, 1990, 'CS009R', 'Hoja de Resorte trasera', NULL, 11, 2, 2, 100, 100, 200, 200, 180, 0, 0, 0, '2022-05-25 11:48:49', '2022-05-25 11:48:49', NULL),
(1209, 29, 1986, 1990, '60065', 'Compensador trasero Nitrocharger Sport', NULL, 11, 2, 2, 100, 100, 200, 200, 180, 0, 0, 0, '2022-05-25 11:48:49', '2022-05-25 11:48:49', NULL),
(1210, 29, 1986, 1990, 'OMESB6', 'Bushings traseros', NULL, 11, 4, 2, 25, 25, 50, 50, 45, 0, 0, 0, '2022-05-25 11:48:49', '2022-05-25 11:48:49', NULL),
(1211, 29, 1986, 1990, 'OMEU53/53B', 'Gasas traseras', NULL, 11, 2, 4, 25, 25, 50, 50, 45, 0, 0, 0, '2022-05-25 11:48:49', '2022-05-25 11:48:49', NULL),
(1212, 29, 1986, 1990, 'OMEGS3', 'Balancines engrasables', NULL, 11, 3, 1, 100, 100, 200, 200, 180, 0, 0, 0, '2022-05-25 11:48:49', '2022-05-25 11:48:49', NULL),
(1213, 29, 1986, 1990, 'OMEGP3', 'Pines engrasables', NULL, 11, 3, 1, 100, 100, 200, 200, 180, 0, 0, 0, '2022-05-25 11:48:50', '2022-05-25 11:48:50', NULL),
(1214, 23, 2010, 2022, 'SS450HP', 'Snorkel Armax ', NULL, 12, 2, 1, 400, 450, 800, 850, 765, 0, 0, 0, '2022-05-25 11:48:50', '2022-05-25 11:48:50', NULL),
(1215, 24, 2003, 2009, 'SS440HF', 'Snorkel Gen 4 V8 4.7L ', NULL, 12, 2, 1, 450, 500, 900, 950, 855, 0, 0, 0, '2022-05-25 11:48:50', '2022-05-25 11:48:50', NULL),
(1216, 24, 2003, 2009, 'SS445HF', 'Snorkel Gen 4 V6 4L ', NULL, 12, 2, 1, 450, 500, 900, 950, 855, 0, 0, 0, '2022-05-25 11:48:50', '2022-05-25 11:48:50', NULL),
(1217, 25, 1989, 1994, 'SS130HF', 'Snorkel V6 3.0L ', NULL, 12, 2, 1, 375, 425, 750, 800, 720, 0, 0, 0, '2022-05-25 11:48:50', '2022-05-25 11:48:50', NULL),
(1218, 29, 1983, 1988, 'SS65R', 'Snorkel 2.0/2.2L', NULL, 12, 2, 1, 250, 550, 500, 800, 720, 0, 0, 0, '2022-05-25 11:48:50', '2022-05-25 11:48:50', NULL),
(1219, 23, 2010, 2022, '5421110', 'Planchas (KDSS)', NULL, 14, 4, 1, 400, 450, 800, 850, 765, 0, 0, 0, '2022-05-25 11:48:50', '2022-05-25 11:48:50', NULL),
(1220, 23, 2010, 2022, '5421100', 'Planchas ', NULL, 14, 4, 1, 350, 400, 700, 750, 675, 0, 0, 0, '2022-05-25 11:48:50', '2022-05-25 11:48:50', NULL),
(1221, 23, 2006, 2022, '1770020', 'Base Rack 1545x1285mm con deflector de aire', NULL, 15, 2, 1, 450, 1250, 900, 1700, 1530, 0, 0, 0, '2022-05-25 11:48:50', '2022-06-03 17:14:28', NULL),
(1222, 23, 2006, 2022, '17921030', 'Fit kit Base Rack 1545x1285mm ', NULL, 15, 2, 1, 200, 200, 400, 400, 360, 0, 0, 0, '2022-05-25 11:48:50', '2022-06-03 17:14:28', NULL),
(1223, 23, 2006, 2022, '17921040', 'Deflector de aire Base Rack 1545x1285mm ', NULL, 15, 2, 1, 100, 100, 200, 200, 180, 0, 0, 0, '2022-05-25 11:48:50', '2022-06-03 17:14:28', NULL),
(1224, 23, 2006, 2022, '4913010M', 'Canasta aluminio 1790x1120mm', NULL, 16, 2, 1, 800, 900, 1600, 1700, 1530, 0, 0, 0, '2022-05-25 11:48:50', '2022-06-03 17:14:28', NULL),
(1225, 23, 2006, 2022, '3722020', 'Fit kit 1790x1120mm', NULL, 16, 2, 1, 200, 200, 400, 400, 360, 0, 0, 0, '2022-05-25 11:48:50', '2022-06-03 17:14:28', NULL),
(1226, 23, 2006, 2022, '3813010M', 'Canasta acero 1790x1120mm', NULL, 16, 2, 1, 700, 800, 1400, 1500, 1350, 0, 0, 0, '2022-05-25 11:48:50', '2022-06-03 17:14:28', NULL),
(1227, 23, 2006, 2022, '3722020', 'Fit kit 1790x1120mm', NULL, 16, 2, 1, 200, 200, 400, 400, 360, 0, 0, 0, '2022-05-25 11:48:50', '2022-06-03 17:14:28', NULL),
(1228, 23, 2006, 2022, '3813030', 'Plataforma acero 1790x1120mm', NULL, 17, 2, 1, 350, 850, 700, 1200, 1080, 0, 0, 0, '2022-05-25 11:48:50', '2022-06-03 17:14:28', NULL),
(1229, 23, 2006, 2022, '3722020', 'Fit kit plataforma 1790x1120mm', NULL, 17, 2, 1, 200, 200, 400, 400, 360, 0, 0, 0, '2022-05-25 11:48:50', '2022-06-03 17:14:28', NULL),
(1230, 23, 2006, 2022, '4913020M', 'Plataforma aluminio 1790x1120mm', NULL, 17, 2, 1, 700, 1100, 1400, 1800, 1620, 0, 0, 0, '2022-05-25 11:48:50', '2022-06-03 17:14:28', NULL),
(1231, 23, 2006, 2022, '3722020', 'Fit kit plataforma 1790x1120mm', NULL, 17, 2, 1, 200, 200, 400, 400, 360, 0, 0, 0, '2022-05-25 11:48:50', '2022-06-03 17:14:28', NULL),
(1232, 30, 1984, 2010, 'RD132', 'Bloqueo de diferencial trasero 1984-10', NULL, 19, 2, 1, 700, 1500, 1400, 2200, 1980, 0, 0, 0, '2022-05-25 11:48:50', '2022-05-25 11:48:50', NULL),
(1233, 23, 2010, 2022, 'RD193', 'Bloqueo de diferencial trasero 2010 on', NULL, 19, 2, 1, 700, 1500, 1400, 2200, 1980, 0, 0, 0, '2022-05-25 11:48:50', '2022-05-25 11:48:50', NULL),
(1234, 29, 1984, 1997, 'RD132', 'Bloqueo de diferencial delantero live axle', NULL, 19, 2, 1, 700, 1200, 1400, 1900, 1710, 0, 0, 0, '2022-05-25 11:48:50', '2022-05-25 11:48:50', NULL),
(1235, 25, 1984, 2003, 'RD90', 'Bloqueo de diferencial delantero IFS to 2003', NULL, 19, 2, 1, 700, 1200, 1400, 1900, 1710, 0, 0, 0, '2022-05-25 11:48:50', '2022-06-03 17:15:58', NULL),
(1236, 23, 2003, 2022, 'RD111', 'Bloqueo de diferencial delantero IFS 2003 on 3.91 & UP', NULL, 19, 2, 1, 700, 1200, 1400, 1900, 1710, 0, 0, 0, '2022-05-25 11:48:50', '2022-06-03 17:14:28', NULL),
(1237, 23, 2003, 2022, 'RD121', 'Bloqueo de diferencial delantero IFS 2003 on 3.73 & DN', NULL, 19, 2, 1, 700, 1200, 1400, 1900, 1710, 0, 0, 0, '2022-05-25 11:48:50', '2022-06-03 17:14:28', NULL),
(1238, 32, 2017, 2021, '3415020K', 'Bumper delantero Summit', NULL, 2, 2, 1, 1700, 900, 3400, 2600, 2340, 0, 0, 0, '2022-05-25 11:48:50', '2022-05-25 11:48:50', NULL),
(1239, 33, 2014, 2017, '3415020', 'Bumper delantero Summit', NULL, 2, 2, 1, 1550, 1050, 3100, 2600, 2340, 0, 0, 0, '2022-05-25 11:48:50', '2022-05-25 11:48:50', NULL),
(1240, 34, 2007, 2013, '3415010', 'Bumper delantero Deluxe ', 'Compatible con el Sequoia', 2, 2, 1, 1400, 1200, 2800, 2600, 2340, 0, 0, 0, '2022-05-25 11:48:50', '2022-05-25 11:48:50', NULL),
(1241, 34, 2007, 2013, '3915030', 'Bumper delantero Sahara con tubo 2007-2013 (Sequoia)', 'Compatible con el Sequoia', 2, 2, 1, 1200, 1600, 2400, 2800, 2520, 0, 0, 0, '2022-05-25 11:48:50', '2022-05-25 11:48:50', NULL),
(1242, 34, 2007, 2013, '5100140', 'Buffer kit para bumper Sahara con tubo', 'Compatible con el Sequoia', 2, 2, 1, 100, 100, 200, 200, 180, 0, 0, 0, '2022-05-25 11:48:50', '2022-05-25 11:48:50', NULL),
(1243, 34, 2007, 2013, '5115030', 'Tubo cromado central para Bumper Sahara', 'Compatible con el Sequoia', 2, 2, 1, 300, 250, 600, 550, 495, 0, 0, 0, '2022-05-25 11:48:50', '2022-05-25 11:48:50', NULL),
(1244, 34, 2007, 2013, '3915030', 'Bumper delantero Sahara sin tubo 2007-2013 (Sequoia)', 'Compatible con el Sequoia', 2, 2, 1, 1200, 1400, 2400, 2600, 2340, 0, 0, 0, '2022-05-25 11:48:50', '2022-05-25 11:48:50', NULL),
(1245, 34, 2007, 2013, '5100150', 'Buffer kit para bumper Sahara sin tubo', 'Compatible con el Sequoia', 28, 2, 1, 100, 100, 200, 200, 180, 0, 0, 0, '2022-05-25 11:48:50', '2022-05-25 11:48:50', NULL),
(1246, 35, 1999, 2005, '3915060', 'Bumper delantero Sahara con tubo ', NULL, 2, 2, 1, 1200, 1200, 2400, 2400, 2160, 0, 0, 0, '2022-05-25 11:48:50', '2022-05-25 11:48:50', NULL),
(1247, 33, 2014, 2021, '3500590', 'Halógenos neblineros summit', NULL, 6, 3, 1, 100, 150, 200, 250, 225, 0, 0, 0, '2022-05-25 11:48:50', '2022-05-25 11:48:50', NULL),
(1248, 33, 2014, 2021, '3500910', 'Halógenos neblineros summit LED', NULL, 6, 3, 1, 100, 150, 200, 250, 225, 0, 0, 0, '2022-05-25 11:48:50', '2022-05-25 11:48:50', NULL),
(1249, 32, 2007, 2014, '6821201', 'Halógenos neblineros deluxe', NULL, 6, 3, 1, 100, 150, 200, 250, 225, 0, 0, 0, '2022-05-25 11:48:50', '2022-06-03 17:15:36', NULL),
(1250, 32, 2007, 2014, '3500890', 'Halógenos neblineros deluxe LED', NULL, 6, 3, 1, 100, 150, 200, 250, 225, 0, 0, 0, '2022-05-25 11:48:50', '2022-06-03 17:15:36', NULL),
(1251, 32, 2007, 2021, 'OME-NS-TUNDRA', 'Suspensión Nitrocharger Sport 60mm / 60mm', NULL, 11, 4, 1, 1425, 1075, 2850, 2500, 2250, 0, 0, 0, '2022-05-25 11:48:51', '2022-06-03 17:15:36', NULL),
(1252, 32, 2007, 2021, '2612', 'Resortes delantero Nitrocharger Sport no bumper', NULL, 11, 2, 1, 150, 150, 300, 300, 270, 0, 0, 0, '2022-05-25 11:48:51', '2022-06-03 17:15:36', NULL),
(1253, 32, 2007, 2021, '2614', 'Resortes delantero Nitrocharger Sport para bumper', NULL, 11, 2, 1, 150, 150, 300, 300, 270, 0, 0, 0, '2022-05-25 11:48:51', '2022-06-03 17:15:36', NULL),
(1254, 32, 2007, 2021, '2613', 'Resortes delantero Nitrocharger Sport para bumper y winch', NULL, 11, 2, 1, 150, 150, 300, 300, 270, 0, 0, 0, '2022-05-25 11:48:51', '2022-06-03 17:15:36', NULL),
(1255, 32, 2007, 2021, '90018', 'Compensador delantero Nitrochager sport', NULL, 11, 2, 2, 150, 150, 300, 300, 270, 0, 0, 0, '2022-05-25 11:48:51', '2022-06-03 17:15:36', NULL),
(1256, 32, 2007, 2021, 'CS055R', 'Hoja de Resorte Nitrocharger Sport', NULL, 11, 2, 2, 250, 250, 500, 500, 450, 0, 0, 0, '2022-05-25 11:48:51', '2022-06-03 17:15:36', NULL),
(1257, 32, 2007, 2021, '60100', 'Compensador trasero Nitrochager sport', NULL, 11, 2, 2, 100, 100, 200, 200, 180, 0, 0, 0, '2022-05-25 11:48:51', '2022-06-03 17:15:36', NULL),
(1258, 32, 2007, 2021, 'OMEU53B', 'Gasas traseras', NULL, 11, 2, 4, 50, 0, 50, 50, 45, 0, 0, 0, '2022-05-25 11:48:51', '2022-06-03 17:15:36', NULL),
(1259, 32, 2007, 2021, 'FK32', 'Fitting kit linea de frenos', NULL, 11, 2, 1, 10, 10, 20, 20, 18, 0, 0, 0, '2022-05-25 11:48:51', '2022-06-03 17:15:36', NULL),
(1260, 32, 2007, 2021, 'OMEGS22', 'Balancines engrasables', NULL, 11, 3, 1, 150, 150, 300, 300, 270, 0, 0, 0, '2022-05-25 11:48:51', '2022-06-03 17:15:36', NULL),
(1261, 32, 2007, 2021, 'OME-BP-TUNDRA', 'Suspensión BP51 60mm / 60mm', NULL, 11, 4, 1, 2900, 1700, 5800, 4600, 4140, 0, 0, 0, '2022-05-25 11:48:51', '2022-06-03 17:15:36', NULL),
(1262, 32, 2007, 2021, 'BP5190010L', 'Coilover BP51 izquierdo', NULL, 11, 2, 1, 600, 4000, 1200, 4600, 4140, 0, 0, 0, '2022-05-25 11:48:51', '2022-06-03 17:15:36', NULL),
(1263, 32, 2007, 2021, 'BP5190010R', 'Coilover BP51 derecho', NULL, 11, 2, 1, 600, 600, 1200, 1200, 1080, 0, 0, 0, '2022-05-25 11:48:51', '2022-06-03 17:15:36', NULL),
(1264, 32, 2007, 2021, 'VM80010034', 'Fit kit reservorio', NULL, 11, 2, 1, 50, 50, 100, 100, 90, 0, 0, 0, '2022-05-25 11:48:51', '2022-06-03 17:15:36', NULL),
(1265, 32, 2007, 2021, 'CS055R', 'Hoja de Resorte Nitrocharger Sport', NULL, 11, 2, 2, 250, 250, 500, 500, 450, 0, 0, 0, '2022-05-25 11:48:51', '2022-06-03 17:15:36', NULL),
(1266, 32, 2007, 2021, 'BP5160020L', 'Compensador BP51 trasero izquierdo', NULL, 11, 2, 1, 400, 400, 800, 800, 720, 0, 0, 0, '2022-05-25 11:48:51', '2022-06-03 17:15:36', NULL),
(1267, 32, 2007, 2021, 'BP5160020R', 'Compensador BP51 trasero derecho', NULL, 11, 2, 1, 400, 400, 800, 800, 720, 0, 0, 0, '2022-05-25 11:48:51', '2022-06-03 17:15:36', NULL),
(1268, 32, 2007, 2021, 'VM80010035', 'Fit kit reservorio', NULL, 11, 2, 1, 100, 100, 200, 200, 180, 0, 0, 0, '2022-05-25 11:48:51', '2022-06-03 17:15:36', NULL),
(1269, 32, 2007, 2021, 'OMEU53B', 'Gasas traseras', NULL, 11, 2, 4, 50, 0, 50, 50, 45, 0, 0, 0, '2022-05-25 11:48:51', '2022-06-03 17:15:36', NULL),
(1270, 32, 2007, 2021, 'FK32', 'Fitting kit linea de frenos', NULL, 11, 2, 1, 10, 10, 20, 20, 18, 0, 0, 0, '2022-05-25 11:48:51', '2022-06-03 17:15:36', NULL),
(1271, 32, 2007, 2021, 'OMEGS22', 'Balancines engrasables', NULL, 11, 3, 1, 150, 150, 300, 300, 270, 0, 0, 0, '2022-05-25 11:48:51', '2022-06-03 17:15:36', NULL),
(1272, 33, 2014, 2021, 'SS56HF', 'Snorkel', NULL, 12, 2, 1, 450, 500, 900, 950, 855, 0, 0, 0, '2022-05-25 11:48:51', '2022-05-25 11:48:51', NULL),
(1273, 35, 1999, 2006, 'RD151', 'Bloqueo de diferencial trasero ', NULL, 19, 2, 1, 700, 1600, 1400, 2300, 2070, 0, 0, 0, '2022-05-25 11:48:51', '2022-05-25 11:48:51', NULL),
(1274, 32, 2007, 2021, 'RD90', 'Bloqueo de diferencial trasero ', NULL, 19, 2, 1, 700, 1600, 1400, 2300, 2070, 0, 0, 0, '2022-05-25 11:48:51', '2022-06-03 17:15:37', NULL),
(1275, 35, 1999, 2006, 'RD129', 'Bloqueo de diferencial delantero ', NULL, 19, 2, 1, 700, 1300, 1400, 2000, 1800, 0, 0, 0, '2022-05-25 11:48:51', '2022-05-25 11:48:51', NULL),
(1276, 32, 2007, 2021, 'RD146', 'Bloqueo de diferencial delantero ', NULL, 19, 2, 1, 800, 1200, 1600, 2000, 1800, 0, 0, 0, '2022-05-25 11:48:51', '2022-06-03 17:15:37', NULL),
(1277, 37, 2016, 2022, '3423160', 'Bumper delantero Summit', NULL, 2, 2, 1, 1200, 1400, 2400, 2600, 2340, 0, 0, 0, '2022-05-25 11:48:51', '2022-05-25 11:48:51', NULL),
(1278, 37, 2016, 2022, '3500590', 'Halógenos neblineros', NULL, 6, 3, 1, 100, 150, 200, 250, 225, 0, 0, 0, '2022-05-25 11:48:51', '2022-05-25 11:48:51', NULL),
(1279, 37, 2016, 2022, '3500910', 'Halógenos neblineros LED', NULL, 6, 3, 1, 100, 150, 200, 250, 225, 0, 0, 0, '2022-05-25 11:48:51', '2022-05-25 11:48:51', NULL),
(1280, 37, 2016, 2022, '3623040', 'Bumper trasero Summit', NULL, 7, 2, 1, 1200, 1200, 2400, 2400, 2160, 0, 0, 0, '2022-05-25 11:48:51', '2022-05-25 11:48:51', NULL),
(1281, 37, 2016, 2022, 'OME-NS-TACO16', 'Suspensión Nitrocharger Sport 50mm / 50mm', NULL, 11, 4, 1, 1200, 1200, 2400, 2400, 2160, 0, 0, 0, '2022-05-25 11:48:51', '2022-05-25 11:48:51', NULL),
(1282, 37, 2016, 2022, '2887', 'Resortes delanteros Nitrocharger Sport no bumper', NULL, 11, 2, 1, 150, 150, 300, 300, 270, 0, 0, 0, '2022-05-25 11:48:51', '2022-05-25 11:48:51', NULL),
(1283, 37, 2016, 2022, '2888', 'Resortes delanteros Nitrocharger Sport para bumper', NULL, 11, 2, 1, 150, 150, 300, 300, 270, 0, 0, 0, '2022-05-25 11:48:51', '2022-05-25 11:48:51', NULL),
(1284, 37, 2016, 2022, '2886', 'Resortes delanteros Nitrocharger Sport para bumper y winch', NULL, 11, 2, 1, 150, 150, 300, 300, 270, 0, 0, 0, '2022-05-25 11:48:51', '2022-05-25 11:48:51', NULL),
(1285, 37, 2016, 2022, '90021', 'Compensador delantero Nitrocharger Sport', NULL, 11, 2, 2, 150, 150, 300, 300, 270, 0, 0, 0, '2022-05-25 11:48:51', '2022-05-25 11:48:51', NULL),
(1286, 37, 2016, 2022, '90000', 'Compensador delantero Nitrocharger Sport', NULL, 11, 2, 2, 150, 150, 300, 300, 270, 0, 0, 0, '2022-05-25 11:48:51', '2022-05-25 11:48:51', NULL),
(1287, 37, 2016, 2022, 'EL111R', 'Hoja de Resorte Nitrocharger Sport', NULL, 11, 2, 2, 200, 200, 400, 400, 360, 0, 0, 0, '2022-05-25 11:48:51', '2022-05-25 11:48:51', NULL),
(1288, 37, 2016, 2022, '60091', 'Compensador trasero Nitrocharger Sport', NULL, 11, 2, 2, 100, 100, 200, 200, 180, 0, 0, 0, '2022-05-25 11:48:52', '2022-05-25 11:48:52', NULL),
(1289, 37, 2016, 2022, 'OMEU53B', 'Gasas', NULL, 11, 2, 4, 50, 0, 50, 50, 45, 0, 0, 0, '2022-05-25 11:48:52', '2022-05-25 11:48:52', NULL),
(1290, 37, 2016, 2022, 'OMESB108', 'Bushings', NULL, 11, 4, 2, 50, 0, 50, 50, 45, 0, 0, 0, '2022-05-25 11:48:52', '2022-05-25 11:48:52', NULL),
(1291, 37, 2016, 2022, 'OME-BP-TACO16', 'Suspensión BP-51 50mm / 50mm', NULL, 11, 4, 1, 2685, 1715, 5370, 4400, 3960, 0, 0, 0, '2022-05-25 11:48:52', '2022-05-25 11:48:52', NULL),
(1292, 37, 2016, 2022, 'BP5190006L', 'Coilover BP51 izquierdo', NULL, 11, 2, 1, 600, 600, 1200, 1200, 1080, 0, 0, 0, '2022-05-25 11:48:52', '2022-05-25 11:48:52', NULL),
(1293, 37, 2016, 2022, 'BP5190006R', 'Coilover BP51 derecho', NULL, 11, 2, 1, 600, 600, 1200, 1200, 1080, 0, 0, 0, '2022-05-25 11:48:52', '2022-05-25 11:48:52', NULL),
(1294, 37, 2016, 2022, 'VM80010016', 'Fit kit reservorio', NULL, 11, 2, 1, 100, 100, 200, 200, 180, 0, 0, 0, '2022-05-25 11:48:52', '2022-05-25 11:48:52', NULL),
(1295, 37, 2016, 2022, 'EL111R', 'Hoja de Resorte Nitrocharger Sport', NULL, 11, 2, 2, 200, 200, 400, 400, 360, 0, 0, 0, '2022-05-25 11:48:52', '2022-05-25 11:48:52', NULL),
(1296, 37, 2016, 2022, 'OMEU53B', 'Gasas', NULL, 11, 2, 4, 50, 0, 50, 50, 45, 0, 0, 0, '2022-05-25 11:48:52', '2022-05-25 11:48:52', NULL),
(1297, 37, 2016, 2022, 'OMESB108', 'Bushings', NULL, 11, 4, 2, 50, 50, 100, 100, 90, 0, 0, 0, '2022-05-25 11:48:52', '2022-05-25 11:48:52', NULL),
(1298, 37, 2016, 2022, 'BP5160011L', 'Compensador trasero BP51 izquierdo', NULL, 11, 2, 1, 400, 400, 800, 800, 720, 0, 0, 0, '2022-05-25 11:48:52', '2022-05-25 11:48:52', NULL),
(1299, 37, 2016, 2022, 'BP5160011R', 'Compensador trasero BP51 derecho', NULL, 11, 2, 1, 400, 400, 800, 800, 720, 0, 0, 0, '2022-05-25 11:48:52', '2022-05-25 11:48:52', NULL),
(1300, 37, 2016, 2022, 'VM80010017', 'Fit kit reservorio', NULL, 11, 2, 1, 100, 100, 200, 200, 180, 0, 0, 0, '2022-05-25 11:48:52', '2022-05-25 11:48:52', NULL),
(1301, 37, 2016, 2022, 'UCA0005', 'Tijeretas', NULL, 11, 3, 2, 200, 225, 400, 425, 382.5, 0, 0, 0, '2022-05-25 11:48:52', '2022-05-25 11:48:52', NULL),
(1302, 37, 2016, 2022, 'SS172HP', 'Snorkel Armax', NULL, 12, 2, 1, 400, 450, 800, 850, 765, 0, 0, 0, '2022-05-25 11:48:52', '2022-05-25 11:48:52', NULL),
(1303, 37, 2016, 2022, '4423010', 'Side Rails & Steps', NULL, 13, 3, 1, 700, 1400, 1400, 2100, 1890, 0, 0, 0, '2022-05-25 11:48:52', '2022-05-25 11:48:52', NULL),
(1304, 37, 2016, 2022, '4423020', 'Side Rails  ', NULL, 13, 3, 1, 400, 400, 800, 800, 720, 0, 0, 0, '2022-05-25 11:48:52', '2022-05-25 11:48:52', NULL),
(1305, 37, 2016, 2022, '4423010', 'Steps', NULL, 13, 3, 1, 700, 1400, 1400, 2100, 1890, 0, 0, 0, '2022-05-25 11:48:52', '2022-05-25 11:48:52', NULL),
(1306, 37, 2016, 2022, '4423030', 'Codos Steps', NULL, 13, 3, 1, 200, 200, 400, 400, 360, 0, 0, 0, '2022-05-25 11:48:52', '2022-05-25 11:48:52', NULL),
(1307, 37, 2016, 2022, '5423010', 'Planchas', NULL, 14, 4, 1, 700, 800, 1400, 1500, 1350, 0, 0, 0, '2022-05-25 11:48:52', '2022-05-25 11:48:52', NULL),
(1308, 37, 2016, 2022, '3800250', 'Canasta acero 1250x1120mm', NULL, 16, 2, 1, 400, 900, 800, 1300, 1170, 0, 0, 0, '2022-05-25 11:48:52', '2022-05-25 11:48:52', NULL),
(1309, 37, 2016, 2022, '3723010', 'Fit kit canasta 1250x1120mm', NULL, 16, 2, 1, 150, 150, 300, 300, 270, 0, 0, 0, '2022-05-25 11:48:52', '2022-05-25 11:48:52', NULL),
(1310, 37, 2016, 2022, '3800180', 'Plataforma 1250x1120mm', NULL, 17, 2, 1, 300, 800, 600, 1100, 990, 0, 0, 0, '2022-05-25 11:48:52', '2022-05-25 11:48:52', NULL),
(1311, 37, 2016, 2022, '3723010', 'Fit kit plataforma 1250x1120mm', NULL, 16, 2, 1, 150, 150, 300, 300, 270, 0, 0, 0, '2022-05-25 11:48:52', '2022-05-25 11:48:52', NULL),
(1312, 37, 2016, 2022, '2823010', 'Recovery Point', NULL, 18, 2, 1, 200, 250, 400, 450, 405, 0, 0, 0, '2022-05-25 11:48:52', '2022-05-25 11:48:52', NULL),
(1313, 37, 2016, 2022, 'RD129', 'Bloqueo de diferencial trasero', NULL, 19, 2, 1, 700, 1500, 1400, 2200, 1980, 0, 0, 0, '2022-05-25 11:48:52', '2022-05-25 11:48:52', NULL),
(1314, 37, 2016, 2022, 'RD111', 'Bloqueo de diferencial delantero 3.91 & UP', NULL, 19, 2, 1, 700, 1200, 1400, 1900, 1710, 0, 0, 0, '2022-05-25 11:48:52', '2022-05-25 11:48:52', NULL),
(1315, 37, 2016, 2022, 'RD121', 'Bloqueo de diferencial delantero 3.73 & DN', NULL, 19, 2, 1, 700, 1200, 1400, 1900, 1710, 0, 0, 0, '2022-05-25 11:48:52', '2022-05-25 11:48:52', NULL),
(1316, 37, 2016, 2022, 'RD90', 'Bloqueo de diferencial delantero', NULL, 19, 2, 1, 700, 1200, 1400, 1900, 1710, 0, 0, 0, '2022-05-25 11:48:52', '2022-05-25 11:48:52', NULL),
(1317, 37, 2012, 2014, '3423140', 'Bumper delantero Deluxe', NULL, 2, 2, 1, 900, 1200, 1800, 2100, 1890, 0, 0, 0, '2022-05-25 11:48:52', '2022-05-25 11:48:52', NULL),
(1318, 37, 2005, 2011, '3423130', 'Bumper delantero Deluxe ', NULL, 2, 2, 1, 900, 900, 1800, 1800, 1620, 0, 0, 0, '2022-05-25 11:48:52', '2022-05-25 11:48:52', NULL),
(1319, 37, 1995, 2004, '3423020', 'Bumper delantero Deluxe', 'No lleva neblineros', 2, 2, 1, 700, 900, 1400, 1600, 1440, 0, 0, 0, '2022-05-25 11:48:52', '2022-05-25 11:48:52', NULL),
(1320, 37, 2005, 2015, '6821201', 'Halógenos neblineros', NULL, 6, 3, 1, 100, 150, 200, 250, 225, 0, 0, 0, '2022-05-25 11:48:52', '2022-05-25 11:48:52', NULL),
(1321, 37, 2005, 2015, '3500890', 'Halógenos neblineros led', NULL, 6, 3, 1, 100, 150, 200, 250, 225, 0, 0, 0, '2022-05-25 11:48:52', '2022-05-25 11:48:52', NULL),
(1322, 37, 2005, 2015, 'OME-NS-TACO-05-15', 'Suspensión NS 50mm / 50mm', NULL, 11, 4, 1, 1200, 1200, 2400, 2400, 2160, 0, 0, 0, '2022-05-25 11:48:53', '2022-05-25 11:48:53', NULL),
(1323, 37, 2005, 2015, '2885', 'Resortes delanteros Nitrocharger Sport no bumper', NULL, 11, 3, 1, 150, 150, 300, 300, 270, 0, 0, 0, '2022-05-25 11:48:53', '2022-05-25 11:48:53', NULL),
(1324, 37, 2005, 2015, '2886', 'Resortes delanteros Nitrocharger Sport para bumper', NULL, 11, 3, 1, 150, 150, 300, 300, 270, 0, 0, 0, '2022-05-25 11:48:53', '2022-05-25 11:48:53', NULL),
(1325, 37, 2005, 2015, '90000', 'Compensador delantero Nitrocharger Sport', NULL, 11, 2, 2, 150, 150, 300, 300, 270, 0, 0, 0, '2022-05-25 11:48:53', '2022-05-25 11:48:53', NULL),
(1326, 37, 2005, 2015, '90021', 'Compensador delantero Nitrocharger Sport', NULL, 11, 2, 2, 150, 150, 300, 300, 270, 0, 0, 0, '2022-05-25 11:48:53', '2022-05-25 11:48:53', NULL),
(1327, 37, 2005, 2015, 'EL111R', 'Hoja de Resorte trasera', NULL, 11, 2, 2, 200, 200, 400, 400, 360, 0, 0, 0, '2022-05-25 11:48:53', '2022-05-25 11:48:53', NULL),
(1328, 37, 2005, 2015, '60091', 'Compensador trasero Nitrocharger Sport', NULL, 11, 2, 2, 100, 100, 200, 200, 180, 0, 0, 0, '2022-05-25 11:48:53', '2022-05-25 11:48:53', NULL),
(1329, 37, 2005, 2015, 'OMEU53B', 'Gasas', NULL, 11, 2, 4, 50, 50, 100, 100, 90, 0, 0, 0, '2022-05-25 11:48:53', '2022-05-25 11:48:53', NULL),
(1330, 37, 2005, 2015, 'OMESB108', 'Bushings', NULL, 11, 4, 2, 50, 50, 100, 100, 90, 0, 0, 0, '2022-05-25 11:48:53', '2022-05-25 11:48:53', NULL),
(1331, 37, 2005, 2015, 'OME-BP-TACO-05-15', 'Suspensión BP51 50mm / 50mm', NULL, 11, 4, 0, 2685, 1715, 5370, 4400, 3960, 0, 0, 0, '2022-05-25 11:48:53', '2022-05-25 11:48:53', NULL),
(1332, 37, 2005, 2015, 'BP5190006L', 'Coilover BP51 izquierdo', NULL, 11, 2, 1, 600, 600, 1200, 1200, 1080, 0, 0, 0, '2022-05-25 11:48:53', '2022-05-25 11:48:53', NULL),
(1333, 37, 2005, 2015, 'BP5190006R', 'Coilover BP51 derecho', NULL, 11, 2, 1, 600, 600, 1200, 1200, 1080, 0, 0, 0, '2022-05-25 11:48:53', '2022-05-25 11:48:53', NULL),
(1334, 37, 2005, 2015, 'VM80010016', 'Fit kit reservorio', NULL, 11, 2, 1, 100, 100, 200, 200, 180, 0, 0, 0, '2022-05-25 11:48:53', '2022-05-25 11:48:53', NULL),
(1335, 37, 2005, 2015, 'EL111R', 'Hoja de Resorte Nitrocharger Sport', NULL, 11, 2, 2, 200, 200, 400, 400, 360, 0, 0, 0, '2022-05-25 11:48:53', '2022-05-25 11:48:53', NULL),
(1336, 37, 2005, 2015, 'OMEU53B', 'Gasas', NULL, 11, 2, 4, 50, 0, 50, 50, 45, 0, 0, 0, '2022-05-25 11:48:53', '2022-05-25 11:48:53', NULL),
(1337, 37, 2005, 2015, 'OMESB108', 'Bushings', NULL, 11, 4, 2, 50, 50, 100, 100, 90, 0, 0, 0, '2022-05-25 11:48:53', '2022-05-25 11:48:53', NULL),
(1338, 37, 2005, 2015, 'BP5160011L', 'Compensador trasero BP51 izquierdo', NULL, 11, 2, 1, 400, 400, 800, 800, 720, 0, 0, 0, '2022-05-25 11:48:53', '2022-05-25 11:48:53', NULL),
(1339, 37, 2005, 2015, 'BP5160011R', 'Compensador trasero BP51 derecho', NULL, 11, 2, 1, 400, 400, 800, 800, 720, 0, 0, 0, '2022-05-25 11:48:53', '2022-05-25 11:48:53', NULL),
(1340, 37, 2005, 2015, 'VM80010017', 'Fit kit reservorio', NULL, 11, 2, 1, 100, 100, 200, 200, 180, 0, 0, 0, '2022-05-25 11:48:53', '2022-05-25 11:48:53', NULL),
(1341, 37, 2005, 2015, 'UCA0005', 'Tijeretas', NULL, 11, 3, 1, 400, 450, 800, 850, 765, 0, 0, 0, '2022-05-25 11:48:53', '2022-05-25 11:48:53', NULL),
(1342, 37, 1998, 2004, 'OME-NS-TACO-98-04', 'Suspensión Nitrocharger Sport ', NULL, 11, 4, 1, 1245, 1155, 2490, 2400, 2160, 0, 0, 0, '2022-05-25 11:48:53', '2022-05-25 11:48:53', NULL),
(1343, 37, 1998, 2004, '2880', 'Resortes delanteros Nitrocharger Sport no bumper', NULL, 11, 3, 1, 150, 150, 300, 300, 270, 0, 0, 0, '2022-05-25 11:48:53', '2022-05-25 11:48:53', NULL),
(1344, 37, 1998, 2004, '2881', 'Resortes delanteros Nitrocharger Sport para bumper', NULL, 11, 3, 1, 150, 150, 300, 300, 270, 0, 0, 0, '2022-05-25 11:48:53', '2022-05-25 11:48:53', NULL),
(1345, 37, 1998, 2004, '90004', 'Compensador delantero Nitrocharger Sport', NULL, 11, 2, 2, 150, 150, 300, 300, 270, 0, 0, 0, '2022-05-25 11:48:53', '2022-05-25 11:48:53', NULL),
(1346, 37, 1998, 2004, 'EL122RA', 'Hoja de Resorte trasera izquierda', NULL, 11, 2, 1, 200, 200, 400, 400, 360, 0, 0, 0, '2022-05-25 11:48:53', '2022-05-25 11:48:53', NULL),
(1347, 37, 1998, 2004, 'EL122RB', 'Hoja de Resorte trasera derecha', NULL, 11, 2, 1, 200, 200, 400, 400, 360, 0, 0, 0, '2022-05-25 11:48:53', '2022-05-25 11:48:53', NULL),
(1348, 37, 1998, 2004, '60062', 'Compensador trasero Nitrocharger Sport', NULL, 11, 2, 2, 100, 100, 200, 200, 180, 0, 0, 0, '2022-05-25 11:48:53', '2022-05-25 11:48:53', NULL),
(1349, 37, 1998, 2004, '60065', 'Compensador trasero Nitrocharger Sport', NULL, 11, 2, 2, 100, 100, 200, 200, 180, 0, 0, 0, '2022-05-25 11:48:53', '2022-05-25 11:48:53', NULL),
(1350, 37, 1998, 2004, 'OMESB121', 'Bushings', NULL, 11, 4, 2, 20, 20, 40, 40, 36, 0, 0, 0, '2022-05-25 11:48:53', '2022-05-25 11:48:53', NULL),
(1351, 37, 1998, 2004, 'FK21', 'Fitting kit', NULL, 11, 2, 1, 20, 20, 40, 40, 36, 0, 0, 0, '2022-05-25 11:48:53', '2022-05-25 11:48:53', NULL),
(1352, 37, 1998, 2004, 'OMEGS12', 'Balancines engrasables', NULL, 11, 3, 1, 100, 100, 200, 200, 180, 0, 0, 0, '2022-05-25 11:48:53', '2022-05-25 11:48:53', NULL),
(1353, 37, 1998, 2004, 'OMEU53A', 'Gasas', NULL, 11, 2, 4, 10, 0, 10, 10, 9, 0, 0, 0, '2022-05-25 11:48:53', '2022-05-25 11:48:53', NULL),
(1354, 37, 2005, 2014, 'SS171HP', 'Snorkel', NULL, 12, 2, 1, 400, 450, 800, 850, 765, 0, 0, 0, '2022-05-25 11:48:53', '2022-05-25 11:48:53', NULL),
(1355, 37, 1995, 2004, 'SS170HF', 'Snorkel ', NULL, 12, 2, 1, 350, 400, 700, 750, 675, 0, 0, 0, '2022-05-25 11:48:54', '2022-05-25 11:48:54', NULL),
(1356, 37, 1995, 2015, '3800250', 'Canasta acero 1250x1120mm', NULL, 16, 2, 1, 400, 900, 800, 1300, 1170, 0, 0, 0, '2022-05-25 11:48:54', '2022-05-25 11:48:54', NULL),
(1357, 37, 1995, 2015, '3723010', 'Fit kit canata 1250x1120mm', NULL, 16, 2, 1, 150, 150, 300, 300, 270, 0, 0, 0, '2022-05-25 11:48:54', '2022-05-25 11:48:54', NULL),
(1358, 37, 1995, 2015, '3800180', 'Plataforma 1250x1120mm', NULL, 17, 2, 1, 300, 800, 600, 1100, 990, 0, 0, 0, '2022-05-25 11:48:54', '2022-05-25 11:48:54', NULL),
(1359, 37, 1995, 2015, '3723010', 'Fit kit plataforma 1250x1120mm', NULL, 16, 2, 1, 150, 150, 300, 300, 270, 0, 0, 0, '2022-05-25 11:48:54', '2022-05-25 11:48:54', NULL),
(1360, 37, 1995, 2015, 'RD129', 'Bloqueo de diferencial trasero ', NULL, 19, 2, 1, 700, 1500, 1400, 2200, 1980, 0, 0, 0, '2022-05-25 11:48:54', '2022-05-25 11:48:54', NULL),
(1361, 37, 2005, 2015, 'RD111', 'Bloqueo de diferencial delantero 3.91 & UP', NULL, 19, 2, 1, 700, 1200, 1400, 1900, 1710, 0, 0, 0, '2022-05-25 11:48:54', '2022-05-25 11:48:54', NULL),
(1362, 37, 2005, 2015, 'RD121', 'Bloqueo de diferencial delantero 3.73 & DN', NULL, 19, 2, 1, 700, 1200, 1400, 1900, 1710, 0, 0, 0, '2022-05-25 11:48:54', '2022-05-25 11:48:54', NULL),
(1363, 37, 1995, 2004, 'RD90', 'Bloqueo de diferencial delantero ', NULL, 19, 2, 1, 700, 1200, 1400, 1900, 1710, 0, 0, 0, '2022-05-25 11:48:54', '2022-05-25 11:48:54', NULL),
(1364, 38, 2018, 2022, '3421840', 'Bumper delantero Summit', NULL, 2, 2, 1, 1550, 1050, 3100, 2600, 2340, 0, 0, 0, '2022-05-25 11:48:54', '2022-05-25 11:48:54', NULL),
(1365, 38, 2018, 2022, '3500590', 'Halógenos neblineros', NULL, 6, 3, 1, 100, 150, 200, 250, 225, 0, 0, 0, '2022-05-25 11:48:54', '2022-05-25 11:48:54', NULL),
(1366, 38, 2018, 2022, '3500910', 'Halógenos neblineros LED', NULL, 6, 3, 1, 100, 150, 200, 250, 225, 0, 0, 0, '2022-05-25 11:48:54', '2022-05-25 11:48:54', NULL),
(1367, 38, 2018, 2022, '3921840', 'Bumper delantero Sahara con tubo', NULL, 2, 2, 1, 1500, 1300, 3000, 2800, 2520, 0, 0, 0, '2022-05-25 11:48:54', '2022-05-25 11:48:54', NULL),
(1368, 38, 2018, 2022, '5100340', 'Tubo cromado central para Bumper Sahara', NULL, 4, 2, 1, 200, 150, 400, 350, 315, 0, 0, 0, '2022-05-25 11:48:54', '2022-05-25 11:48:54', NULL),
(1369, 38, 2018, 2022, '3921840', 'Bumper delantero Sahara con tubo negro y barra led', NULL, 2, 2, 1, 1500, 1700, 3000, 3200, 2880, 0, 0, 0, '2022-05-25 11:48:54', '2022-05-25 11:48:54', NULL),
(1370, 38, 2018, 2022, '5100420', 'Tubo negro central con barra led para Bumper Sahara', NULL, 27, 2, 1, 400, 310, 800, 710, 639, 0, 0, 0, '2022-05-25 11:48:54', '2022-05-25 11:48:54', NULL),
(1371, 38, 2018, 2022, '3500810', 'Arnés barra led de tubo negro central', NULL, 29, 2, 1, 50, 50, 100, 100, 90, 0, 0, 0, '2022-05-25 11:48:54', '2022-05-25 11:48:54', NULL),
(1372, 38, 2018, 2022, '3921840', 'Bumper delantero Sahara sin tubo', NULL, 2, 2, 1, 1500, 1100, 3000, 2600, 2340, 0, 0, 0, '2022-05-25 11:48:54', '2022-05-25 11:48:54', NULL),
(1373, 38, 2018, 2022, '51002351', 'Buffer kit para Bumper Sahara sin tubo', NULL, 28, 2, 1, 100, 100, 200, 200, 180, 0, 0, 0, '2022-05-25 11:48:54', '2022-05-25 11:48:54', NULL),
(1374, 38, 2018, 2022, 'OME-NS-PRADO18-20MM', 'Suspensión Nitrocharger Sport 20mm / 20mm', NULL, 11, 4, 1, 800, 850, 1600, 1650, 1485, 0, 0, 0, '2022-05-25 11:48:54', '2022-05-25 11:48:54', NULL),
(1375, 38, 2018, 2022, '2869', 'Resortes delanteros Nitrocharger Sport no bumper', NULL, 11, 3, 1, 150, 150, 300, 300, 270, 0, 0, 0, '2022-05-25 11:48:54', '2022-05-25 11:48:54', NULL),
(1376, 38, 2018, 2022, '2884', 'Resortes delanteros Nitrocharger Sport para bumper', NULL, 11, 3, 1, 150, 150, 300, 300, 270, 0, 0, 0, '2022-05-25 11:48:54', '2022-05-25 11:48:54', NULL),
(1377, 38, 2018, 2022, '2885', 'Resortes delanteros Nitrocharger Sport para bumper y winch', NULL, 11, 3, 1, 150, 150, 300, 300, 270, 0, 0, 0, '2022-05-25 11:48:54', '2022-05-25 11:48:54', NULL),
(1378, 38, 2018, 2022, '90010', 'Compensador delantero Nitrocharger Sport', NULL, 11, 2, 2, 150, 150, 300, 300, 270, 0, 0, 0, '2022-05-25 11:48:54', '2022-05-25 11:48:54', NULL),
(1379, 38, 2018, 2022, '2895', 'Resortes traseros Nitrocharger Sport', NULL, 11, 3, 1, 150, 150, 300, 300, 270, 0, 0, 0, '2022-05-25 11:48:54', '2022-05-25 11:48:54', NULL),
(1380, 38, 2018, 2022, '60080', 'Compensador trasero Nitrocharger Sport', NULL, 11, 2, 2, 100, 100, 200, 200, 180, 0, 0, 0, '2022-05-25 11:48:54', '2022-05-25 11:48:54', NULL),
(1381, 38, 2018, 2022, 'OME-NS-PRADO18-40MM', 'Suspensión Nitrocharger Sport 40mm / 40mm', NULL, 11, 4, 1, 800, 850, 1600, 1650, 1485, 0, 0, 0, '2022-05-25 11:48:54', '2022-05-25 11:48:54', NULL),
(1382, 38, 2018, 2022, '2885', 'Resortes delanteros Nitrocharger Sport no bumper', NULL, 11, 3, 1, 150, 150, 300, 300, 270, 0, 0, 0, '2022-05-25 11:48:54', '2022-05-25 11:48:54', NULL),
(1383, 38, 2018, 2022, '2887', 'Resortes delanteros Nitrocharger Sport para bumper', NULL, 11, 3, 1, 150, 150, 300, 300, 270, 0, 0, 0, '2022-05-25 11:48:54', '2022-05-25 11:48:54', NULL),
(1384, 38, 2018, 2022, '2888', 'Resortes delanteros Nitrocharger Sport para bumper y winch', NULL, 11, 3, 1, 150, 150, 300, 300, 270, 0, 0, 0, '2022-05-25 11:48:54', '2022-05-25 11:48:54', NULL),
(1385, 38, 2018, 2022, '90010', 'Compensador delantero Nitrocharger Sport', NULL, 11, 2, 2, 150, 150, 300, 300, 270, 0, 0, 0, '2022-05-25 11:48:54', '2022-05-25 11:48:54', NULL),
(1386, 38, 2018, 2022, '2889', 'Resortes traseros Nitrocharger Sport', NULL, 11, 3, 1, 150, 150, 300, 300, 270, 0, 0, 0, '2022-05-25 11:48:54', '2022-05-25 11:48:54', NULL),
(1387, 38, 2018, 2022, '60080', 'Compensador trasero Nitrocharger Sport', NULL, 11, 2, 2, 100, 100, 200, 200, 180, 0, 0, 0, '2022-05-25 11:48:54', '2022-05-25 11:48:54', NULL),
(1388, 38, 2018, 2022, 'OME-NS-PRADO18-2P-40MM', 'Suspensión Nitrocharger Sport 2 puertas 40mm / 40mm', NULL, 11, 4, 1, 800, 850, 1600, 1650, 1485, 0, 0, 0, '2022-05-25 11:48:54', '2022-05-25 11:48:54', NULL),
(1389, 38, 2018, 2022, '2883', 'Resortes delanteros Nitrocharger Sport no bumper motor gasolina', NULL, 11, 3, 1, 150, 150, 300, 300, 270, 0, 0, 0, '2022-05-25 11:48:55', '2022-05-25 11:48:55', NULL),
(1390, 38, 2018, 2022, '2869', 'Resortes delanteros Nitrocharger Sport para bumper motor gasolina', NULL, 11, 3, 1, 150, 150, 300, 300, 270, 0, 0, 0, '2022-05-25 11:48:55', '2022-05-25 11:48:55', NULL),
(1391, 38, 2018, 2022, '2884', 'Resortes delanteros Nitrocharger Sport para bumper y winch motor gasolina', NULL, 11, 3, 1, 150, 150, 300, 300, 270, 0, 0, 0, '2022-05-25 11:48:55', '2022-05-25 11:48:55', NULL),
(1392, 38, 2018, 2022, '2869', 'Resortes delanteros Nitrocharger Sport no bumper motor diesel', NULL, 11, 3, 1, 150, 150, 300, 300, 270, 0, 0, 0, '2022-05-25 11:48:55', '2022-05-25 11:48:55', NULL),
(1393, 38, 2018, 2022, '2884', 'Resortes delanteros Nitrocharger Sport para bumper motor diesel', NULL, 11, 3, 1, 150, 150, 300, 300, 270, 0, 0, 0, '2022-05-25 11:48:55', '2022-05-25 11:48:55', NULL),
(1394, 38, 2018, 2022, '2885', 'Resortes delanteros Nitrocharger Sport para bumper y winch motor diesel', NULL, 11, 3, 1, 150, 150, 300, 300, 270, 0, 0, 0, '2022-05-25 11:48:55', '2022-05-25 11:48:55', NULL),
(1395, 38, 2018, 2022, '90010', 'Compensador delantero Nitrocharger Sport', NULL, 11, 2, 2, 150, 150, 300, 300, 270, 0, 0, 0, '2022-05-25 11:48:55', '2022-05-25 11:48:55', NULL),
(1396, 38, 2018, 2022, '2895E', 'Resortes traseros Nitrocharger Sport', NULL, 11, 3, 1, 150, 150, 300, 300, 270, 0, 0, 0, '2022-05-25 11:48:55', '2022-05-25 11:48:55', NULL),
(1397, 38, 2018, 2022, '60080', 'Compensador trasero Nitrocharger Sport', NULL, 11, 2, 2, 100, 100, 200, 200, 180, 0, 0, 0, '2022-05-25 11:48:55', '2022-05-25 11:48:55', NULL),
(1398, 38, 2018, 2022, 'OME-BP-PRADO18', 'Suspensión BP-51 20-40mm / 20-40mm', NULL, 11, 4, 1, 2265, 1735, 4530, 4000, 3600, 0, 0, 0, '2022-05-25 11:48:55', '2022-05-25 11:48:55', NULL),
(1399, 38, 2018, 2022, 'bp5190002L', 'Coilover delantero izquierdo', NULL, 11, 2, 1, 700, 700, 1400, 1400, 1260, 0, 0, 0, '2022-05-25 11:48:55', '2022-05-25 11:48:55', NULL),
(1400, 38, 2018, 2022, 'bp5190002R', 'Coilover delantero derecho', NULL, 11, 2, 1, 700, 700, 1400, 1400, 1260, 0, 0, 0, '2022-05-25 11:48:55', '2022-05-25 11:48:55', NULL),
(1401, 38, 2018, 2022, 'VM80010008', 'Fit kit reservorio', NULL, 11, 2, 1, 100, 100, 200, 200, 180, 0, 0, 0, '2022-05-25 11:48:55', '2022-05-25 11:48:55', NULL),
(1402, 38, 2018, 2022, '2895E', 'Resortes traseros Nitrocharger Sport', NULL, 11, 3, 1, 150, 150, 300, 300, 270, 0, 0, 0, '2022-05-25 11:48:55', '2022-05-25 11:48:55', NULL),
(1403, 38, 2018, 2022, 'BP5160025', 'Compensador trasero BP51', NULL, 11, 2, 2, 400, 400, 800, 800, 720, 0, 0, 0, '2022-05-25 11:48:55', '2022-05-25 11:48:55', NULL),
(1404, 38, 2018, 2022, 'VM80010010', 'Fit kit reservorio', NULL, 11, 2, 1, 50, 50, 100, 100, 90, 0, 0, 0, '2022-05-25 11:48:55', '2022-05-25 11:48:55', NULL),
(1405, 38, 2018, 2022, 'BP5190004L', 'Coilover delantero izquierdo KDSS', NULL, 11, 2, 1, 600, 600, 1200, 1200, 1080, 0, 0, 0, '2022-05-25 11:48:55', '2022-05-25 11:48:55', NULL),
(1406, 38, 2018, 2022, 'BP5190002R', 'Coilover delantero derecho KDSS', NULL, 11, 2, 1, 600, 600, 1200, 1200, 1080, 0, 0, 0, '2022-05-25 11:48:55', '2022-05-25 11:48:55', NULL),
(1407, 38, 2018, 2022, 'VM80010009', 'Fit kit reservorio KDSS', NULL, 11, 2, 1, 100, 100, 200, 200, 180, 0, 0, 0, '2022-05-25 11:48:55', '2022-05-25 11:48:55', NULL),
(1408, 38, 2018, 2022, 'UCA0004', 'Tijeretas', NULL, 11, 3, 1, 400, 450, 800, 850, 765, 0, 0, 0, '2022-05-25 11:48:55', '2022-05-25 11:48:55', NULL),
(1409, 38, 2018, 2022, 'SS190HF', 'Snorkel V-Spec', NULL, 12, 2, 1, 400, 450, 800, 850, 765, 0, 0, 0, '2022-05-25 11:48:55', '2022-05-25 11:48:55', NULL),
(1410, 38, 2018, 2022, '4421100', 'Side Rails & Steps', NULL, 13, 3, 1, 600, 1500, 1200, 2100, 1890, 0, 0, 0, '2022-05-25 11:48:55', '2022-05-25 11:48:55', NULL),
(1411, 38, 2018, 2022, '4421130', 'Side Rails  ', NULL, 13, 3, 1, 550, 550, 1100, 1100, 990, 0, 0, 0, '2022-05-25 11:48:55', '2022-05-25 11:48:55', NULL),
(1412, 38, 2018, 2022, '4421100', 'Steps', NULL, 13, 3, 1, 600, 1300, 1200, 1900, 1710, 0, 0, 0, '2022-05-25 11:48:55', '2022-05-25 11:48:55', NULL),
(1413, 38, 2018, 2022, '4421120', 'Codos Steps', NULL, 13, 3, 1, 300, 300, 600, 600, 540, 0, 0, 0, '2022-05-25 11:48:55', '2022-05-25 11:48:55', NULL),
(1414, 38, 2018, 2022, '5421110', 'Planchas w/ kinetic susp', NULL, 14, 4, 1, 400, 450, 800, 850, 765, 0, 0, 0, '2022-05-25 11:48:55', '2022-05-25 11:48:55', NULL),
(1415, 38, 2018, 2022, '5421100', 'Planchas w/o  kinetic susp', NULL, 14, 4, 1, 350, 400, 700, 750, 675, 0, 0, 0, '2022-05-25 11:48:55', '2022-05-25 11:48:55', NULL),
(1416, 38, 2018, 2022, '1770030', 'Base Rack 1835x1285mm con deflector de aire', NULL, 15, 2, 1, 500, 1200, 1000, 1700, 1530, 0, 0, 0, '2022-05-25 11:48:55', '2022-05-25 11:48:55', NULL),
(1417, 38, 2018, 2022, '17921010', 'Fit kit Base Rack 1835x1285mm ', NULL, 15, 2, 1, 200, 200, 400, 400, 360, 0, 0, 0, '2022-05-25 11:48:55', '2022-05-25 11:48:55', NULL),
(1418, 38, 2018, 2022, '17921020', 'Deflector de aire Base Rack 1835x1285mm ', NULL, 15, 2, 1, 100, 100, 200, 200, 180, 0, 0, 0, '2022-05-25 11:48:55', '2022-05-25 11:48:55', NULL),
(1419, 38, 2018, 2022, '1770010', 'Base Rack 1835x1155mm con deflector de aire', NULL, 15, 2, 1, 500, 1200, 1000, 1700, 1530, 0, 0, 0, '2022-05-25 11:48:55', '2022-05-25 11:48:55', NULL),
(1420, 38, 2018, 2022, '17921010', 'Fit kit Base Rack 1835x1155mm', NULL, 15, 2, 1, 200, 200, 400, 400, 360, 0, 0, 0, '2022-05-25 11:48:55', '2022-05-25 11:48:55', NULL),
(1421, 38, 2018, 2022, '17921020', 'Deflector de aire Base Rack 1835x1155mm ', NULL, 15, 2, 1, 100, 100, 200, 200, 180, 0, 0, 0, '2022-05-25 11:48:55', '2022-05-25 11:48:55', NULL),
(1422, 38, 2018, 2022, '4913010M', 'Canasta aluminio 1790x1120mm', NULL, 16, 2, 1, 800, 1100, 1600, 1900, 1710, 0, 0, 0, '2022-05-25 11:48:56', '2022-05-25 11:48:56', NULL),
(1423, 38, 2018, 2022, '3721050', 'Fit kit canasta 1790x1120mm', NULL, 16, 2, 1, 150, 150, 300, 300, 270, 0, 0, 0, '2022-05-25 11:48:56', '2022-05-25 11:48:56', NULL),
(1424, 38, 2018, 2022, '3813010M', 'Canasta acero 1790x1120mm', NULL, 16, 2, 1, 600, 1000, 1200, 1600, 1440, 0, 0, 0, '2022-05-25 11:48:56', '2022-05-25 11:48:56', NULL),
(1425, 38, 2018, 2022, '3721050', 'Fit kit canasta 1790x1120mm', NULL, 16, 2, 1, 150, 150, 300, 300, 270, 0, 0, 0, '2022-05-25 11:48:56', '2022-05-25 11:48:56', NULL),
(1426, 38, 2018, 2022, '3813030', 'Plataforma acero 1790x1120mm', NULL, 17, 2, 1, 350, 750, 700, 1100, 990, 0, 0, 0, '2022-05-25 11:48:56', '2022-05-25 11:48:56', NULL),
(1427, 38, 2018, 2022, '3721050', 'Fit kit plataforma 1790x1120mm', NULL, 17, 2, 1, 150, 150, 300, 300, 270, 0, 0, 0, '2022-05-25 11:48:56', '2022-05-25 11:48:56', NULL),
(1428, 38, 2018, 2022, '4913020M', 'Plataforma aluminio 1790x1120mm', NULL, 17, 2, 1, 700, 1100, 1400, 1800, 1620, 0, 0, 0, '2022-05-25 11:48:56', '2022-05-25 11:48:56', NULL),
(1429, 38, 2018, 2022, '3721050', 'Fit kit plataforma 1790x1120mm', NULL, 17, 2, 1, 150, 150, 300, 300, 270, 0, 0, 0, '2022-05-25 11:48:56', '2022-05-25 11:48:56', NULL),
(1430, 38, 2018, 2022, '2821020', 'Recovery Point', NULL, 18, 2, 1, 200, 250, 400, 450, 405, 0, 0, 0, '2022-05-25 11:48:56', '2022-05-25 11:48:56', NULL),
(1431, 38, 2018, 2022, 'RD193', 'Bloqueo de diferencial trasero', NULL, 19, 2, 1, 700, 1500, 1400, 2200, 1980, 0, 0, 0, '2022-05-25 11:48:56', '2022-05-25 11:48:56', NULL),
(1432, 38, 2018, 2022, 'RD111', 'Bloqueo de diferencial delantero 2003 on 3.91 & UP', NULL, 19, 2, 1, 700, 1200, 1400, 1900, 1710, 0, 0, 0, '2022-05-25 11:48:56', '2022-05-25 11:48:56', NULL),
(1433, 38, 2018, 2022, 'RD121', 'Bloqueo de diferencial delantero 2003 on 3.73 & DN', NULL, 19, 2, 1, 700, 1200, 1400, 1900, 1710, 0, 0, 0, '2022-05-25 11:48:56', '2022-05-25 11:48:56', NULL),
(1434, 38, 2013, 2017, '3421820', 'Bumper delantero Summit TX / TXL', 'Facelift', 2, 2, 1, 1400, 1200, 2800, 2600, 2340, 0, 0, 0, '2022-05-25 11:48:56', '2022-05-25 11:48:56', NULL),
(1435, 38, 2013, 2017, '3421830', 'Bumper delantero Summit VX', 'Facelift', 2, 2, 1, 1400, 1200, 2800, 2600, 2340, 0, 0, 0, '2022-05-25 11:48:56', '2022-05-25 11:48:56', NULL),
(1436, 38, 2013, 2017, '3421800', 'Bumper delantero Deluxe', 'Facelift', 2, 2, 1, 1550, 1050, 3100, 2600, 2340, 0, 0, 0, '2022-05-25 11:48:56', '2022-05-25 11:48:56', NULL),
(1437, 38, 2009, 2013, '3421760', 'Bumper delantero Deluxe ', 'No facelift', 2, 2, 1, 1350, 1250, 2700, 2600, 2340, 0, 0, 0, '2022-05-25 11:48:56', '2022-05-25 11:48:56', NULL),
(1438, 38, 2013, 2017, '3921820', 'Bumper delantero Summit Sahara con tubo ', 'Facelift', 2, 2, 1, 1350, 1450, 2700, 2800, 2520, 0, 0, 0, '2022-05-25 11:48:56', '2022-05-25 11:48:56', NULL),
(1439, 38, 2013, 2017, '5100320', 'Tubo cromado central para Bumper Sahara', 'Facelift', 4, 2, 1, 150, 150, 300, 300, 270, 0, 0, 0, '2022-05-25 11:48:56', '2022-05-25 11:48:56', NULL),
(1440, 38, 2013, 2017, '5100230', 'Buffer kit para Bumper Sahara con tubo', 'Facelift', 28, 2, 1, 50, 0, 100, 50, 45, 0, 0, 0, '2022-05-25 11:48:56', '2022-05-25 11:48:56', NULL),
(1441, 38, 2013, 2017, '3921820', 'Bumper delantero Summit Sahara sin tubo ', 'Facelift', 2, 2, 1, 1350, 1250, 2700, 2600, 2340, 0, 0, 0, '2022-05-25 11:48:56', '2022-05-25 11:48:56', NULL),
(1442, 38, 2013, 2017, '5100230', 'Buffer kit para Bumper Sahara sin tubo', 'Facelift', 28, 2, 1, 50, 0, 100, 50, 45, 0, 0, 0, '2022-05-25 11:48:56', '2022-05-25 11:48:56', NULL),
(1443, 38, 2013, 2017, '3921800', 'Bumper delantero Deluxe Sahara con tubo TX / TXL', 'Facelift', 2, 2, 1, 1200, 1600, 2400, 2800, 2520, 0, 0, 0, '2022-05-25 11:48:56', '2022-05-25 11:48:56', NULL),
(1444, 38, 2013, 2017, '5100020', 'Tubo cromado central para Bumper Sahara', 'Facelift', 4, 2, 1, 100, 50, 200, 150, 135, 0, 0, 0, '2022-05-25 11:48:56', '2022-05-25 11:48:56', NULL),
(1445, 38, 2013, 2017, '5121020', 'Buffer kit para Bumper Sahara con tubo', 'Facelift', 28, 2, 1, 150, 90, 300, 240, 216, 0, 0, 0, '2022-05-25 11:48:56', '2022-05-25 11:48:56', NULL),
(1446, 38, 2013, 2017, '3921810', 'Bumper delantero Deluxe Sahara con tubo VX', 'Facelift', 2, 2, 1, 1250, 1550, 2500, 2800, 2520, 0, 0, 0, '2022-05-25 11:48:56', '2022-05-25 11:48:56', NULL),
(1447, 38, 2013, 2017, '5100020', 'Tubo cromado central para Bumper Sahara', 'Facelift', 4, 2, 1, 100, 50, 200, 150, 135, 0, 0, 0, '2022-05-25 11:48:56', '2022-05-25 11:48:56', NULL),
(1448, 38, 2013, 2017, '5121020', 'Buffer kit para Bumper Sahara con tubo', 'Facelift', 28, 2, 1, 150, 90, 300, 240, 216, 0, 0, 0, '2022-05-25 11:48:56', '2022-05-25 11:48:56', NULL),
(1449, 38, 2013, 2017, '3921800', 'Bumper delantero Deluxe Sahara sin tubo TX / TXL', 'Facelift', 2, 2, 1, 1200, 1400, 2400, 2600, 2340, 0, 0, 0, '2022-05-25 11:48:56', '2022-05-25 11:48:56', NULL),
(1450, 38, 2013, 2017, '5100030', 'Buffer kit para Bumper Sahara sin tubo', 'Facelift', 28, 2, 1, 100, 50, 200, 150, 135, 0, 0, 0, '2022-05-25 11:48:56', '2022-05-25 11:48:56', NULL);
INSERT INTO `partes` (`id_parte`, `id_modelo`, `anio_i`, `anio_f`, `num_parte`, `nombre`, `descripcion`, `id_articulo_categoria`, `id_unidad_medida`, `cantidad_unidad`, `precio_costo`, `margen`, `precio_sugerido`, `precio_establecido`, `precio_distibuidor`, `stock_min`, `stock_max`, `stock_actual`, `created_at`, `updated_at`, `deleted_at`) VALUES
(1451, 38, 2013, 2017, '3921810', 'Bumper delantero Deluxe Sahara sin tubo VX', 'Facelift', 2, 2, 1, 1250, 1350, 2500, 2600, 2340, 0, 0, 0, '2022-05-25 11:48:56', '2022-05-25 11:48:56', NULL),
(1452, 38, 2013, 2017, '5100030', 'Buffer kit para Bumper Sahara sin tubo', 'Facelift', 28, 2, 1, 100, 50, 200, 150, 135, 0, 0, 0, '2022-05-25 11:48:56', '2022-05-25 11:48:56', NULL),
(1453, 38, 2009, 2013, '3921770', 'Bumper delantero Deluxe Sahara con tubo TX / TXL', 'No facelift', 2, 2, 1, 1100, 1700, 2200, 2800, 2520, 0, 0, 0, '2022-05-25 11:48:56', '2022-05-25 11:48:56', NULL),
(1454, 38, 2009, 2013, '5100020', 'Tubo cromado central para Bumper Sahara', 'No facelift', 4, 2, 1, 100, 50, 200, 150, 135, 0, 0, 0, '2022-05-25 11:48:56', '2022-05-25 11:48:56', NULL),
(1455, 38, 2009, 2013, '5121010', 'Buffer kit para Bumper Sahara con tubo', 'No facelift', 28, 2, 1, 100, 60, 200, 160, 144, 0, 0, 0, '2022-05-25 11:48:57', '2022-05-25 11:48:57', NULL),
(1456, 38, 2009, 2013, '3921780', 'Bumper delantero Deluxe Sahara con tubo VX', 'No facelift', 2, 2, 1, 1150, 1650, 2300, 2800, 2520, 0, 0, 0, '2022-05-25 11:48:57', '2022-05-25 11:48:57', NULL),
(1457, 38, 2009, 2013, '5100020', 'Tubo cromado central para Bumper Sahara', 'No facelift', 4, 2, 1, 100, 50, 200, 150, 135, 0, 0, 0, '2022-05-25 11:48:57', '2022-05-25 11:48:57', NULL),
(1458, 38, 2009, 2013, '5121010', 'Buffer kit para Bumper Sahara con tubo', 'No facelift', 28, 2, 1, 100, 60, 200, 160, 144, 0, 0, 0, '2022-05-25 11:48:57', '2022-05-25 11:48:57', NULL),
(1459, 38, 2009, 2013, '3921770', 'Bumper delantero Deluxe Sahara sin tubo ', 'No facelift', 2, 2, 1, 1100, 1500, 2200, 2600, 2340, 0, 0, 0, '2022-05-25 11:48:57', '2022-05-25 11:48:57', NULL),
(1460, 38, 2009, 2013, '5100030', 'Buffer kit para Bumper Sahara sin tubo', 'No facelift', 28, 2, 1, 100, 50, 200, 150, 135, 0, 0, 0, '2022-05-25 11:48:57', '2022-05-25 11:48:57', NULL),
(1461, 38, 2009, 2013, '3921780', 'Bumper delantero Deluxe Sahara sin tubo ', 'No facelift', 2, 2, 1, 1150, 1450, 2300, 2600, 2340, 0, 0, 0, '2022-05-25 11:48:57', '2022-05-25 11:48:57', NULL),
(1462, 38, 2009, 2013, '5100030', 'Buffer kit para Bumper Sahara sin tubo', 'No facelift', 28, 2, 1, 100, 50, 200, 150, 135, 0, 0, 0, '2022-05-25 11:48:57', '2022-05-25 11:48:57', NULL),
(1463, 38, 2009, 2013, '6821201', 'Halógenos neblineros deluxe', 'No facelift', 6, 3, 1, 100, 150, 200, 250, 225, 0, 0, 0, '2022-05-25 11:48:57', '2022-05-25 11:48:57', NULL),
(1464, 38, 2009, 2013, '3500890', 'Halógenos neblineros led deluxe', 'No facelift', 6, 3, 1, 100, 150, 200, 250, 225, 0, 0, 0, '2022-05-25 11:48:57', '2022-05-25 11:48:57', NULL),
(1465, 38, 2013, 2017, '3500590', 'Halógenos neblineros summit', 'Facelift', 6, 3, 1, 100, 150, 200, 250, 225, 0, 0, 0, '2022-05-25 11:48:57', '2022-05-25 11:48:57', NULL),
(1466, 38, 2013, 2017, '3500910', 'Halógenos neblineros LED summit', 'Facelift', 6, 3, 1, 100, 150, 200, 250, 225, 0, 0, 0, '2022-05-25 11:48:57', '2022-05-25 11:48:57', NULL),
(1467, 38, 2009, 2017, 'OME-NS-PRADO09-17-30MM', 'Suspensión Nitrocharger Sport 30mm / 30mm', NULL, 11, 4, 1, 800, 850, 1600, 1650, 1485, 0, 0, 0, '2022-05-25 11:48:57', '2022-05-25 11:48:57', NULL),
(1468, 38, 2009, 2017, '2883', 'Resortes delanteros Nitrocharger Sport no bumper', NULL, 11, 3, 1, 150, 150, 300, 300, 270, 0, 0, 0, '2022-05-25 11:48:57', '2022-05-25 11:48:57', NULL),
(1469, 38, 2009, 2017, '2869', 'Resortes delanteros Nitrocharger Sport para bumper', NULL, 11, 3, 1, 150, 150, 300, 300, 270, 0, 0, 0, '2022-05-25 11:48:57', '2022-05-25 11:48:57', NULL),
(1470, 38, 2009, 2017, '2884', 'Resortes delanteros Nitrocharger Sport para bumper y winch', NULL, 11, 3, 1, 150, 150, 300, 300, 270, 0, 0, 0, '2022-05-25 11:48:57', '2022-05-25 11:48:57', NULL),
(1471, 38, 2009, 2017, '90010', 'Compensador delantero Nitrocharger Sport', NULL, 11, 2, 2, 150, 150, 300, 300, 270, 0, 0, 0, '2022-05-25 11:48:57', '2022-05-25 11:48:57', NULL),
(1472, 38, 2009, 2017, '2895E', 'Resortes traseros Nitrocharger Sport', NULL, 11, 3, 1, 150, 150, 300, 300, 270, 0, 0, 0, '2022-05-25 11:48:57', '2022-05-25 11:48:57', NULL),
(1473, 38, 2009, 2017, '60080', 'Compensador trasero Nitrocharger Sport', NULL, 11, 2, 2, 100, 100, 200, 200, 180, 0, 0, 0, '2022-05-25 11:48:57', '2022-05-25 11:48:57', NULL),
(1474, 38, 2009, 2017, 'OME-NS-PRADO09-17-50MM', 'Suspensión Nitrocharger Sport 50mm / 50mm', NULL, 11, 4, 1, 800, 850, 1600, 1650, 1485, 0, 0, 0, '2022-05-25 11:48:57', '2022-05-25 11:48:57', NULL),
(1475, 38, 2009, 2017, '2884', 'Resortes delanteros Nitrocharger Sport no bumper', NULL, 11, 3, 1, 150, 150, 300, 300, 270, 0, 0, 0, '2022-05-25 11:48:57', '2022-05-25 11:48:57', NULL),
(1476, 38, 2009, 2017, '2885', 'Resortes delanteros Nitrocharger Sport para bumper', NULL, 11, 3, 1, 150, 150, 300, 300, 270, 0, 0, 0, '2022-05-25 11:48:57', '2022-05-25 11:48:57', NULL),
(1477, 38, 2009, 2017, '2887', 'Resortes delanteros Nitrocharger Sport para bumper y winch', NULL, 11, 3, 1, 150, 150, 300, 300, 270, 0, 0, 0, '2022-05-25 11:48:57', '2022-05-25 11:48:57', NULL),
(1478, 38, 2009, 2017, '90010', 'Compensador delantero Nitrocharger Sport', NULL, 11, 2, 2, 150, 150, 300, 300, 270, 0, 0, 0, '2022-05-25 11:48:57', '2022-05-25 11:48:57', NULL),
(1479, 38, 2009, 2017, '2895E', 'Resortes traseros Nitrocharger Sport', NULL, 11, 3, 1, 150, 150, 300, 300, 270, 0, 0, 0, '2022-05-25 11:48:57', '2022-05-25 11:48:57', NULL),
(1480, 38, 2009, 2017, '60080', 'Compensador trasero Nitrocharger Sport', NULL, 11, 2, 2, 100, 100, 200, 200, 180, 0, 0, 0, '2022-05-25 11:48:57', '2022-05-25 11:48:57', NULL),
(1481, 38, 2018, 2022, 'OME-NS-PRADO09-17-2P-40MM', 'Suspensión Nitrocharger Sport 2 puertas 40mm / 40mm', NULL, 11, 4, 1, 800, 850, 1600, 1650, 1485, 0, 0, 0, '2022-05-25 11:48:57', '2022-05-25 11:48:57', NULL),
(1482, 38, 2018, 2022, '2883', 'Resortes delanteros Nitrocharger Sport no bumper motor gasolina', NULL, 11, 3, 1, 150, 150, 300, 300, 270, 0, 0, 0, '2022-05-25 11:48:57', '2022-05-25 11:48:57', NULL),
(1483, 38, 2018, 2022, '2869', 'Resortes delanteros Nitrocharger Sport para bumper motor gasolina', NULL, 11, 3, 1, 150, 150, 300, 300, 270, 0, 0, 0, '2022-05-25 11:48:57', '2022-05-25 11:48:57', NULL),
(1484, 38, 2018, 2022, '2884', 'Resortes delanteros Nitrocharger Sport para bumper y winch motor gasolina', NULL, 11, 3, 1, 150, 150, 300, 300, 270, 0, 0, 0, '2022-05-25 11:48:57', '2022-05-25 11:48:57', NULL),
(1485, 38, 2018, 2022, '2869', 'Resortes delanteros Nitrocharger Sport no bumper motor diesel', NULL, 11, 3, 1, 150, 150, 300, 300, 270, 0, 0, 0, '2022-05-25 11:48:57', '2022-05-25 11:48:57', NULL),
(1486, 38, 2018, 2022, '2884', 'Resortes delanteros Nitrocharger Sport para bumper motor diesel', NULL, 11, 3, 1, 150, 150, 300, 300, 270, 0, 0, 0, '2022-05-25 11:48:57', '2022-05-25 11:48:57', NULL),
(1487, 38, 2018, 2022, '2885', 'Resortes delanteros Nitrocharger Sport para bumper y winch motor diesel', NULL, 11, 3, 1, 150, 150, 300, 300, 270, 0, 0, 0, '2022-05-25 11:48:57', '2022-05-25 11:48:57', NULL),
(1488, 38, 2018, 2022, '90010', 'Compensador delantero Nitrocharger Sport', NULL, 11, 2, 2, 150, 150, 300, 300, 270, 0, 0, 0, '2022-05-25 11:48:57', '2022-05-25 11:48:57', NULL),
(1489, 38, 2018, 2022, '2895E', 'Resortes traseros Nitrocharger Sport', NULL, 11, 3, 1, 150, 150, 300, 300, 270, 0, 0, 0, '2022-05-25 11:48:57', '2022-05-25 11:48:57', NULL),
(1490, 38, 2018, 2022, '60080', 'Compensador trasero Nitrocharger Sport', NULL, 11, 2, 2, 100, 100, 200, 200, 180, 0, 0, 0, '2022-05-25 11:48:58', '2022-05-25 11:48:58', NULL),
(1491, 38, 2018, 2022, 'OME-BP-PRADO09-17', 'Suspensión BP-51 20-40mm / 20-40mm', NULL, 11, 4, 1, 2265, 1735, 4530, 4000, 3600, 0, 0, 0, '2022-05-25 11:48:58', '2022-05-25 11:48:58', NULL),
(1492, 38, 2018, 2022, 'bp5190002L', 'Coilover delantero izquierdo', NULL, 11, 2, 1, 600, 600, 1200, 1200, 1080, 0, 0, 0, '2022-05-25 11:48:58', '2022-05-25 11:48:58', NULL),
(1493, 38, 2018, 2022, 'bp5190002R', 'Coilover delantero derecho', NULL, 11, 2, 1, 600, 600, 1200, 1200, 1080, 0, 0, 0, '2022-05-25 11:48:58', '2022-05-25 11:48:58', NULL),
(1494, 38, 2018, 2022, 'VM80010008', 'Fit kit reservorio', NULL, 11, 2, 1, 100, 100, 200, 200, 180, 0, 0, 0, '2022-05-25 11:48:58', '2022-05-25 11:48:58', NULL),
(1495, 38, 2018, 2022, '2895E', 'Resortes traseros Nitrocharger Sport', NULL, 11, 3, 1, 150, 150, 300, 300, 270, 0, 0, 0, '2022-05-25 11:48:58', '2022-05-25 11:48:58', NULL),
(1496, 38, 2018, 2022, 'BP5160025', 'Compensador trasero BP51', NULL, 11, 2, 2, 400, 400, 800, 800, 720, 0, 0, 0, '2022-05-25 11:48:58', '2022-05-25 11:48:58', NULL),
(1497, 38, 2018, 2022, 'VM80010010', 'Fit kit reservorio', NULL, 11, 2, 1, 50, 50, 100, 100, 90, 0, 0, 0, '2022-05-25 11:48:58', '2022-05-25 11:48:58', NULL),
(1498, 38, 2018, 2022, 'BP5190004L', 'Coilover delantero izquierdo KDSS', NULL, 11, 2, 1, 600, 600, 1200, 1200, 1080, 0, 0, 0, '2022-05-25 11:48:58', '2022-05-25 11:48:58', NULL),
(1499, 38, 2018, 2022, 'BP5190002R', 'Coilover delantero derecho KDSS', NULL, 11, 2, 1, 600, 600, 1200, 1200, 1080, 0, 0, 0, '2022-05-25 11:48:58', '2022-05-25 11:48:58', NULL),
(1500, 38, 2018, 2022, 'VM80010009', 'Fit kit reservorio KDSS', NULL, 11, 2, 1, 100, 100, 200, 200, 180, 0, 0, 0, '2022-05-25 11:48:58', '2022-05-25 11:48:58', NULL),
(1501, 38, 2018, 2022, 'UCA0004', 'Tijeretas', NULL, 11, 3, 1, 400, 450, 800, 850, 765, 0, 0, 0, '2022-05-25 11:48:58', '2022-05-25 11:48:58', NULL),
(1502, 38, 2015, 2017, 'SS188HFG', 'Snorkel 2015-2017', NULL, 12, 2, 1, 350, 450, 700, 800, 720, 0, 0, 0, '2022-05-25 11:48:58', '2022-05-25 11:48:58', NULL),
(1503, 38, 2009, 2015, 'SS188HF', 'Snorkel diesel 2009-2015', NULL, 12, 2, 1, 350, 450, 700, 800, 720, 0, 0, 0, '2022-05-25 11:48:58', '2022-05-25 11:48:58', NULL),
(1504, 38, 2009, 2015, 'SS189HF', 'Snorkel gasolina 2009-2015', NULL, 12, 2, 1, 350, 450, 700, 800, 720, 0, 0, 0, '2022-05-25 11:48:58', '2022-05-25 11:48:58', NULL),
(1505, 38, 2013, 2017, '4421100', 'Side Rails & Steps Summit 60,3mm ', NULL, 13, 2, 1, 550, 1550, 1100, 2100, 1890, 0, 0, 0, '2022-05-25 11:48:58', '2022-05-25 11:48:58', NULL),
(1506, 38, 2013, 2017, '4421110', 'Side Rails Summit 60,3mm', NULL, 13, 2, 1, 450, 550, 900, 1000, 900, 0, 0, 0, '2022-05-25 11:48:58', '2022-05-25 11:48:58', NULL),
(1507, 38, 2009, 2017, '4421020', 'Side Rails & Steps Deluxe 47,6mm ', NULL, 13, 2, 1, 700, 1400, 1400, 2100, 1890, 0, 0, 0, '2022-05-25 11:48:58', '2022-05-25 11:48:58', NULL),
(1508, 38, 2009, 2017, '4421040', 'Side Rails Deluxe 47,6mm ', NULL, 13, 2, 1, 450, 550, 900, 1000, 900, 0, 0, 0, '2022-05-25 11:48:58', '2022-05-25 11:48:58', NULL),
(1509, 38, 2009, 2017, '4421010', 'Side Rails Deluxe 47,6mm ', NULL, 13, 2, 1, 250, 300, 500, 550, 495, 0, 0, 0, '2022-05-25 11:48:58', '2022-05-25 11:48:58', NULL),
(1510, 38, 2013, 2017, '4421100', 'Steps Summit 60,3mm ', NULL, 13, 2, 1, 550, 1250, 1100, 1800, 1620, 0, 0, 0, '2022-05-25 11:48:58', '2022-05-25 11:48:58', NULL),
(1511, 38, 2013, 2017, '4421120', 'Codos Steps summit', NULL, 13, 2, 1, 300, 300, 600, 600, 540, 0, 0, 0, '2022-05-25 11:48:58', '2022-05-25 11:48:58', NULL),
(1512, 38, 2009, 2017, '4421020', 'Steps Deluxe 47,6mm 2009-2013', NULL, 13, 2, 1, 700, 1300, 1400, 2000, 1800, 0, 0, 0, '2022-05-25 11:48:58', '2022-05-25 11:48:58', NULL),
(1513, 38, 2009, 2017, '4421030', 'Steps Deluxe 47,6mm', NULL, 13, 2, 1, 250, 250, 500, 500, 450, 0, 0, 0, '2022-05-25 11:48:58', '2022-05-25 11:48:58', NULL),
(1514, 38, 2009, 2017, '5421110', 'Planchas w/ kinetic susp', NULL, 14, 4, 1, 400, 450, 800, 850, 765, 0, 0, 0, '2022-05-25 11:48:58', '2022-05-25 11:48:58', NULL),
(1515, 38, 2009, 2017, '5421100', 'Planchas w/o  kinetic susp', NULL, 14, 4, 1, 350, 500, 700, 850, 765, 0, 0, 0, '2022-05-25 11:48:58', '2022-05-25 11:48:58', NULL),
(1516, 38, 2009, 2017, '1770030', 'Base Rack 1835x1285mm con deflector de aire', NULL, 15, 2, 1, 500, 1200, 1000, 1700, 1530, 0, 0, 0, '2022-05-25 11:48:58', '2022-05-25 11:48:58', NULL),
(1517, 38, 2009, 2017, '17921010', 'Fit kit Base Rack 1835x1285mm ', NULL, 15, 2, 1, 200, 200, 400, 400, 360, 0, 0, 0, '2022-05-25 11:48:58', '2022-05-25 11:48:58', NULL),
(1518, 38, 2009, 2017, '17921020', 'Deflector de aire Base Rack 1835x1285mm ', NULL, 15, 2, 1, 100, 100, 200, 200, 180, 0, 0, 0, '2022-05-25 11:48:58', '2022-05-25 11:48:58', NULL),
(1519, 38, 2009, 2017, '1770010', 'Base Rack 1835x1155mm con deflector de aire', NULL, 15, 2, 1, 500, 1200, 1000, 1700, 1530, 0, 0, 0, '2022-05-25 11:48:58', '2022-05-25 11:48:58', NULL),
(1520, 38, 2009, 2017, '17921010', 'Fit kit Base Rack 1835x1155mm', NULL, 15, 2, 1, 200, 140, 400, 340, 306, 0, 0, 0, '2022-05-25 11:48:58', '2022-05-25 11:48:58', NULL),
(1521, 38, 2009, 2017, '17921020', 'Deflector de aire Base Rack 1835x1155mm ', NULL, 15, 2, 1, 100, 20, 200, 120, 108, 0, 0, 0, '2022-05-25 11:48:58', '2022-05-25 11:48:58', NULL),
(1522, 38, 2009, 2017, '4913010M', 'Canasta aluminio 1790x1120mm', NULL, 16, 2, 1, 800, 1200, 1600, 2000, 1800, 0, 0, 0, '2022-05-25 11:48:58', '2022-05-25 11:48:58', NULL),
(1523, 38, 2009, 2017, '3721050', 'Fit kit canasta 1790x1120mm', NULL, 16, 2, 1, 150, 150, 300, 300, 270, 0, 0, 0, '2022-05-25 11:48:58', '2022-05-25 11:48:58', NULL),
(1524, 38, 2009, 2017, '3813010M', 'Canasta acero 1790x1120mm', NULL, 16, 2, 1, 600, 1000, 1200, 1600, 1440, 0, 0, 0, '2022-05-25 11:48:58', '2022-05-25 11:48:58', NULL),
(1525, 38, 2009, 2017, '3721050', 'Fit kit canasta 1790x1120mm', NULL, 16, 2, 1, 150, 150, 300, 300, 270, 0, 0, 0, '2022-05-25 11:48:58', '2022-05-25 11:48:58', NULL),
(1526, 38, 2009, 2017, '3813030', 'Plataforma acero 1790x1120mm', NULL, 17, 2, 1, 350, 950, 700, 1300, 1170, 0, 0, 0, '2022-05-25 11:48:59', '2022-05-25 11:48:59', NULL),
(1527, 38, 2009, 2017, '3721050', 'Fit kit plataforma 1790x1120mm', NULL, 17, 2, 1, 150, 150, 300, 300, 270, 0, 0, 0, '2022-05-25 11:48:59', '2022-05-25 11:48:59', NULL),
(1528, 38, 2009, 2017, '4913020M', 'Plataforma aluminio 1790x1120mm', NULL, 17, 2, 1, 700, 1100, 1400, 1800, 1620, 0, 0, 0, '2022-05-25 11:48:59', '2022-05-25 11:48:59', NULL),
(1529, 38, 2009, 2017, '3721050', 'Fit kit plataforma 1790x1120mm', NULL, 17, 2, 1, 150, 150, 300, 300, 270, 0, 0, 0, '2022-05-25 11:48:59', '2022-05-25 11:48:59', NULL),
(1530, 38, 2009, 2017, '2821020', 'Recovery Point izquierdo', NULL, 18, 2, 1, 200, 250, 400, 450, 405, 0, 0, 0, '2022-05-25 11:48:59', '2022-05-25 11:48:59', NULL),
(1531, 38, 2009, 2017, '2821030', 'Recovery Point derecho', NULL, 18, 2, 1, 200, 250, 400, 450, 405, 0, 0, 0, '2022-05-25 11:48:59', '2022-05-25 11:48:59', NULL),
(1532, 38, 2009, 2017, 'RD193', 'Bloqueo de diferencial trasero', NULL, 19, 2, 1, 700, 1500, 1400, 2200, 1980, 0, 0, 0, '2022-05-25 11:48:59', '2022-05-25 11:48:59', NULL),
(1533, 38, 2009, 2017, 'RD111', 'Bloqueo de diferencial delantero 2003 on 3.91 & UP', NULL, 19, 2, 1, 700, 1200, 1400, 1900, 1710, 0, 0, 0, '2022-05-25 11:48:59', '2022-05-25 11:48:59', NULL),
(1534, 38, 2009, 2017, 'RD121', 'Bloqueo de diferencial delantero 2003 on 3.73 & DN', NULL, 19, 2, 1, 700, 1200, 1400, 1900, 1710, 0, 0, 0, '2022-05-25 11:48:59', '2022-05-25 11:48:59', NULL),
(1535, 71, 2003, 2009, '3421410', 'Bumper delantero Deluxe', NULL, 2, 2, 1, 1150, 1250, 2300, 2400, 2160, 0, 0, 0, '2022-05-25 11:48:59', '2022-05-25 11:48:59', NULL),
(1536, 71, 2003, 2009, '3921120', 'Bumper delantero Sahara con tubo', NULL, 2, 2, 1, 900, 1400, 1800, 2300, 2070, 0, 0, 0, '2022-05-25 11:48:59', '2022-05-25 11:48:59', NULL),
(1537, 71, 2003, 2009, '5100160', 'Tubo cromado central para Bumper Sahara', NULL, 4, 2, 1, 100, 100, 200, 200, 180, 0, 0, 0, '2022-05-25 11:48:59', '2022-05-25 11:48:59', NULL),
(1538, 71, 2003, 2009, '5100050', 'Buffer kit para Bumper Sahara con tubo', NULL, 28, 2, 1, 100, 150, 200, 250, 225, 0, 0, 0, '2022-05-25 11:48:59', '2022-05-25 11:48:59', NULL),
(1539, 71, 2003, 2009, '3921120', 'Bumper delantero Sahara sin tubo', NULL, 2, 2, 1, 900, 1200, 1800, 2100, 1890, 0, 0, 0, '2022-05-25 11:48:59', '2022-05-25 11:48:59', NULL),
(1540, 71, 2003, 2009, '5100170', 'Buffer kit para Bumper Sahara sin tubo', NULL, 28, 2, 1, 100, 60, 200, 160, 144, 0, 0, 0, '2022-05-25 11:48:59', '2022-05-25 11:48:59', NULL),
(1541, 71, 2003, 2009, '6821201', 'Halógenos neblineros', NULL, 6, 3, 1, 100, 150, 200, 250, 225, 0, 0, 0, '2022-05-25 11:48:59', '2022-05-25 11:48:59', NULL),
(1542, 71, 2003, 2009, '3500890', 'Halógenos neblineros led', NULL, 6, 3, 1, 100, 150, 200, 250, 225, 0, 0, 0, '2022-05-25 11:48:59', '2022-05-25 11:48:59', NULL),
(1543, 71, 2003, 2009, 'OME-NS-PRADO120', 'Suspensión Nitrocharger Sport LWB & SWB25mm / 40mm', NULL, 11, 4, 1, 800, 850, 1600, 1650, 1485, 0, 0, 0, '2022-05-25 11:48:59', '2022-05-25 11:48:59', NULL),
(1544, 71, 2003, 2009, '2883', 'Resortes delanteros Nitrocharger Sport no bumper', NULL, 11, 3, 1, 150, 150, 300, 300, 270, 0, 0, 0, '2022-05-25 11:48:59', '2022-05-25 11:48:59', NULL),
(1545, 71, 2003, 2009, '2884', 'Resortes delanteros Nitrocharger Sport para bumper', NULL, 11, 3, 1, 150, 150, 300, 300, 270, 0, 0, 0, '2022-05-25 11:48:59', '2022-05-25 11:48:59', NULL),
(1546, 71, 2003, 2009, '2885', 'Resortes delanteros Nitrocharger Sport para bumper y winch', NULL, 11, 3, 1, 150, 150, 300, 300, 270, 0, 0, 0, '2022-05-25 11:48:59', '2022-05-25 11:48:59', NULL),
(1547, 71, 2003, 2009, '90000', 'Compensador delantero Nitrocharger Sport', NULL, 11, 2, 2, 150, 150, 300, 300, 270, 0, 0, 0, '2022-05-25 11:48:59', '2022-05-25 11:48:59', NULL),
(1548, 71, 2003, 2009, '2895E', 'Resortes traseros Nitrocharger Sport', NULL, 11, 3, 1, 150, 150, 300, 300, 270, 0, 0, 0, '2022-05-25 11:48:59', '2022-05-25 11:48:59', NULL),
(1549, 71, 2003, 2009, '60004', 'Compensador trasero Nitrocharger Sport', NULL, 11, 2, 2, 100, 100, 200, 200, 180, 0, 0, 0, '2022-05-25 11:48:59', '2022-05-25 11:48:59', NULL),
(1550, 71, 2003, 2009, '60112', 'Compensador trasero Nitrocharger Sport', NULL, 11, 2, 2, 100, 100, 200, 200, 180, 0, 0, 0, '2022-05-25 11:48:59', '2022-05-25 11:48:59', NULL),
(1551, 71, 2003, 2009, 'OME-BP-PRADO120', 'Suspensión BP-51 LWB & SWB 25mm / 40mm', NULL, 11, 4, 1, 4400, -500, 3800, 3900, 3510, 0, 0, 0, '2022-05-25 11:48:59', '2022-05-25 11:48:59', NULL),
(1552, 71, 2003, 2009, 'bp5190002L', 'Coilover delantero izquierdo', NULL, 11, 2, 1, 600, 600, 1200, 1200, 1080, 0, 0, 0, '2022-05-25 11:48:59', '2022-05-25 11:48:59', NULL),
(1553, 71, 2003, 2009, 'bp5190002R', 'Coilover delantero derecho', NULL, 11, 2, 1, 600, 600, 1200, 1200, 1080, 0, 0, 0, '2022-05-25 11:48:59', '2022-05-25 11:48:59', NULL),
(1554, 71, 2003, 2009, 'VM80010008', 'Fit kit reservorio', NULL, 11, 2, 1, 100, 100, 200, 200, 180, 0, 0, 0, '2022-05-25 11:48:59', '2022-05-25 11:48:59', NULL),
(1555, 71, 2003, 2009, '2895E', 'Resortes traseros Nitrocharger Sport', NULL, 11, 3, 1, 150, 150, 300, 300, 270, 0, 0, 0, '2022-05-25 11:48:59', '2022-05-25 11:48:59', NULL),
(1556, 71, 2003, 2009, 'BP5160025', 'Compensador trasero BP51', NULL, 11, 2, 2, 400, 400, 800, 800, 720, 0, 0, 0, '2022-05-25 11:48:59', '2022-05-25 11:48:59', NULL),
(1557, 71, 2003, 2009, 'VM80010010', 'Fit kit reservorio', NULL, 11, 2, 1, 50, 50, 100, 100, 90, 0, 0, 0, '2022-05-25 11:48:59', '2022-05-25 11:48:59', NULL),
(1558, 71, 2003, 2009, 'UCA0004', 'Tijeretas', NULL, 11, 3, 1, 400, 450, 800, 850, 765, 0, 0, 0, '2022-05-25 11:49:00', '2022-05-25 11:49:00', NULL),
(1559, 71, 2003, 2009, 'SS181HF', 'Snorkel Diesel', NULL, 12, 2, 1, 350, 400, 700, 750, 675, 0, 0, 0, '2022-05-25 11:49:00', '2022-05-25 11:49:00', NULL),
(1560, 71, 2003, 2009, 'SS186HF', 'Snorkel Gasolina', NULL, 12, 2, 1, 350, 400, 700, 750, 675, 0, 0, 0, '2022-05-25 11:49:00', '2022-05-25 11:49:00', NULL),
(1561, 71, 2003, 2009, '4421050', 'Side Rails & Steps', NULL, 13, 3, 1, 650, 1250, 1300, 1900, 1710, 0, 0, 0, '2022-05-25 11:49:00', '2022-05-25 11:49:00', NULL),
(1562, 71, 2003, 2009, '4421060', 'Side Rails  ', NULL, 13, 3, 1, 300, 300, 600, 600, 540, 0, 0, 0, '2022-05-25 11:49:00', '2022-05-25 11:49:00', NULL),
(1563, 71, 2003, 2009, '4421050', 'Steps', NULL, 13, 3, 1, 650, 1050, 1300, 1700, 1530, 0, 0, 0, '2022-05-25 11:49:00', '2022-05-25 11:49:00', NULL),
(1564, 71, 2003, 2009, '4421070', 'Codos Steps', NULL, 13, 3, 1, 150, 150, 300, 300, 270, 0, 0, 0, '2022-05-25 11:49:00', '2022-05-25 11:49:00', NULL),
(1565, 71, 2003, 2009, '5421100', 'Planchas', NULL, 14, 4, 1, 350, 400, 700, 750, 675, 0, 0, 0, '2022-05-25 11:49:00', '2022-05-25 11:49:00', NULL),
(1566, 71, 2003, 2009, '1770030', 'Base Rack 1835x1285mm con deflector de aire', NULL, 15, 2, 1, 500, 1200, 1000, 1700, 1530, 0, 0, 0, '2022-05-25 11:49:00', '2022-05-25 11:49:00', NULL),
(1567, 71, 2003, 2009, '17921050', 'Fit kit Base Rack 1835x1285mm ', NULL, 15, 2, 1, 200, 200, 400, 400, 360, 0, 0, 0, '2022-05-25 11:49:00', '2022-05-25 11:49:00', NULL),
(1568, 71, 2003, 2009, '17921060', 'Deflector de aire Base Rack 1835x1285mm ', NULL, 15, 2, 1, 100, 100, 200, 200, 180, 0, 0, 0, '2022-05-25 11:49:00', '2022-05-25 11:49:00', NULL),
(1569, 71, 2003, 2009, '1770010', 'Base Rack 1835x1155mm con deflector de aire', NULL, 15, 2, 1, 500, 1200, 1000, 1700, 1530, 0, 0, 0, '2022-05-25 11:49:00', '2022-05-25 11:49:00', NULL),
(1570, 71, 2003, 2009, '17921050', 'Fit kit Base Rack 1835x1155mm', NULL, 15, 2, 1, 200, 200, 400, 400, 360, 0, 0, 0, '2022-05-25 11:49:00', '2022-05-25 11:49:00', NULL),
(1571, 71, 2003, 2009, '17921060', 'Deflector de aire Base Rack 1835x1155mm ', NULL, 15, 2, 1, 100, 100, 200, 200, 180, 0, 0, 0, '2022-05-25 11:49:00', '2022-05-25 11:49:00', NULL),
(1572, 71, 2003, 2009, '4913010M', 'Canasta aluminio 1790x1120mm', NULL, 16, 2, 1, 800, 1100, 1600, 1900, 1710, 0, 0, 0, '2022-05-25 11:49:00', '2022-05-25 11:49:00', NULL),
(1573, 71, 2003, 2009, '3721010', 'Fit kit canasta 1790x1120mm', NULL, 16, 2, 1, 150, 150, 300, 300, 270, 0, 0, 0, '2022-05-25 11:49:00', '2022-05-25 11:49:00', NULL),
(1574, 71, 2003, 2009, '3813010M', 'Canasta acero 1790x1120mm', NULL, 16, 2, 1, 600, 900, 1200, 1500, 1350, 0, 0, 0, '2022-05-25 11:49:00', '2022-05-25 11:49:00', NULL),
(1575, 71, 2003, 2009, '3721010', 'Fit kit canasta 1790x1120mm', NULL, 16, 2, 1, 150, 150, 300, 300, 270, 0, 0, 0, '2022-05-25 11:49:00', '2022-05-25 11:49:00', NULL),
(1576, 71, 2003, 2009, '3813030', 'Plataforma acero 1790x1120mm', NULL, 17, 2, 1, 350, 750, 700, 1100, 990, 0, 0, 0, '2022-05-25 11:49:00', '2022-05-25 11:49:00', NULL),
(1577, 71, 2003, 2009, '3721050', 'Fit kit plataforma 1790x1120mm', NULL, 17, 2, 1, 150, 150, 300, 300, 270, 0, 0, 0, '2022-05-25 11:49:00', '2022-05-25 11:49:00', NULL),
(1578, 71, 2003, 2009, '4913020M', 'Plataforma aluminio 1790x1120mm', NULL, 17, 2, 1, 700, 1100, 1400, 1800, 1620, 0, 0, 0, '2022-05-25 11:49:00', '2022-05-25 11:49:00', NULL),
(1579, 71, 2003, 2009, '3721050', 'Fit kit plataforma 1790x1120mm', NULL, 17, 2, 1, 150, 150, 300, 300, 270, 0, 0, 0, '2022-05-25 11:49:00', '2022-05-25 11:49:00', NULL),
(1580, 71, 2003, 2009, 'RD132', 'Bloqueo de diferencial trasero', NULL, 19, 2, 1, 700, 1500, 1400, 2200, 1980, 0, 0, 0, '2022-05-25 11:49:00', '2022-05-25 11:49:00', NULL),
(1581, 71, 2003, 2009, 'RD111', 'Bloqueo de diferencial delantero 2003 on 3.91 & UP', NULL, 19, 2, 1, 700, 1200, 1400, 1900, 1710, 0, 0, 0, '2022-05-25 11:49:00', '2022-05-25 11:49:00', NULL),
(1582, 71, 2003, 2009, 'RD121', 'Bloqueo de diferencial delantero 2003 on 3.73 & DN', NULL, 19, 2, 1, 700, 1200, 1400, 1900, 1710, 0, 0, 0, '2022-05-25 11:49:00', '2022-05-25 11:49:00', NULL),
(1583, 72, 1996, 2000, '3421010', 'Bumper delantero Deluxe 1996-2000', NULL, 2, 2, 1, 800, 900, 1600, 1700, 1530, 0, 0, 0, '2022-05-25 11:49:00', '2022-05-25 11:49:00', NULL),
(1584, 72, 2000, 2003, '3421050', 'Bumper delantero Deluxe 2000-2003', NULL, 2, 2, 1, 950, 1050, 1900, 2000, 1800, 0, 0, 0, '2022-05-25 11:49:00', '2022-05-25 11:49:00', NULL),
(1585, 72, 2000, 2003, '3921130', 'Bumper delantero Sahara con tubo 2000-03', NULL, 2, 2, 1, 900, 1400, 1800, 2300, 2070, 0, 0, 0, '2022-05-25 11:49:00', '2022-05-25 11:49:00', NULL),
(1586, 72, 2000, 2003, '5100160', 'Tubo cromado central para Bumper Sahara', NULL, 4, 2, 1, 100, 70, 200, 170, 153, 0, 0, 0, '2022-05-25 11:49:00', '2022-05-25 11:49:00', NULL),
(1587, 72, 2000, 2003, '5100040', 'Buffer kit para Bumper Sahara con tubo', NULL, 28, 2, 1, 100, 100, 200, 200, 180, 0, 0, 0, '2022-05-25 11:49:00', '2022-05-25 11:49:00', NULL),
(1588, 72, 2000, 2003, '3921130', 'Bumper delantero Sahara sin tubo 2000-03', NULL, 2, 2, 1, 900, 1200, 1800, 2100, 1890, 0, 0, 0, '2022-05-25 11:49:00', '2022-05-25 11:49:00', NULL),
(1589, 72, 2000, 2003, '5100170', 'Buffer kit para Bumper Sahara sin tubo', NULL, 28, 2, 1, 100, 60, 200, 160, 144, 0, 0, 0, '2022-05-25 11:49:00', '2022-05-25 11:49:00', NULL),
(1590, 72, 2000, 2003, '6821201', 'Halógenos neblineros', NULL, 6, 3, 1, 100, 150, 200, 250, 225, 0, 0, 0, '2022-05-25 11:49:00', '2022-05-25 11:49:00', NULL),
(1591, 72, 2000, 2003, '3500890', 'Halógenos neblineros', NULL, 6, 3, 1, 100, 150, 200, 250, 225, 0, 0, 0, '2022-05-25 11:49:00', '2022-05-25 11:49:00', NULL),
(1592, 72, 2000, 2003, 'OME-BP-PRADO90', 'Suspensión Nitrocharger Sport 40mm / 40mm', NULL, 11, 4, 1, 800, 850, 1600, 1650, 1485, 0, 0, 0, '2022-05-25 11:49:01', '2022-05-25 11:49:01', NULL),
(1593, 72, 2000, 2003, '2880', 'Resortes delanteros Nitrocharger Sport no bumper motor gasolina', NULL, 11, 3, 1, 150, 150, 300, 300, 270, 0, 0, 0, '2022-05-25 11:49:01', '2022-05-25 11:49:01', NULL),
(1594, 72, 2000, 2003, '2881', 'Resortes delanteros Nitrocharger Sport para bumper motor gasolina', NULL, 11, 3, 1, 150, 150, 300, 300, 270, 0, 0, 0, '2022-05-25 11:49:01', '2022-05-25 11:49:01', NULL),
(1595, 72, 2000, 2003, '2881', 'Resortes delanteros Nitrocharger Sport no bumper motor diesel', NULL, 11, 3, 1, 150, 150, 300, 300, 270, 0, 0, 0, '2022-05-25 11:49:01', '2022-05-25 11:49:01', NULL),
(1596, 72, 2000, 2003, '2882', 'Resortes delanteros Nitrocharger Sport para bumper motor diesel', NULL, 11, 3, 1, 150, 150, 300, 300, 270, 0, 0, 0, '2022-05-25 11:49:01', '2022-05-25 11:49:01', NULL),
(1597, 72, 2000, 2003, '90004', 'Compensador delantero Nitrocharger Sport', NULL, 11, 2, 2, 150, 150, 300, 300, 270, 0, 0, 0, '2022-05-25 11:49:01', '2022-05-25 11:49:01', NULL),
(1598, 72, 2000, 2003, '2890', 'Resortes traseros Nitrocharger Sport', NULL, 11, 3, 1, 150, 150, 300, 300, 270, 0, 0, 0, '2022-05-25 11:49:01', '2022-05-25 11:49:01', NULL),
(1599, 72, 2000, 2003, '60028', 'Compensador trasero Nitrocharger Sport', NULL, 11, 2, 2, 100, 100, 200, 200, 180, 0, 0, 0, '2022-05-25 11:49:01', '2022-05-25 11:49:01', NULL),
(1600, 72, 2000, 2003, 'SS185R', 'Snorkel gasolina V6', NULL, 12, 2, 1, 250, 450, 500, 700, 630, 0, 0, 0, '2022-05-25 11:49:01', '2022-05-25 11:49:01', NULL),
(1601, 72, 2000, 2003, 'SS185RE', 'Snorkel gasolina 2.7L', NULL, 12, 2, 1, 250, 450, 500, 700, 630, 0, 0, 0, '2022-05-25 11:49:01', '2022-05-25 11:49:01', NULL),
(1602, 72, 2000, 2003, 'SS180R', 'Snorkel diesel 1KZ', NULL, 12, 2, 1, 250, 450, 500, 700, 630, 0, 0, 0, '2022-05-25 11:49:01', '2022-05-25 11:49:01', NULL),
(1603, 72, 2000, 2003, 'SS185RD', 'Snorkel diesel 1KD', NULL, 12, 2, 1, 250, 450, 500, 700, 630, 0, 0, 0, '2022-05-25 11:49:01', '2022-05-25 11:49:01', NULL),
(1604, 72, 2000, 2003, '1770040', 'Base Rack 2125x1285mm con deflector de aire', NULL, 15, 2, 1, 550, 1350, 1100, 1900, 1710, 0, 0, 0, '2022-05-25 11:49:01', '2022-05-25 11:49:01', NULL),
(1605, 72, 2000, 2003, '17900010', 'Fit kit Base Rack 2125x1285mm', NULL, 15, 2, 1, 300, 300, 600, 600, 540, 0, 0, 0, '2022-05-25 11:49:01', '2022-05-25 11:49:01', NULL),
(1606, 72, 2000, 2003, '17900090', 'Deflector de aire Base Rack 2125x1285mm ', NULL, 15, 2, 1, 100, 100, 200, 200, 180, 0, 0, 0, '2022-05-25 11:49:01', '2022-05-25 11:49:01', NULL),
(1607, 72, 2000, 2003, '1770030', 'Base Rack 1835x1285mm con deflector de aire', NULL, 15, 2, 1, 500, 1300, 1000, 1800, 1620, 0, 0, 0, '2022-05-25 11:49:01', '2022-05-25 11:49:01', NULL),
(1608, 72, 2000, 2003, '17900010', 'Fit kit Base Rack 1835x1285mm', NULL, 15, 2, 1, 300, 300, 600, 600, 540, 0, 0, 0, '2022-05-25 11:49:01', '2022-05-25 11:49:01', NULL),
(1609, 72, 2000, 2003, '17900090', 'Deflector de aire Base Rack 1835x1285mm', NULL, 15, 2, 1, 100, 100, 200, 200, 180, 0, 0, 0, '2022-05-25 11:49:01', '2022-05-25 11:49:01', NULL),
(1610, 72, 2000, 2003, '1770020', 'Base Rack 1545x1285mm con deflector de aire', NULL, 15, 2, 1, 450, 1150, 900, 1600, 1440, 0, 0, 0, '2022-05-25 11:49:01', '2022-05-25 11:49:01', NULL),
(1611, 72, 2000, 2003, '17900020', 'Fit kit Base Rack 1545x1285mm', NULL, 15, 2, 1, 200, 200, 400, 400, 360, 0, 0, 0, '2022-05-25 11:49:01', '2022-05-25 11:49:01', NULL),
(1612, 72, 2000, 2003, '17900090', 'Deflector de aire Base Rack 1545x1285mm ', NULL, 15, 2, 1, 100, 100, 200, 200, 180, 0, 0, 0, '2022-05-25 11:49:01', '2022-05-25 11:49:01', NULL),
(1613, 72, 2000, 2003, '1770070', 'Base Rack 1255x1285mm con deflector de aire', NULL, 15, 2, 1, 300, 1000, 600, 1300, 1170, 0, 0, 0, '2022-05-25 11:49:01', '2022-05-25 11:49:01', NULL),
(1614, 72, 2000, 2003, '17900020', 'Fit kit Base Rack 1255x1285mm', NULL, 15, 2, 1, 200, 200, 400, 400, 360, 0, 0, 0, '2022-05-25 11:49:01', '2022-05-25 11:49:01', NULL),
(1615, 72, 2000, 2003, '17900090', 'Deflector de aire Base Rack 1255x1285mm ', NULL, 15, 2, 1, 100, 100, 200, 200, 180, 0, 0, 0, '2022-05-25 11:49:01', '2022-05-25 11:49:01', NULL),
(1616, 72, 2000, 2003, '4900040M', 'Canasta aluminio 2200x1120mm', NULL, 16, 2, 1, 850, 1350, 1700, 2200, 1980, 0, 0, 0, '2022-05-25 11:49:01', '2022-05-25 11:49:01', NULL),
(1617, 72, 2000, 2003, '3700050', 'Fit kit canasta 2200x1120mm', NULL, 16, 2, 1, 250, 250, 500, 500, 450, 0, 0, 0, '2022-05-25 11:49:01', '2022-05-25 11:49:01', NULL),
(1618, 72, 2000, 2003, '3800040M', 'Canasta acero 2200x1120mm', NULL, 16, 2, 1, 650, 1250, 1300, 1900, 1710, 0, 0, 0, '2022-05-25 11:49:01', '2022-05-25 11:49:01', NULL),
(1619, 72, 2000, 2003, '3700050', 'Fit kit canasta 2200x1120mm', NULL, 16, 2, 1, 250, 250, 500, 500, 450, 0, 0, 0, '2022-05-25 11:49:01', '2022-05-25 11:49:01', NULL),
(1620, 72, 2000, 2003, '3800050M', 'Canasta acero 1850x1120mm', NULL, 16, 2, 1, 600, 1100, 1200, 1700, 1530, 0, 0, 0, '2022-05-25 11:49:01', '2022-05-25 11:49:01', NULL),
(1621, 72, 2000, 2003, '3700060', 'Fit kit canasta  1850x1120mm', NULL, 16, 2, 1, 200, 200, 400, 400, 360, 0, 0, 0, '2022-05-25 11:49:01', '2022-05-25 11:49:01', NULL),
(1622, 72, 2000, 2003, '3800060M', 'Canasta acero 1100x1120mm', NULL, 16, 2, 1, 500, 1000, 1000, 1500, 1350, 0, 0, 0, '2022-05-25 11:49:01', '2022-05-25 11:49:01', NULL),
(1623, 72, 2000, 2003, '3700060', 'Fit kit canasta 1100x1120mm', NULL, 16, 2, 1, 200, 200, 400, 400, 360, 0, 0, 0, '2022-05-25 11:49:01', '2022-05-25 11:49:01', NULL),
(1624, 72, 2000, 2003, '3800190', 'Plataforma acero 1850x1120mm', NULL, 17, 2, 1, 350, 950, 700, 1300, 1170, 0, 0, 0, '2022-05-25 11:49:01', '2022-05-25 11:49:01', NULL),
(1625, 72, 2000, 2003, '3700050', 'Fit kit plataforma 1850x1120mm', NULL, 17, 2, 1, 250, 250, 500, 500, 450, 0, 0, 0, '2022-05-25 11:49:02', '2022-05-25 11:49:02', NULL),
(1626, 72, 2000, 2003, '3800230', 'Plataforma acero 2200x1120mm', NULL, 17, 2, 1, 400, 1000, 800, 1400, 1260, 0, 0, 0, '2022-05-25 11:49:02', '2022-05-25 11:49:02', NULL),
(1627, 72, 2000, 2003, '3700050', 'Fit kit plataforma 2200x1120mm', NULL, 17, 2, 1, 250, 250, 500, 500, 450, 0, 0, 0, '2022-05-25 11:49:02', '2022-05-25 11:49:02', NULL),
(1628, 72, 2000, 2003, '4900070M', 'Plataforma aluminio 2200x1120mm', NULL, 17, 2, 1, 700, 1200, 1400, 1900, 1710, 0, 0, 0, '2022-05-25 11:49:02', '2022-05-25 11:49:02', NULL),
(1629, 72, 2000, 2003, '3700050', 'Fit kit plataforma 2200x1120mm', NULL, 17, 2, 1, 250, 250, 500, 500, 450, 0, 0, 0, '2022-05-25 11:49:02', '2022-05-25 11:49:02', NULL),
(1630, 72, 2000, 2003, 'RD132', 'Bloqueo de diferencial trasero', NULL, 19, 2, 1, 700, 1500, 1400, 2200, 1980, 0, 0, 0, '2022-05-25 11:49:02', '2022-05-25 11:49:02', NULL),
(1631, 38, 2000, 2003, 'RD90', 'Bloqueo de diferencial delantero', NULL, 19, 2, 1, 700, 1200, 1400, 1900, 1710, 0, 0, 0, '2022-05-25 11:49:02', '2022-05-25 11:49:02', NULL),
(1632, 74, 1998, 2017, '3424030', 'Bumper', NULL, 2, 2, 1, 650, 750, 1300, 1400, 1260, 0, 0, 0, '2022-05-25 11:49:02', '2022-05-25 11:49:02', NULL),
(1633, 74, 1998, 2017, 'OME-NS-JIMNY-1', 'Suspension Nitricharger Sport 40mm/40mm', NULL, 11, 4, 1, 500, 700, 1000, 1200, 1080, 0, 0, 0, '2022-05-25 11:49:02', '2022-05-25 11:49:02', NULL),
(1634, 74, 1998, 2017, '2863', 'Resortes delanteros Nitrocharger Sport no bumper', NULL, 11, 2, 1, 150, 150, 300, 300, 270, 0, 0, 0, '2022-05-25 11:49:02', '2022-05-25 11:49:02', NULL),
(1635, 74, 1998, 2017, '2865', 'Resortes delanteros Nitrocharger Sport para bumper', NULL, 11, 2, 1, 150, 150, 300, 300, 270, 0, 0, 0, '2022-05-25 11:49:02', '2022-05-25 11:49:02', NULL),
(1636, 74, 1998, 2017, 'OME028', 'Compensador delantero Nitrocharger Sport', NULL, 11, 2, 2, 50, 50, 100, 100, 90, 0, 0, 0, '2022-05-25 11:49:02', '2022-05-25 11:49:02', NULL),
(1637, 74, 1998, 2017, '2967', 'Resortes traseros Nitrocharger Sport ', NULL, 11, 2, 1, 150, 150, 300, 300, 270, 0, 0, 0, '2022-05-25 11:49:02', '2022-05-25 11:49:02', NULL),
(1638, 74, 1998, 2017, 'OME029', 'Compensador trasero Nitrocharger Sport', NULL, 11, 2, 2, 50, 50, 100, 100, 90, 0, 0, 0, '2022-05-25 11:49:02', '2022-05-25 11:49:02', NULL),
(1639, 74, 1998, 2017, 'SS820R', 'Snorkel', NULL, 12, 2, 1, 250, 400, 500, 650, 585, 0, 0, 0, '2022-05-25 11:49:02', '2022-05-25 11:49:02', NULL),
(1640, 74, 1998, 2017, '5424100', 'Planchas ', 'Solo le sirve al automático', 30, 2, 1, 175, 225, 350, 400, 360, 0, 0, 0, '2022-05-25 11:49:02', '2022-05-25 11:49:02', NULL),
(1641, 74, 1984, 2017, 'RD208', 'Bloqueo de diferencial trasero 1.3L', NULL, 19, 2, 1, 700, 1400, 1400, 2100, 1890, 0, 0, 0, '2022-05-25 11:49:02', '2022-05-25 11:49:02', NULL),
(1642, 74, 2003, 2017, 'RD206', 'Bloqueo de diferencial delantero 10 bolt', NULL, 19, 2, 1, 700, 1100, 1400, 1800, 1620, 0, 0, 0, '2022-05-25 11:49:02', '2022-05-25 11:49:02', NULL),
(1643, 74, 1998, 2003, 'RD207', 'Bloqueo de diferencial delantero 8 bolt', NULL, 19, 2, 1, 700, 1100, 1400, 1800, 1620, 0, 0, 0, '2022-05-25 11:49:02', '2022-05-25 11:49:02', NULL),
(1644, 75, 2018, 2022, '3424050', 'Bumper', NULL, 2, 2, 1, 850, 850, 1700, 1700, 1530, 0, 0, 0, '2022-05-25 11:49:02', '2022-05-25 11:49:02', NULL),
(1645, 75, 2018, 2022, 'OME-NS-JIMNY-18on', 'Suspension Nitricharger Sport 40mm/40mm', NULL, 11, 4, 1, 825, 925, 1650, 1750, 1575, 0, 0, 0, '2022-05-25 11:49:02', '2022-05-25 11:49:02', NULL),
(1646, 75, 2018, 2022, '3144', 'Resortes delanteros Nitrocharger Sport no bumper', NULL, 11, 2, 1, 150, 150, 300, 300, 270, 0, 0, 0, '2022-05-25 11:49:02', '2022-05-25 11:49:02', NULL),
(1647, 75, 2018, 2022, '3145', 'Resortes delanteros Nitrocharger Sport para bumper', NULL, 11, 2, 1, 150, 150, 300, 300, 270, 0, 0, 0, '2022-05-25 11:49:02', '2022-05-25 11:49:02', NULL),
(1648, 75, 2018, 2022, '60154', 'Compensador delantero Nitrocharger Sport', NULL, 11, 2, 2, 100, 100, 200, 200, 180, 0, 0, 0, '2022-05-25 11:49:02', '2022-05-25 11:49:02', NULL),
(1649, 75, 2018, 2022, '3146', 'Resortes delanteros Nitrocharger Sport ', NULL, 11, 2, 1, 150, 150, 300, 300, 270, 0, 0, 0, '2022-05-25 11:49:02', '2022-05-25 11:49:02', NULL),
(1650, 75, 2018, 2022, '60155', 'Compensador trasero Nitrocharger Sport', NULL, 11, 2, 2, 100, 100, 200, 200, 180, 0, 0, 0, '2022-05-25 11:49:02', '2022-05-25 11:49:02', NULL),
(1651, 75, 2018, 2022, 'OMECA001', 'Caster kit', NULL, 11, 2, 1, 100, 50, 200, 150, 135, 0, 0, 0, '2022-05-25 11:49:02', '2022-05-25 11:49:02', NULL),
(1652, 75, 2018, 2022, 'FK99', 'Extensión cable de freno', NULL, 11, 2, 1, 50, 50, 100, 100, 90, 0, 0, 0, '2022-05-25 11:49:02', '2022-05-25 11:49:02', NULL),
(1653, 75, 2018, 2022, '1770020', 'Base rack 1545x1285mm con deflector de aire', NULL, 15, 2, 1, 450, 1050, 900, 1500, 1350, 0, 0, 0, '2022-05-25 11:49:02', '2022-05-25 11:49:02', NULL),
(1654, 75, 2018, 2022, '17900020', 'Fit kit base rack 1545x1285mm', NULL, 15, 2, 1, 200, 150, 400, 350, 315, 0, 0, 0, '2022-05-25 11:49:02', '2022-05-25 11:49:02', NULL),
(1655, 75, 2018, 2022, '17900090', 'Deflector de aire base rack 1545x1285mm', NULL, 15, 2, 1, 100, 40, 200, 140, 126, 0, 0, 0, '2022-05-25 11:49:02', '2022-05-25 11:49:02', NULL),
(1656, 75, 2018, 2022, '1770070', 'Base rack 1255x1285mm con deflector de aire', NULL, 15, 2, 1, 300, 1000, 600, 1300, 1170, 0, 0, 0, '2022-05-25 11:49:02', '2022-05-25 11:49:02', NULL),
(1657, 75, 2018, 2022, '17900020', 'Fit kit base rack 1255x1285mm', NULL, 15, 2, 1, 200, 150, 400, 350, 315, 0, 0, 0, '2022-05-25 11:49:02', '2022-05-25 11:49:02', NULL),
(1658, 75, 2018, 2022, '17900090', 'Deflector de aire base rack 1255x1285mm', NULL, 15, 2, 1, 100, 40, 200, 140, 126, 0, 0, 0, '2022-05-25 11:49:03', '2022-05-25 11:49:03', NULL),
(1659, 75, 2018, 2022, '3800160', 'Canasta 1250x1020mm', NULL, 16, 2, 1, 400, 1000, 800, 1400, 1260, 0, 0, 0, '2022-05-25 11:49:03', '2022-05-25 11:49:03', NULL),
(1660, 75, 2018, 2022, '3700110', 'Fit kit 1250x1020mm', NULL, 16, 2, 1, 250, 250, 500, 500, 450, 0, 0, 0, '2022-05-25 11:49:03', '2022-05-25 11:49:03', NULL),
(1661, 75, 2018, 2022, '3800180', 'Plataforma 1330x1250mm', NULL, 17, 2, 1, 300, 900, 600, 1200, 1080, 0, 0, 0, '2022-05-25 11:49:03', '2022-05-25 11:49:03', NULL),
(1662, 75, 2018, 2022, '3700110', 'Fit kit 1330x1250mm', NULL, 17, 2, 1, 250, 250, 500, 500, 450, 0, 0, 0, '2022-05-25 11:49:03', '2022-05-25 11:49:03', NULL),
(1663, 75, 2018, 2022, '4424010', 'Rock Sliders', NULL, 23, 2, 1, 350, 650, 0, 1000, 900, 0, 0, 0, '2022-05-25 11:49:03', '2022-05-25 11:49:03', NULL),
(1664, 75, 2018, 2022, 'RD208', 'Bloqueo de diferencial trasero', NULL, 19, 2, 1, 700, 1400, 1400, 2100, 1890, 0, 0, 0, '2022-05-25 11:49:03', '2022-05-25 11:49:03', NULL),
(1665, 75, 2018, 2022, 'RD206', 'Bloqueo de dieferencial delantero', NULL, 19, 2, 1, 700, 1100, 1400, 1800, 1620, 0, 0, 0, '2022-05-25 11:49:03', '2022-05-25 11:49:03', NULL),
(1666, 76, 1984, 1996, '3424110', 'Bumper delantero Deluxe hasta 1996', NULL, 2, 2, 1, 700, 800, 1400, 1500, 1350, 0, 0, 0, '2022-05-25 11:49:03', '2022-05-25 11:49:03', NULL),
(1667, 76, 1984, 1996, 'OME-NS-SAMURAI84-96', 'Suspensión Nitrocharger Sport Sierra 40mm / 40mm', NULL, 11, 4, 1, 925, 975, 1850, 1900, 1710, 0, 0, 0, '2022-05-25 11:49:03', '2022-05-25 11:49:03', NULL),
(1668, 76, 1984, 1996, 'CS012FA', 'Hoja de Resorte delantera izquierda motor 1.0L no bumper', NULL, 11, 2, 1, 100, 100, 200, 200, 180, 0, 0, 0, '2022-05-25 11:49:03', '2022-05-25 11:49:03', NULL),
(1669, 76, 1984, 1996, 'CS012FB', 'Hoja de Resorte delantera derecha motor 1.0L no bumper', NULL, 11, 2, 1, 100, 100, 200, 200, 180, 0, 0, 0, '2022-05-25 11:49:03', '2022-05-25 11:49:03', NULL),
(1670, 76, 1984, 1996, 'CS013FA', 'Hoja de Resorte delantera izquierda motor 1.0L para bumper', NULL, 11, 2, 1, 100, 100, 200, 200, 180, 0, 0, 0, '2022-05-25 11:49:03', '2022-05-25 11:49:03', NULL),
(1671, 76, 1984, 1996, 'CS013FB', 'Hoja de Resorte delantera derecha motor 1.0L para bumper', NULL, 11, 2, 1, 100, 100, 200, 200, 180, 0, 0, 0, '2022-05-25 11:49:03', '2022-05-25 11:49:03', NULL),
(1672, 76, 1984, 1996, 'CS012FA', 'Hoja de Resorte delantera izquierda motor 1.3L no bumper', NULL, 11, 2, 1, 100, 100, 200, 200, 180, 0, 0, 0, '2022-05-25 11:49:03', '2022-05-25 11:49:03', NULL),
(1673, 76, 1984, 1996, 'CS012FB', 'Hoja de Resorte delantera derecha motor 1.3L no bumper', NULL, 11, 2, 1, 100, 100, 200, 200, 180, 0, 0, 0, '2022-05-25 11:49:03', '2022-05-25 11:49:03', NULL),
(1674, 76, 1984, 1996, 'CS013FA', 'Hoja de Resorte delantera izquierda motor 1.3L para bumper', NULL, 11, 2, 1, 100, 100, 200, 200, 180, 0, 0, 0, '2022-05-25 11:49:03', '2022-05-25 11:49:03', NULL),
(1675, 76, 1984, 1996, 'CS013FB', 'Hoja de Resorte delantera derecha motor 1.3L para bumper', NULL, 11, 2, 1, 100, 100, 200, 200, 180, 0, 0, 0, '2022-05-25 11:49:03', '2022-05-25 11:49:03', NULL),
(1676, 76, 1984, 1996, 'OME015', 'Compensador delantero Nitrocharge Sport motor 1.0L no bumper', NULL, 11, 2, 1, 50, 50, 100, 100, 90, 0, 0, 0, '2022-05-25 11:49:03', '2022-05-25 11:49:03', NULL),
(1677, 76, 1984, 1996, 'OME025', 'Compensador delantero Nitrocharge Sport motor 1.0L para bumper', NULL, 11, 2, 2, 50, 50, 100, 100, 90, 0, 0, 0, '2022-05-25 11:49:03', '2022-05-25 11:49:03', NULL),
(1678, 76, 1984, 1996, 'OME025', 'Compensador delantero Nitrocharge Sport motor 1.3L no bumper', NULL, 11, 2, 2, 50, 50, 100, 100, 90, 0, 0, 0, '2022-05-25 11:49:03', '2022-05-25 11:49:03', NULL),
(1679, 76, 1984, 1996, 'OME025', 'Compensador delantero Nitrocharge Sport motor 1.3L para bumper', NULL, 11, 2, 2, 50, 50, 100, 100, 90, 0, 0, 0, '2022-05-25 11:49:03', '2022-05-25 11:49:03', NULL),
(1680, 76, 1984, 1996, 'OMESD30', 'Compensador de Dirección Nitrocharger Sport', NULL, 11, 2, 1, 100, 100, 200, 200, 180, 0, 0, 0, '2022-05-25 11:49:03', '2022-05-25 11:49:03', NULL),
(1681, 76, 1984, 1996, 'OMESB19', 'Bushings delanteros y traseros para todos los modelos', NULL, 11, 4, 4, 50, 50, 100, 100, 90, 0, 0, 0, '2022-05-25 11:49:03', '2022-05-25 11:49:03', NULL),
(1682, 76, 1984, 1996, 'OMESB25', 'Bushings delanteros y traseros para LJ50', NULL, 11, 4, 4, 50, 50, 100, 100, 90, 0, 0, 0, '2022-05-25 11:49:03', '2022-05-25 11:49:03', NULL),
(1683, 76, 1988, 1996, 'OMEU61', 'Gasa delantera 1.3L', NULL, 11, 2, 1, 50, 50, 100, 100, 90, 0, 0, 0, '2022-05-25 11:49:03', '2022-05-25 11:49:03', NULL),
(1684, 76, 1988, 1996, 'OMEU61B', 'Gasa delantera 1.3L', NULL, 11, 2, 1, 50, 50, 100, 100, 90, 0, 0, 0, '2022-05-25 11:49:03', '2022-05-25 11:49:03', NULL),
(1685, 76, 1988, 1996, 'OMEU60', 'Gasa delantera 1.3L', NULL, 11, 2, 2, 50, 50, 100, 100, 90, 0, 0, 0, '2022-05-25 11:49:03', '2022-05-25 11:49:03', NULL),
(1686, 76, 1988, 1996, 'OMEU60', 'Gasa trasera 1.3L', NULL, 11, 2, 4, 50, 50, 100, 100, 90, 0, 0, 0, '2022-05-25 11:49:04', '2022-05-25 11:49:04', NULL),
(1687, 76, 1984, 1988, 'OMEU61', 'Gasa delantera 1.3L', NULL, 11, 2, 1, 50, 50, 100, 100, 90, 0, 0, 0, '2022-05-25 11:49:04', '2022-05-25 11:49:04', NULL),
(1688, 76, 1984, 1988, 'OMEU61B', 'Gasa delantera 1.3L', NULL, 11, 2, 1, 50, 50, 100, 100, 90, 0, 0, 0, '2022-05-25 11:49:04', '2022-05-25 11:49:04', NULL),
(1689, 76, 1984, 1988, 'OMEU62', 'Gasa delantera 1.3L', NULL, 11, 2, 2, 50, 50, 100, 100, 90, 0, 0, 0, '2022-05-25 11:49:04', '2022-05-25 11:49:04', NULL),
(1690, 76, 1984, 1988, 'OMEU62', 'Gasa trasera 1.3L', NULL, 11, 2, 4, 50, 50, 100, 100, 90, 0, 0, 0, '2022-05-25 11:49:04', '2022-05-25 11:49:04', NULL),
(1691, 76, 1981, 1987, 'OMEU61', 'Gasa delantera 1.0L', NULL, 11, 2, 1, 50, 50, 100, 100, 90, 0, 0, 0, '2022-05-25 11:49:04', '2022-05-25 11:49:04', NULL),
(1692, 76, 1981, 1987, 'OMEU61B', 'Gasa delantera 1.0L', NULL, 11, 2, 1, 50, 50, 100, 100, 90, 0, 0, 0, '2022-05-25 11:49:04', '2022-05-25 11:49:04', NULL),
(1693, 76, 1981, 1987, 'OMEU60', 'Gasa delantera 1.0L', NULL, 11, 2, 2, 50, 50, 100, 100, 90, 0, 0, 0, '2022-05-25 11:49:04', '2022-05-25 11:49:04', NULL),
(1694, 76, 1981, 1987, 'OMEU60', 'Gasa trasera 1.0L', NULL, 11, 2, 4, 50, 50, 100, 100, 90, 0, 0, 0, '2022-05-25 11:49:04', '2022-05-25 11:49:04', NULL),
(1695, 76, 1984, 1996, 'CS038R', 'Hoja de Resorte trasera', NULL, 11, 2, 2, 100, 100, 200, 200, 180, 0, 0, 0, '2022-05-25 11:49:04', '2022-05-25 11:49:04', NULL),
(1696, 76, 1984, 1996, 'OME013', 'Compensador trasero Nitrocharger Sport', NULL, 11, 2, 2, 50, 50, 100, 100, 90, 0, 0, 0, '2022-05-25 11:49:04', '2022-05-25 11:49:04', NULL),
(1697, 76, 1996, 2004, 'OME-NS-SAMURAI96-04', 'Suspensión Nitrocharger Sport Santana SWB & LWB 30-40mm / 40mm', NULL, 11, 4, 1, 1070, 1130, 2140, 2200, 1980, 0, 0, 0, '2022-05-25 11:49:04', '2022-05-25 11:49:04', NULL),
(1698, 76, 1996, 2004, 'CS012FA', 'Hoja de Resorte delantera izquierda motor 1.3L no bumper', NULL, 11, 2, 1, 100, 100, 200, 200, 180, 0, 0, 0, '2022-05-25 11:49:04', '2022-05-25 11:49:04', NULL),
(1699, 76, 1996, 2004, 'CS012FB', 'Hoja de Resorte delantera derecha motor 1.3L no bumper', NULL, 11, 2, 1, 100, 100, 200, 200, 180, 0, 0, 0, '2022-05-25 11:49:04', '2022-05-25 11:49:04', NULL),
(1700, 76, 1996, 2004, 'CS013FA', 'Hoja de Resorte delantera izquierda motor 1.3L para bumper', NULL, 11, 2, 1, 100, 100, 200, 200, 180, 0, 0, 0, '2022-05-25 11:49:04', '2022-05-25 11:49:04', NULL),
(1701, 76, 1996, 2004, 'CS013FB', 'Hoja de Resorte delantera derecha motor 1.3L para bumper', NULL, 11, 2, 1, 100, 100, 200, 200, 180, 0, 0, 0, '2022-05-25 11:49:04', '2022-05-25 11:49:04', NULL),
(1702, 76, 1996, 2004, 'CS012FA', 'Hoja de Resorte delantera izquierda motor 1.9L no bumper', NULL, 11, 2, 1, 100, 100, 200, 200, 180, 0, 0, 0, '2022-05-25 11:49:04', '2022-05-25 11:49:04', NULL),
(1703, 76, 1996, 2004, 'CS012FB', 'Hoja de Resorte delantera derecha motor 1.9L no bumper', NULL, 11, 2, 1, 100, 100, 200, 200, 180, 0, 0, 0, '2022-05-25 11:49:04', '2022-05-25 11:49:04', NULL),
(1704, 76, 1996, 2004, 'CS013FA', 'Hoja de Resorte delantera izquierda motor 1.9L para bumper', NULL, 11, 2, 1, 100, 100, 200, 200, 180, 0, 0, 0, '2022-05-25 11:49:04', '2022-05-25 11:49:04', NULL),
(1705, 76, 1996, 2004, 'CS013FB', 'Hoja de Resorte delantera derecha motor 1.9L para bumper', NULL, 11, 2, 1, 100, 100, 200, 200, 180, 0, 0, 0, '2022-05-25 11:49:04', '2022-05-25 11:49:04', NULL),
(1706, 76, 1996, 2004, 'OME034', 'Compensador delantero Nitrocharge Sport ', NULL, 11, 2, 2, 100, 100, 200, 200, 180, 0, 0, 0, '2022-05-25 11:49:04', '2022-05-25 11:49:04', NULL),
(1707, 76, 1996, 2004, 'OMESD30', 'Compensador de Dirección Nitrocharger Sport', NULL, 11, 2, 1, 100, 100, 200, 200, 180, 0, 0, 0, '2022-05-25 11:49:04', '2022-05-25 11:49:04', NULL),
(1708, 76, 1996, 2004, 'OMESB19', 'Bushings delanteros y traseros', NULL, 11, 4, 2, 50, 50, 100, 100, 90, 0, 0, 0, '2022-05-25 11:49:04', '2022-05-25 11:49:04', NULL),
(1709, 76, 1996, 2004, 'OMEU60', 'Gasa delantera izquierda', NULL, 11, 2, 2, 50, 50, 100, 100, 90, 0, 0, 0, '2022-05-25 11:49:04', '2022-05-25 11:49:04', NULL),
(1710, 76, 1996, 2004, 'OMEU61', 'Gasa delantera derecha', NULL, 11, 2, 2, 50, 50, 100, 100, 90, 0, 0, 0, '2022-05-25 11:49:04', '2022-05-25 11:49:04', NULL),
(1711, 76, 1996, 2004, 'OMEU60', 'Gasa trasera', NULL, 11, 2, 4, 50, 50, 100, 100, 90, 0, 0, 0, '2022-05-25 11:49:04', '2022-05-25 11:49:04', NULL),
(1712, 76, 1996, 2004, 'CS038R', 'Hoja de Resorte trasera', NULL, 11, 2, 2, 100, 100, 200, 200, 180, 0, 0, 0, '2022-05-25 11:49:04', '2022-05-25 11:49:04', NULL),
(1713, 76, 1996, 2004, 'OME035', 'Compensador trasero Nitrocharger Sport', NULL, 11, 2, 2, 100, 100, 200, 200, 180, 0, 0, 0, '2022-05-25 11:49:04', '2022-05-25 11:49:04', NULL),
(1714, 76, 1984, 2004, 'SS810R', 'Snorkel', NULL, 12, 2, 1, 250, 400, 500, 650, 585, 0, 0, 0, '2022-05-25 11:49:04', '2022-05-25 11:49:04', NULL),
(1715, 76, 1972, 2004, 'RD208', 'Bloqueo de diferencial trasero', NULL, 19, 2, 1, 700, 1400, 1400, 2100, 1890, 0, 0, 0, '2022-05-25 11:49:04', '2022-05-25 11:49:04', NULL),
(1716, 76, 1960, 2004, 'RD205', 'Bloqueo de diferencial delantero', NULL, 19, 2, 1, 700, 1200, 1400, 1900, 1710, 0, 0, 0, '2022-05-25 11:49:04', '2022-05-25 11:49:04', NULL),
(1717, 77, 2006, 2008, '3426040', 'Bumper delantero Deluxe ', NULL, 2, 2, 1, 1200, 1200, 2400, 2400, 2160, 0, 0, 0, '2022-05-25 11:49:05', '2022-05-25 11:49:05', NULL),
(1718, 77, 2009, 2011, '342650', 'Bumper delantero Deluxe ', NULL, 2, 2, 1, 1200, 1200, 2400, 2400, 2160, 0, 0, 0, '2022-05-25 11:49:05', '2022-05-25 11:49:05', NULL),
(1719, 77, 2012, 2022, '3426060', 'Bumper delantero Deluxe ', NULL, 2, 2, 1, 1200, 1200, 2400, 2400, 2160, 0, 0, 0, '2022-05-25 11:49:05', '2022-05-25 11:49:05', NULL),
(1720, 77, 2006, 2022, '6821201', 'Halógenos neblineros', NULL, 25, 3, 1, 100, 150, 200, 250, 225, 0, 0, 0, '2022-05-25 11:49:05', '2022-05-25 11:49:05', NULL),
(1721, 77, 2000, 2005, 'OME-NS-VITARA-2005', 'Suspension Nitrocharger Sport 30mm/30mm', NULL, 11, 4, 1, 760, 890, 1520, 1650, 1485, 0, 0, 0, '2022-05-25 11:49:05', '2022-05-25 11:49:05', NULL),
(1722, 77, 2000, 2005, '2959', 'Resortes delanteros no bumper', NULL, 11, 2, 1, 350, -50, 700, 300, 270, 0, 0, 0, '2022-05-25 11:49:05', '2022-05-25 11:49:05', NULL),
(1723, 77, 2000, 2005, '2962', 'Resortes delanteros para bumper', NULL, 11, 2, 1, 150, 150, 300, 300, 270, 0, 0, 0, '2022-05-25 11:49:05', '2022-05-25 11:49:05', NULL),
(1724, 77, 2000, 2005, 'N103S', 'Compensador delantero Nitrocharger Sport ', NULL, 11, 2, 2, 150, 110, 300, 260, 234, 0, 0, 0, '2022-05-25 11:49:05', '2022-05-25 11:49:05', NULL),
(1725, 77, 2000, 2005, '2961', 'Resortes traseros', NULL, 11, 2, 1, 150, 150, 300, 300, 270, 0, 0, 0, '2022-05-25 11:49:05', '2022-05-25 11:49:05', NULL),
(1726, 77, 2000, 2005, 'N105', 'Compensador trasero Nitrocharger Sport ', NULL, 11, 2, 2, 100, 100, 200, 200, 180, 0, 0, 0, '2022-05-25 11:49:05', '2022-05-25 11:49:05', NULL),
(1727, 77, 2005, 2015, 'OME-NS-VITARA-2005-ON', 'Suspension Nitrocharger Sport 20mm/20mm', NULL, 11, 4, 1, 700, 950, 1400, 1650, 1485, 0, 0, 0, '2022-05-25 11:49:05', '2022-05-25 11:49:05', NULL),
(1728, 77, 2005, 2015, '2623', 'Resortes delanteros no bumper', NULL, 11, 2, 1, 150, 150, 300, 300, 270, 0, 0, 0, '2022-05-25 11:49:05', '2022-05-25 11:49:05', NULL),
(1729, 77, 2005, 2015, '2624', 'Resortes delanteros para bumper', NULL, 11, 2, 1, 150, 150, 300, 300, 270, 0, 0, 0, '2022-05-25 11:49:05', '2022-05-25 11:49:05', NULL),
(1730, 77, 2005, 2015, 'N217S', 'Compensador delantero Nitrocharger Sport izquierdo', NULL, 11, 2, 1, 150, 150, 300, 300, 270, 0, 0, 0, '2022-05-25 11:49:05', '2022-05-25 11:49:05', NULL),
(1731, 77, 2005, 2015, 'N218S', 'Compensador delantero Nitrocharger Sport derecho', NULL, 11, 2, 1, 150, 150, 300, 300, 270, 0, 0, 0, '2022-05-25 11:49:05', '2022-05-25 11:49:05', NULL),
(1732, 77, 2005, 2015, '2625', 'Resortes traseros', NULL, 11, 2, 1, 150, 150, 300, 300, 270, 0, 0, 0, '2022-05-25 11:49:05', '2022-05-25 11:49:05', NULL),
(1733, 77, 2005, 2015, 'OME036', 'Compensador trasero Nitrocharger Sport ', NULL, 11, 2, 2, 50, 50, 100, 100, 90, 0, 0, 0, '2022-05-25 11:49:05', '2022-05-25 11:49:05', NULL),
(1734, 77, 2008, 2022, 'SS860HF', 'Snorkel gasolina V6 ', NULL, 12, 2, 1, 400, 450, 800, 850, 765, 0, 0, 0, '2022-05-25 11:49:05', '2022-05-25 11:49:05', NULL);
